000
CXUS56 KSGX 050706
CF6MYF
PRELIMINARY LOCAL CLIMATOLOGICAL DATA (WS FORM: F-6)
STATION: SAN DIEGO/MONTGOMERY FLD CA
MONTH: JANUARY
YEAR: 2024
LATITUDE: 32 49 N
LONGITUDE: 117 9 W
TEMPERATURE IN F: :PCPN: SNOW: WIND :SUNSHINE: SKY :PK WND
================================================================================
1 2 3 4 5 6A 6B 7 8 9 10 11 12 13 14 15 16 17 18
12Z AVG MX 2MIN
DY MAX MIN AVG DEP HDD CDD WTR SNW DPTH SPD SPD DIR MIN PSBL S-S WX SPD DR
================================================================================
1 65 46 56 0 9 0 0.00 M M 3.1 13 310 M M 0 1 15 300
2 65 42 54 -2 11 0 0.00 M M 3.3 12 270 M M 1 14 310
3 60 49 55 -1 10 0 0.23 M M 6.2 18 280 M M 6 18 27 280
4 62 41 52 -4 13 0 0.00 M M 3.5 12 270 M M 0 16 260
5 66 41 54 -2 11 0 0.00 M M 2.8 10 340 M M 0 13 330
6 67 39 53 -3 12 0 0.00 M M 4.6 13 240 M M 1 16 250
7 59 42 51 -6 14 0 0.12 M M 12.1 23 310 M M 3 1 30 310
8 61 35 48 -9 17 0 0.00 M M 4.2 14 290 M M 0 16 300
9 64 36 50 -7 15 0 0.00 M M 2.8 10 290 M M 0 14 290
10 61 40 51 -6 14 0 T M M 6.2 14 270 M M 6 19 270
11 62 41 52 -5 13 0 0.09 M M 8.9 21 270 M M 4 18 29 260
12 64 38 51 -6 14 0 0.00 M M 3.2 12 270 M M 0 15 300
13 64 39 52 -5 13 0 0.00 M M 2.4 12 240 M M 0 15 230
14 61 42 52 -5 13 0 0.00 M M 3.2 9 240 M M 4 11 260
15 65 41 53 -4 12 0 0.00 M M 3.0 10 290 M M 0 18 13 300
16 71 48 60 3 5 0 T M M 3.9 14 280 M M 4 128 17 280
17 63 51 57 0 8 0 0.00 M M 4.2 13 310 M M 7 18 17 310
18 68 46 57 0 8 0 0.00 M M 3.5 12 330 M M 0 1 15 290
19 71 49 60 3 5 0 0.00 M M 2.7 12 290 M M 1 128 15 300
20 60 50 55 -2 10 0 0.33 M M 4.6 12 130 M M 8 18 14 130
21 61 54 58 1 7 0 0.26 M M 6.4 12 190 M M 10 18 15 190
22 60 56 58 1 7 0 2.04 M M 8.9 15 300 M M 10 18 18 300
23 M M M M M M 0.39 M M 6.3 14 230 M M 8 1 17 240
24 M M M M M M 0.00 M M 3.3 10 240 M M 5 13 250
25 M M M M M M T M M 4.0 9 310 M M 9 8 13 260
26 M M M M M M 0.00 M M 3.9 16 290 M M 0 18 300
27 M M M M M M 0.00 M M 3.4 10 260 M M 0 13 260
28 M M M M M M 0.00 M M 3.8 12 320 M M 0 14 330
29 M M M M M M 0.00 M M 3.0 12 280 M M 0 14 300
30 M M M M M M 0.00 M M 2.2 12 250 M M 0 15 270
31 M M M M M M 0.00 M M 4.7 14 200 M M 1 18 17 190
================================================================================
SM 1400 966 241 0 3.46 M 138.3 M 88
================================================================================
AV 63.6 43.9 4.5 FASTST M M 3 MAX(MPH)
MISC ----> 23 310 30 310
================================================================================
NOTES:
# LAST OF SEVERAL OCCURRENCES
COLUMN 17 PEAK WIND IN M.P.H.
PRELIMINARY LOCAL CLIMATOLOGICAL DATA (WS FORM: F-6) , PAGE 2
STATION: SAN DIEGO/MONTGOMERY FLD CA
MONTH: JANUARY
YEAR: 2024
LATITUDE: 32 49 N
LONGITUDE: 117 9 W
[TEMPERATURE DATA] [PRECIPITATION DATA] SYMBOLS USED IN COLUMN 16
AVERAGE MONTHLY: 53.8 TOTAL FOR MONTH: 3.46 1 = FOG OR MIST
DPTR FM NORMAL: -2.8 DPTR FM NORMAL: 1.14 2 = FOG REDUCING VISIBILITY
HIGHEST: 71 ON 19,16 GRTST 24HR 2.04 ON 22-22 TO 1/4 MILE OR LESS
LOWEST: 35 ON 8 3 = THUNDER
SNOW, ICE PELLETS, HAIL 4 = ICE PELLETS
TOTAL MONTH: 0.0 INCH 5 = HAIL
GRTST 24HR M ON M 6 = FREEZING RAIN OR DRIZZLE
GRTST DEPTH: 0 7 = DUSTSTORM OR SANDSTORM:
VSBY 1/2 MILE OR LESS
8 = SMOKE OR HAZE
[NO. OF DAYS WITH] [WEATHER - DAYS WITH] 9 = BLOWING SNOW
X = TORNADO
MAX 32 OR BELOW: 0 0.01 INCH OR MORE: 7
MAX 90 OR ABOVE: 0 0.10 INCH OR MORE: 6
MIN 32 OR BELOW: 0 0.50 INCH OR MORE: 1
MIN 0 OR BELOW: 0 1.00 INCH OR MORE: 1
[HDD (BASE 65) ]
TOTAL THIS MO. 241 CLEAR (SCALE 0-3) 19
DPTR FM NORMAL -22 PTCLDY (SCALE 4-7) 9
TOTAL FM JUL 1 497 CLOUDY (SCALE 8-10) 3
DPTR FM NORMAL -197
[CDD (BASE 65) ]
TOTAL THIS MO. 0
DPTR FM NORMAL -4 [PRESSURE DATA]
TOTAL FM JAN 1 0 HIGHEST SLP 30.31 ON 8
DPTR FM NORMAL -4 LOWEST SLP 29.72 ON 22
[REMARKS]
#FINAL-01-24#