000
CXUS56 KSGX 011145
CF6MYF
PRELIMINARY LOCAL CLIMATOLOGICAL DATA (WS FORM: F-6)
STATION: SAN DIEGO/MONTGOMERY FLD CA
MONTH: DECEMBER
YEAR: 2023
LATITUDE: 32 49 N
LONGITUDE: 117 9 W
TEMPERATURE IN F: :PCPN: SNOW: WIND :SUNSHINE: SKY :PK WND
================================================================================
1 2 3 4 5 6A 6B 7 8 9 10 11 12 13 14 15 16 17 18
12Z AVG MX 2MIN
DY MAX MIN AVG DEP HDD CDD WTR SNW DPTH SPD SPD DIR MIN PSBL S-S WX SPD DR
================================================================================
1 67 47 57 -1 8 0 0.01 M M 4.2 15 300 M M 1 1 21 280
2 68 43 56 -1 9 0 0.00 M M 2.9 12 250 M M 0 13 250
3 70 43 57 0 8 0 0.00 M M 2.9 12 280 M M 0 18 14 290
4 72 46 59 2 6 0 0.00 M M 3.4 10 300 M M 0 8 13 310
5 81 49 65 8 0 0 0.00 M M 2.7 12 310 M M 0 15 280
6 74 49 62 5 3 0 0.00 M M 3.0 10 250 M M 1 128 13 250
7 66 48 57 0 8 0 0.00 M M 3.3 12 300 M M 5 128 15 270
8 67 45 56 0 9 0 0.00 M M 3.7 12 300 M M 1 18 15 240
9 76 44 60 4 5 0 0.00 M M 3.1 13 220 M M 0 17 160
10 75 43 59 3 6 0 0.00 M M 3.8 13 340 M M 0 17 310
11 73 46 60 4 5 0 0.00 M M 2.4 9 260 M M 1 128 11 260
12 64 46 55 -1 10 0 0.00 M M 4.2 13 190 M M 5 128 17 200
13 67 49 58 2 7 0 0.00 M M 3.0 10 310 M M 3 18 13 310
14 73 44 59 3 6 0 0.00 M M 4.0 14 340 M M 0 16 300
15 81 44 63 7 2 0 0.00 M M 2.3 12 320 M M 0 13 320
16 80 47 64 8 1 0 0.00 M M 2.8 15 310 M M 0 17 310
17 76 46 61 5 4 0 0.00 M M 3.3 9 350 M M 0 11 330
18 76 50 63 7 2 0 0.00 M M 3.7 9 260 M M 3 12 100
19 71 54 63 7 2 0 0.00 M M 3.0 10 250 M M 7 14 270
20 69 54 62 6 3 0 0.02 M M 6.2 16 200 M M 6 1 22 180
21 71 54 63 7 2 0 0.13 M M 6.5 24 240 M M 4 13 36 240
22 64 51 58 2 7 0 0.35 M M 3.3 21 190 M M 4 13 27 190
23 64 50 57 1 8 0 T M M 4.5 13 250 M M 7 16 230
24 67 49 58 2 7 0 0.00 M M 3.5 13 310 M M 4 1 15 300
25 67 46 57 1 8 0 0.00 M M 2.7 12 310 M M 3 12 15 290
26 71 47 59 3 6 0 0.00 M M 3.3 13 330 M M 0 128 15 310
27 67 47 57 1 8 0 0.00 M M 3.2 12 280 M M 4 128 14 340
28 65 48 57 1 8 0 0.00 M M 4.4 12 330 M M 2 18 14 300
29 66 48 57 1 8 0 0.00 M M 2.3 9 260 M M 4 128 12 260
30 61 50 56 0 9 0 0.13 0.0 0 5.6 13 260 M M 8 18 18 270
31 61 50 56 0 9 0 0.01 0.0 0 2.9 9 10 M M 6 1 10 20
================================================================================
SM 2170 1477 184 0 0.65 0.0 110.1 M 79
================================================================================
AV 70.0 47.6 3.6 FASTST M M 3 MAX(MPH)
MISC ----> 24 240 36 240
================================================================================
NOTES:
# LAST OF SEVERAL OCCURRENCES
COLUMN 17 PEAK WIND IN M.P.H.
PRELIMINARY LOCAL CLIMATOLOGICAL DATA (WS FORM: F-6) , PAGE 2
STATION: SAN DIEGO/MONTGOMERY FLD CA
MONTH: DECEMBER
YEAR: 2023
LATITUDE: 32 49 N
LONGITUDE: 117 9 W
[TEMPERATURE DATA] [PRECIPITATION DATA] SYMBOLS USED IN COLUMN 16
AVERAGE MONTHLY: 58.8 TOTAL FOR MONTH: 0.65 1 = FOG OR MIST
DPTR FM NORMAL: 2.5 DPTR FM NORMAL: -0.96 2 = FOG REDUCING VISIBILITY
HIGHEST: 81 ON 15, 5 GRTST 24HR 0.48 ON 21-22 TO 1/4 MILE OR LESS
LOWEST: 43 ON 10, 3 3 = THUNDER
SNOW, ICE PELLETS, HAIL 4 = ICE PELLETS
TOTAL MONTH: 0.0 INCH 5 = HAIL
GRTST 24HR 0.0 6 = FREEZING RAIN OR DRIZZLE
GRTST DEPTH: 0 7 = DUSTSTORM OR SANDSTORM:
VSBY 1/2 MILE OR LESS
8 = SMOKE OR HAZE
[NO. OF DAYS WITH] [WEATHER - DAYS WITH] 9 = BLOWING SNOW
X = TORNADO
MAX 32 OR BELOW: 0 0.01 INCH OR MORE: 6
MAX 90 OR ABOVE: 0 0.10 INCH OR MORE: 3
MIN 32 OR BELOW: 0 0.50 INCH OR MORE: 0
MIN 0 OR BELOW: 0 1.00 INCH OR MORE: 0
[HDD (BASE 65) ]
TOTAL THIS MO. 184 CLEAR (SCALE 0-3) 18
DPTR FM NORMAL -88 PTCLDY (SCALE 4-7) 13
TOTAL FM JUL 1 256 CLOUDY (SCALE 8-10) 0
DPTR FM NORMAL -183
[CDD (BASE 65) ]
TOTAL THIS MO. 0
DPTR FM NORMAL -2 [PRESSURE DATA]
TOTAL FM JAN 1 888 HIGHEST SLP 30.24 ON 3
DPTR FM NORMAL -130 LOWEST SLP 29.82 ON 21
[REMARKS]
#FINAL-12-23#