000
CXUS56 KSGX 011245
CF6MYF
PRELIMINARY LOCAL CLIMATOLOGICAL DATA (WS FORM: F-6)
STATION: SAN DIEGO/MONTGOMERY FLD CA
MONTH: AUGUST
YEAR: 2020
LATITUDE: 32 49 N
LONGITUDE: 117 9 W
TEMPERATURE IN F: :PCPN: SNOW: WIND :SUNSHINE: SKY :PK WND
================================================================================
1 2 3 4 5 6A 6B 7 8 9 10 11 12 13 14 15 16 17 18
12Z AVG MX 2MIN
DY MAX MIN AVG DEP HDD CDD WTR SNW DPTH SPD SPD DIR MIN PSBL S-S WX SPD DR
================================================================================
1 84 67 76 4 0 11 0.00 0.0 0 5.1 12 210 M M 0 16 210
2 82 62 72 0 0 7 0.00 0.0 0 4.4 13 190 M M 4 128 16 240
3 79 65 72 0 0 7 0.00 0.0 0 5.8 13 210 M M 2 18 17 190
4 78 64 71 -2 0 6 0.00 0.0 0 5.2 12 260 M M 5 18 17 220
5 76 65 71 -2 0 6 0.00 0.0 0 5.5 13 240 M M 6 17 270
6 76 64 70 -3 0 5 0.00 0.0 0 6.0 14 260 M M 4 18 210
7 81 63 72 -1 0 7 0.00 0.0 0 5.9 13 290 M M 3 20 250
8 82 65 74 1 0 9 0.00 0.0 0 5.9 13 300 M M 3 18 310
9 81 66 74 1 0 9 0.00 0.0 0 5.8 13 300 M M 5 16 300
10 81 66 74 1 0 9 0.00 0.0 0 6.1 12 320 M M 4 18 280
11 79 65 72 -1 0 7 0.00 0.0 0 7.0 13 280 M M 4 8 19 290
12 86 63 75 2 0 10 0.00 0.0 0 4.6 12 240 M M 3 128 16 270
13 94 71 83 10 0 18 0.00 0.0 0 5.5 15 310 M M 0 20 320
14 97 69 83 10 0 18 0.00 0.0 0 5.3 13 280 M M 0 16 290
15 92 74 83 10 0 18 0.00 0.0 0 5.2 12 260 M M 0 16 210
16 87 72 80 7 0 15 0.00 0.0 0 5.2 17 190 M M 0 23 200
17 91 71 81 8 0 16 0.00 0.0 0 4.7 12 240 M M 0 18 16 240
18 99 72 86 13 0 21 0.00 0.0 0 4.6 15 190 M M 0 19 220
19 89 73 81 8 0 16 0.00 0.0 0 5.1 12 210 M M 0 8 14 240
20 91 71 81 8 0 16 0.00 0.0 0 4.5 16 220 M M 2 18 20 200
21 92 70 81 8 0 16 0.00 0.0 0 4.6 16 220 M M 0 8 22 220
22 90 76 83 10 0 18 0.00 0.0 0 5.7 16 190 M M 0 20 170
23 92 75 84 11 0 19 0.00 0.0 0 5.1 14 240 M M 1 17 310
24 86 73 80 7 0 15 0.00 0.0 0 7.8 16 280 M M 5 8 21 300
25 86 72 79 6 0 14 0.00 0.0 0 7.9 14 310 M M 4 18 18 300
26 86 70 78 5 0 13 0.00 0.0 0 7.5 13 300 M M 4 18 17 310
27 89 69 79 6 0 14 0.00 0.0 0 6.5 15 340 M M 3 128 21 300
28 83 68 76 3 0 11 0.00 0.0 0 6.9 13 290 M M 4 18 16 280
29 82 67 75 2 0 10 0.00 0.0 0 5.4 12 290 M M 4 18 280
30 81 67 74 1 0 9 0.00 0.0 0 5.3 13 280 M M 4 19 280
31 79 66 73 0 0 8 0.00 0.0 0 6.0 15 240 M M 6 21 290
================================================================================
SM 2651 2121 0 378 0.00 0.0 176.1 M 80
================================================================================
AV 85.5 68.4 5.7 FASTST M M 3 MAX(MPH)
MISC ----> # 17 190 # 23 200
================================================================================
NOTES:
# LAST OF SEVERAL OCCURRENCES
COLUMN 17 PEAK WIND IN M.P.H.
PRELIMINARY LOCAL CLIMATOLOGICAL DATA (WS FORM: F-6) , PAGE 2
STATION: SAN DIEGO/MONTGOMERY FLD CA
MONTH: AUGUST
YEAR: 2020
LATITUDE: 32 49 N
LONGITUDE: 117 9 W
[TEMPERATURE DATA] [PRECIPITATION DATA] SYMBOLS USED IN COLUMN 16
AVERAGE MONTHLY: 77.0 TOTAL FOR MONTH: 0.00 1 = FOG OR MIST
DPTR FM NORMAL: 4.0 DPTR FM NORMAL: -0.05 2 = FOG REDUCING VISIBILITY
HIGHEST: 99 ON 18 GRTST 24HR 0.00 ON 31-31 TO 1/4 MILE OR LESS
LOWEST: 62 ON 2 3 = THUNDER
SNOW, ICE PELLETS, HAIL 4 = ICE PELLETS
TOTAL MONTH: 0.0 INCH 5 = HAIL
GRTST 24HR 0.0 6 = FREEZING RAIN OR DRIZZLE
GRTST DEPTH: 0 7 = DUSTSTORM OR SANDSTORM:
VSBY 1/2 MILE OR LESS
8 = SMOKE OR HAZE
[NO. OF DAYS WITH] [WEATHER - DAYS WITH] 9 = BLOWING SNOW
X = TORNADO
MAX 32 OR BELOW: 0 0.01 INCH OR MORE: 0
MAX 90 OR ABOVE: 9 0.10 INCH OR MORE: 0
MIN 32 OR BELOW: 0 0.50 INCH OR MORE: 0
MIN 0 OR BELOW: 0 1.00 INCH OR MORE: 0
[HDD (BASE 65) ]
TOTAL THIS MO. 0 CLEAR (SCALE 0-3) 16
DPTR FM NORMAL 0 PTCLDY (SCALE 4-7) 15
TOTAL FM JUL 1 0 CLOUDY (SCALE 8-10) 0
DPTR FM NORMAL -1
[CDD (BASE 65) ]
TOTAL THIS MO. 378
DPTR FM NORMAL 131 [PRESSURE DATA]
TOTAL FM JAN 1 966 HIGHEST SLP M ON M
DPTR FM NORMAL 408 LOWEST SLP 29.65 ON M
[REMARKS]
#FINAL-08-20#