000
CXUS56 KSGX 011245
CF6MYF
PRELIMINARY LOCAL CLIMATOLOGICAL DATA (WS FORM: F-6)
STATION: SAN DIEGO/MONTGOMERY FLD CA
MONTH: FEBRUARY
YEAR: 2020
LATITUDE: 32 49 N
LONGITUDE: 117 9 W
TEMPERATURE IN F: :PCPN: SNOW: WIND :SUNSHINE: SKY :PK WND
================================================================================
1 2 3 4 5 6A 6B 7 8 9 10 11 12 13 14 15 16 17 18
12Z AVG MX 2MIN
DY MAX MIN AVG DEP HDD CDD WTR SNW DPTH SPD SPD DIR MIN PSBL S-S WX SPD DR
================================================================================
1 83 48 66 11 0 1 0.00 0.0 0 4.3 12 340 M M 0 14 310
2 69 50 60 5 5 0 T 0.0 0 6.9 16 170 M M 3 20 260
3 63 49 56 1 9 0 0.01 M 0 7.4 20 270 M M 6 24 290
4 62 39 51 -4 14 0 0.00 0.0 0 5.8 17 310 M M 0 20 320
5 62 34 48 -7 17 0 0.00 0.0 0 4.3 14 300 M M 0 18 230
6 65 41 53 -2 12 0 0.00 0.0 0 2.8 10 230 M M 0 12 220
7 68 42 55 -1 10 0 0.00 0.0 0 3.8 12 280 M M 0 18 16 270
8 70 45 58 2 7 0 0.00 0.0 0 4.4 12 220 M M 3 18 14 220
9 57 51 54 -2 11 0 0.02 0.0 0 8.8 16 220 M M 9 18 21 230
10 59 48 54 -2 11 0 0.18 M 0 4.4 12 240 M M 6 1 13 230
11 67 43 55 -1 10 0 0.00 0.0 0 5.0 15 260 M M 0 20 220
12 65 42 54 -2 11 0 0.00 0.0 0 3.5 13 250 M M 0 16 260
13 69 42 56 0 9 0 0.00 0.0 0 3.8 12 310 M M 0 1 15 250
14 67 45 56 0 9 0 0.00 0.0 0 4.2 12 280 M M 2 128 14 290
15 70 43 57 1 8 0 0.00 0.0 0 3.8 13 340 M M 0 16 340
16 70 45 58 2 7 0 0.00 0.0 0 3.4 12 230 M M 1 128 14 220
17 68 49 59 3 6 0 0.00 0.0 0 2.8 10 290 M M 4 128 13 220
18 67 55 61 5 4 0 0.00 0.0 0 4.0 10 240 M M 6 8 14 230
19 67 53 60 4 5 0 0.00 0.0 0 3.9 12 300 M M 5 18 19 290
20 77 49 63 7 2 0 0.00 0.0 0 3.1 9 290 M M 0 18 12 290
21 73 51 62 6 3 0 T 0.0 0 5.7 13 170 M M 2 18 18 230
22 62 53 58 1 7 0 0.18 0.0 0 6.4 18 260 M M 7 13 23 250
23 64 51 58 1 7 0 T 0.0 0 5.7 13 270 M M 5 15 290
24 69 49 59 2 6 0 0.00 0.0 0 4.1 14 300 M M 3 18 17 290
25 83 49 66 9 0 1 0.00 0.0 0 4.6 18 360 M M 0 18 26 350
26 78 50 64 7 1 0 0.00 0.0 0 4.8 14 230 M M 0 19 230
27 86 50 68 11 0 3 0.00 0.0 0 3.6 12 320 M M 0 13 310
28 84 54 69 12 0 4 0.00 0.0 0 6.2 18 210 M M 0 22 200
29 69 49 59 2 6 0 0.00 0.0 0 6.4 16 220 M M 3 21 200
================================================================================
SM 2013 1369 197 9 0.39 0.0 137.9 M 65
================================================================================
AV 69.4 47.2 4.8 FASTST M M 2 MAX(MPH)
MISC ----> # 20 270 # 26 350
================================================================================
NOTES:
# LAST OF SEVERAL OCCURRENCES
COLUMN 17 PEAK WIND IN M.P.H.
PRELIMINARY LOCAL CLIMATOLOGICAL DATA (WS FORM: F-6) , PAGE 2
STATION: SAN DIEGO/MONTGOMERY FLD CA
MONTH: FEBRUARY
YEAR: 2020
LATITUDE: 32 49 N
LONGITUDE: 117 9 W
[TEMPERATURE DATA] [PRECIPITATION DATA] SYMBOLS USED IN COLUMN 16
AVERAGE MONTHLY: 58.3 TOTAL FOR MONTH: 0.39 1 = FOG OR MIST
DPTR FM NORMAL: 2.3 DPTR FM NORMAL: -1.92 2 = FOG REDUCING VISIBILITY
HIGHEST: 86 ON 27 GRTST 24HR 0.18 ON 22-22 TO 1/4 MILE OR LESS
LOWEST: 34 ON 5 3 = THUNDER
SNOW, ICE PELLETS, HAIL 4 = ICE PELLETS
TOTAL MONTH: 0.0 INCH 5 = HAIL
GRTST 24HR 0.0 6 = FREEZING RAIN OR DRIZZLE
GRTST DEPTH: 0 7 = DUSTSTORM OR SANDSTORM:
VSBY 1/2 MILE OR LESS
8 = SMOKE OR HAZE
[NO. OF DAYS WITH] [WEATHER - DAYS WITH] 9 = BLOWING SNOW
X = TORNADO
MAX 32 OR BELOW: 0 0.01 INCH OR MORE: 4
MAX 90 OR ABOVE: 0 0.10 INCH OR MORE: 2
MIN 32 OR BELOW: 0 0.50 INCH OR MORE: 0
MIN 0 OR BELOW: 0 1.00 INCH OR MORE: 0
[HDD (BASE 65) ]
TOTAL THIS MO. 197 CLEAR (SCALE 0-3) 20
DPTR FM NORMAL -56 PTCLDY (SCALE 4-7) 8
TOTAL FM JUL 1 790 CLOUDY (SCALE 8-10) 1
DPTR FM NORMAL -287
[CDD (BASE 65) ]
TOTAL THIS MO. 9
DPTR FM NORMAL 7 [PRESSURE DATA]
TOTAL FM JAN 1 9 HIGHEST SLP 30.30 ON 23
DPTR FM NORMAL 5 LOWEST SLP 29.78 ON 10
[REMARKS]
#FINAL-02-20#