647
CXUS55 KBOI 011002
CF6MYL
PRELIMINARY LOCAL CLIMATOLOGICAL DATA (WS FORM: F-6)
STATION: MCCALL ID
MONTH: JUNE
YEAR: 2020
LATITUDE: 44 52 N
LONGITUDE: 116 6 W
TEMPERATURE IN F: :PCPN: SNOW: WIND :SUNSHINE: SKY :PK WND
================================================================================
1 2 3 4 5 6A 6B 7 8 9 10 11 12 13 14 15 16 17 18
12Z AVG MX 2MIN
DY MAX MIN AVG DEP HDD CDD WTR SNW DPTH SPD SPD DIR MIN PSBL S-S WX SPD DR
================================================================================
1 60 45 53 4 12 0 0.01 M M 5.2 13 10 M M 5 15 360
2 72 38 55 5 10 0 0.00 M M 3.9 15 190 M M 1 18 200
3 71 46 59 9 6 0 0.00 M M 4.0 14 260 M M 1 20 270
4 70 47 59 9 6 0 0.00 M M 4.7 17 300 M M 2 24 280
5 81 41 61 11 4 0 T M M 7.1 23 290 M M 0 31 290
6 53 45 49 -1 16 0 0.47 M M 5.7 18 30 M M 8 1 26 340
7 45 33 39 -12 26 0 1.13 M M 2.9 12 340 M M 10 12 15 330
8 49 33 41 -10 24 0 0.15 M M 3.1 15 350 M M 8 1 20 270
9 55 34 45 -6 20 0 0.08 M M 2.8 13 180 M M 8 1 16 180
10 69 36 53 2 12 0 0.00 M M 4.1 15 200 M M 4 12 19 150
11 79 43 61 10 4 0 0.00 M M 4.3 18 200 M M 1 24 220
12 78 46 62 10 3 0 0.00 M M 3.5 23 360 M M 0 32 360
13 63 41 52 0 13 0 0.06 M M 9.6 26 190 M M 6 3 34 190
14 48 33 41 -11 24 0 0.47 M M 4.5 21 190 M M 7 12 27 210
15 47 33 40 -12 25 0 0.28 M M 2.7 12 150 M M 8 1 15 170
16 55 42 49 -4 16 0 0.29 M M 6.4 16 320 M M 10 1 22 310
17 56 41 49 -4 16 0 0.01 M M 7.3 15 320 M M 9 8 23 340
18 64 34 49 -4 16 0 0.00 M M 3.5 13 310 M M 4 15 310
19 70 38 54 0 11 0 0.00 M M 2.6 12 280 M M 0 17 210
20 67 43 55 1 10 0 0.01 M M 3.8 13 360 M M 7 19 330
21 72 49 61 7 4 0 T M M 5.1 14 280 M M 4 18 290
22 77 43 60 6 5 0 0.00 M M 5.7 14 310 M M 0 18 300
23 84 45 65 10 0 0 0.00 M M 3.8 10 240 M M 0 16 250
24 82 50 66 11 0 1 0.00 M M 4.7 14 200 M M 1 20 330
25 79 56 68 13 0 3 0.00 M M 7.3 15 310 M M 0 22 320
26 81 50 66 10 0 1 0.00 M M 3.5 13 170 M M 0 16 170
27 74 46 60 4 5 0 0.00 M M 4.9 17 280 M M 2 22 220
28 54 42 48 -8 17 0 0.01 M M 6.8 18 350 M M 4 3 23 350
29 54 41 48 -9 17 0 0.38 M M 4.6 14 290 M M 9 1 19 300
30 59 45 52 -5 13 0 0.16 M M 4.7 18 190 M M 9 1 22 180
================================================================================
SM 1968 1259 335 5 3.51 M 142.8 M 128
================================================================================
AV 65.6 42.0 4.8 FASTST M M 4 MAX(MPH)
MISC ----> 26 190 34 190
================================================================================
NOTES:
# LAST OF SEVERAL OCCURRENCES
COLUMN 17 PEAK WIND IN M.P.H.
PRELIMINARY LOCAL CLIMATOLOGICAL DATA (WS FORM: F-6) , PAGE 2
STATION: MCCALL ID
MONTH: JUNE
YEAR: 2020
LATITUDE: 44 52 N
LONGITUDE: 116 6 W
[TEMPERATURE DATA] [PRECIPITATION DATA] SYMBOLS USED IN COLUMN 16
AVERAGE MONTHLY: 53.8 TOTAL FOR MONTH: 3.51 1 = FOG OR MIST
DPTR FM NORMAL: 1.0 DPTR FM NORMAL: 1.65 2 = FOG REDUCING VISIBILITY
HIGHEST: 84 ON 23 GRTST 24HR 1.13 ON 7- 7 TO 1/4 MILE OR LESS
LOWEST: 33 ON 15,14 3 = THUNDER
SNOW, ICE PELLETS, HAIL 4 = ICE PELLETS
TOTAL MONTH: M 5 = HAIL
GRTST 24HR M ON M 6 = FREEZING RAIN OR DRIZZLE
GRTST DEPTH: M ON M 7 = DUSTSTORM OR SANDSTORM:
VSBY 1/2 MILE OR LESS
8 = SMOKE OR HAZE
[NO. OF DAYS WITH] [WEATHER - DAYS WITH] 9 = BLOWING SNOW
X = TORNADO
MAX 32 OR BELOW: 0 0.01 INCH OR MORE: 14
MAX 90 OR ABOVE: 0 0.10 INCH OR MORE: 8
MIN 32 OR BELOW: 0 0.50 INCH OR MORE: 1
MIN 0 OR BELOW: 0 1.00 INCH OR MORE: 1
[HDD (BASE 65) ]
TOTAL THIS MO. 335 CLEAR (SCALE 0-3) 13
DPTR FM NORMAL -32 PTCLDY (SCALE 4-7) 11
TOTAL FM JUL 1 8721 CLOUDY (SCALE 8-10) 6
DPTR FM NORMAL -875
[CDD (BASE 65) ]
TOTAL THIS MO. 5
DPTR FM NORMAL 4 [PRESSURE DATA]
TOTAL FM JAN 1 13 HIGHEST SLP 30.29 ON 9
DPTR FM NORMAL 12 LOWEST SLP 29.40 ON 5
[REMARKS]
#FINAL-06-20#