713
CXUS56 KSTO 131751
CF6MYV
PRELIMINARY LOCAL CLIMATOLOGICAL DATA (WS FORM: F-6)
STATION: MARYSVILLE AIRPORT CA
MONTH: NOVEMBER
YEAR: 2020
LATITUDE: 39 5 N
LONGITUDE: 121 34 W
TEMPERATURE IN F: :PCPN: SNOW: WIND :SUNSHINE: SKY :PK WND
================================================================================
1 2 3 4 5 6A 6B 7 8 9 10 11 12 13 14 15 16 17 18
12Z AVG MX 2MIN
DY MAX MIN AVG DEP HDD CDD WTR SNW DPTH SPD SPD DIR MIN PSBL S-S WX SPD DR
================================================================================
1 80 41 61 3 4 0 0.00 0.0 0 1.8 7 350 M M 0 8 9 320
2 82 41 62 4 3 0 0.00 0.0 0 3.1 8 100 M M 0 10 90
3 79 42 61 4 4 0 0.00 0.0 0 2.4 9 150 M M 0 11 150
4 80 41 61 4 4 0 0.00 0.0 0 2.3 8 320 M M 0 8 12 320
5 79 44 62 6 3 0 0.00 0.0 0 3.2 12 160 M M 0 15 150
6 65 48 57 1 8 0 0.10 0.0 0 7.3 17 240 M M 4 21 230
7 60 42 51 -4 14 0 0.06 0.0 0 5.7 15 60 M M 3 1 19 50
8 59 38 49 -6 16 0 0.00 0.0 0 9.6 24 320 M M 1 28 310
9 57 35 46 -8 19 0 0.00 0.0 0 5.1 16 340 M M 0 24 340
10 61 29 45 -9 20 0 0.00 0.0 0 2.7 9 150 M M 0 18 12 170
11 60 32 46 -8 19 0 0.00 0.0 0 2.3 8 10 M M 1 8 10 320
12 62 28 45 -8 20 0 0.00 0.0 0 2.4 10 110 M M 0 12 110
13 53 46 50 -3 15 0 0.06 0.0 0 12.9 22 140 M M 9 18 30 140
14 62 43 53 1 12 0 0.00 0.0 0 4.2 12 330 M M 7 12 16 350
15 68 35 52 0 13 0 0.00 0.0 0 3.7 13 140 M M 1 14 130
16 69 43 56 4 9 0 0.00 0.0 0 3.2 8 360 M M 0 8 M M
17 61 44 53 2 12 0 0.42 0.0 0 10.9 20 140 M M 5 18 26 150
18 65 49 57 6 8 0 0.06 0.0 0 12.6 23 180 M M 3 1 28 170
19 63 40 52 2 13 0 0.00 0.0 0 7.3 16 330 M M 0 1 20 330
20 65 38 52 2 13 0 0.00 0.0 0 4.8 12 310 M M 0 14 340
21 65 30 48 -2 17 0 0.00 0.0 0 2.6 8 330 M M 0 11 330
22 62 33 48 -1 17 0 T 0.0 0 2.3 10 50 M M 2 18 13 60
23 65 35 50 1 15 0 0.00 0.0 0 3.3 12 340 M M 0 128 14 310
24 62 35 49 0 16 0 0.00 0.0 0 5.1 13 150 M M 0 1 16 150
25 63 38 51 3 14 0 0.00 0.0 0 7.6 18 340 M M 0 1 22 340
26 63 43 53 5 12 0 0.00 0.0 0 14.6 25 330 M M 0 31 320
27 61 33 47 -1 18 0 0.00 0.0 0 3.5 14 330 M M 0 17 340
28 63 30 47 -1 18 0 0.00 0.0 0 3.2 12 330 M M 0 14 330
29 62 31 47 0 18 0 0.00 0.0 0 1.2 7 270 M M 0 18 9 240
30 64 30 47 0 18 0 0.00 0.0 0 1.8 9 340 M M 0 18 13 360
================================================================================
SM 1960 1137 392 0 0.70 0.0 152.7 M 36
================================================================================
AV 65.3 37.9 5.1 FASTST M M 1 MAX(MPH)
MISC ----> # 25 330 # 31 320
================================================================================
NOTES:
# LAST OF SEVERAL OCCURRENCES
COLUMN 17 PEAK WIND IN M.P.H.
PRELIMINARY LOCAL CLIMATOLOGICAL DATA (WS FORM: F-6) , PAGE 2
STATION: MARYSVILLE AIRPORT CA
MONTH: NOVEMBER
YEAR: 2020
LATITUDE: 39 5 N
LONGITUDE: 121 34 W
[TEMPERATURE DATA] [PRECIPITATION DATA] SYMBOLS USED IN COLUMN 16
AVERAGE MONTHLY: 51.6 TOTAL FOR MONTH: 0.70 1 = FOG OR MIST
DPTR FM NORMAL: -0.5 DPTR FM NORMAL: -2.50 2 = FOG REDUCING VISIBILITY
HIGHEST: 82 ON 2 GRTST 24HR 0.42 ON 17-17 TO 1/4 MILE OR LESS
LOWEST: 28 ON 12 3 = THUNDER
SNOW, ICE PELLETS, HAIL 4 = ICE PELLETS
TOTAL MONTH: 0.0 INCH 5 = HAIL
GRTST 24HR 0.0 6 = FREEZING RAIN OR DRIZZLE
GRTST DEPTH: 0 7 = DUSTSTORM OR SANDSTORM:
VSBY 1/2 MILE OR LESS
8 = SMOKE OR HAZE
[NO. OF DAYS WITH] [WEATHER - DAYS WITH] 9 = BLOWING SNOW
X = TORNADO
MAX 32 OR BELOW: 0 0.01 INCH OR MORE: 5
MAX 90 OR ABOVE: 0 0.10 INCH OR MORE: 2
MIN 32 OR BELOW: 7 0.50 INCH OR MORE: 0
MIN 0 OR BELOW: 0 1.00 INCH OR MORE: 0
[HDD (BASE 65) ]
TOTAL THIS MO. 392 CLEAR (SCALE 0-3) 25
DPTR FM NORMAL 3 PTCLDY (SCALE 4-7) 4
TOTAL FM JUL 1 437 CLOUDY (SCALE 8-10) 1
DPTR FM NORMAL -58
[CDD (BASE 65) ]
TOTAL THIS MO. 0
DPTR FM NORMAL -1 [PRESSURE DATA]
TOTAL FM JAN 1 1944 HIGHEST SLP 30.35 ON 19
DPTR FM NORMAL 587 LOWEST SLP 29.64 ON 6
[REMARKS]
#FINAL-11-20#