000
CXUS51 KOKX 011010
CF6NYC
PRELIMINARY LOCAL CLIMATOLOGICAL DATA (WS FORM: F-6)
STATION: CENTRAL PARK NY
MONTH: JANUARY
YEAR: 2023
LATITUDE: 40 46 N
LONGITUDE: 73 58 W
TEMPERATURE IN F: :PCPN: SNOW: WIND :SUNSHINE: SKY :PK WND
================================================================================
1 2 3 4 5 6A 6B 7 8 9 10 11 12 13 14 15 16 17 18
12Z AVG MX 2MIN
DY MAX MIN AVG DEP HDD CDD WTR SNW DPTH SPD SPD DIR MIN PSBL S-S WX SPD DR
================================================================================
1 55 49 52 17 13 0 T 0.0 0 4.9 13 310 M M 2 1 18 250
2 56 49 53 18 12 0 0.02 0.0 0 3.5 10 230 M M 4 16 240
3 58 47 53 18 12 0 0.42 0.0 0 3.2 9 250 M M 9 18 15 250
4 66 49 58 23 7 0 0.02 0.0 0 4.5 13 240 M M 5 1 22 240
5 50 44 47 13 18 0 0.01 0.0 0 5.2 13 60 M M 10 18 15 50
6 49 39 44 10 21 0 0.27 0.0 0 5.4 13 280 M M 9 18 21 270
7 45 37 41 7 24 0 0.00 0.0 0 6.7 13 310 M M 4 20 320
8 41 33 37 3 28 0 0.00 0.0 0 4.6 12 300 M M 1 17 220
9 44 37 41 7 24 0 0.01 0.0 0 4.4 14 310 M M 5 1 19 310
10 41 38 40 6 25 0 0.00 0.0 0 4.3 12 10 M M 9 14 280
11 39 35 37 3 28 0 0.00 0.0 0 6.5 14 70 M M 8 19 50
12 55 37 46 12 19 0 0.30 0.0 0 4.9 13 140 M M 10 1 22 130
13 57 38 48 14 17 0 0.09 0.0 0 7.2 16 310 M M 8 1 24 310
14 38 31 35 2 30 0 T T 0 9.0 17 360 M M 10 8 28 30
15 41 30 36 3 29 0 0.00 0.0 0 9.6 18 340 M M 3 31 30
16 48 28 38 5 27 0 0.00 0.0 0 7.6 16 340 M M 2 25 10
17 47 35 41 8 24 0 T 0.0 0 3.1 12 240 M M 6 19 240
18 53 42 48 15 17 0 0.05 0.0 0 7.7 18 310 M M 5 27 310
19 44 40 42 9 23 0 0.87 0.0 0 4.2 14 60 M M 7 13 18 100
20 49 40 45 12 20 0 T 0.0 0 6.7 16 280 M M 9 1 27 280
21 42 37 40 7 25 0 T 0.0 0 5.5 15 300 M M 10 22 300
22 42 36 39 6 26 0 0.51 0.0 0 4.6 13 60 M M 9 1 16 170
23 39 36 38 5 27 0 0.41 0.0 0 7.6 20 300 M M 10 1 31 310
24 46 35 41 8 24 0 0.00 0.0 0 7.0 20 310 M M 6 28 290
25 54 35 45 12 20 0 0.90 T 0 6.1 16 160 M M 5 1 28 140
26 57 41 49 16 16 0 0.44 0.0 0 8.9 20 280 M M 9 1 32 280
27 44 35 40 7 25 0 0.00 0.0 0 5.7 13 230 M M 3 22 240
28 52 36 44 11 21 0 0.00 0.0 0 7.2 18 220 M M 2 32 230
29 53 42 48 15 17 0 0.00 0.0 0 4.6 12 240 M M 3 20 210
30 55 43 49 15 16 0 0.00 0.0 0 2.9 10 220 M M 2 16 220
31 50 31 41 7 24 0 0.06 T 0 4.3 12 10 M M 10 1 17 10
================================================================================
SM 1510 1185 659 0 4.38 T 177.6 M 195
================================================================================
AV 48.7 38.2 5.7 FASTST M M 6 MAX(MPH)
MISC ----> # 20 300 # 32 280
================================================================================
NOTES:
# LAST OF SEVERAL OCCURRENCES
COLUMN 17 PEAK WIND IN M.P.H.
PRELIMINARY LOCAL CLIMATOLOGICAL DATA (WS FORM: F-6) , PAGE 2
STATION: CENTRAL PARK NY
MONTH: JANUARY
YEAR: 2023
LATITUDE: 40 46 N
LONGITUDE: 73 58 W
[TEMPERATURE DATA] [PRECIPITATION DATA] SYMBOLS USED IN COLUMN 16
AVERAGE MONTHLY: 43.5 TOTAL FOR MONTH: 4.38 1 = FOG OR MIST
DPTR FM NORMAL: 9.8 DPTR FM NORMAL: 0.74 2 = FOG REDUCING VISIBILITY
HIGHEST: 66 ON 4 GRTST 24HR 1.39 ON 25-26 TO 1/4 MILE OR LESS
LOWEST: 28 ON 16 3 = THUNDER
SNOW, ICE PELLETS, HAIL 4 = ICE PELLETS
TOTAL MONTH: T 5 = HAIL
GRTST 24HR T ON 14-14 6 = FREEZING RAIN OR DRIZZLE
GRTST DEPTH: 0 7 = DUSTSTORM OR SANDSTORM:
VSBY 1/2 MILE OR LESS
8 = SMOKE OR HAZE
[NO. OF DAYS WITH] [WEATHER - DAYS WITH] 9 = BLOWING SNOW
X = TORNADO
MAX 32 OR BELOW: 0 0.01 INCH OR MORE: 15
MAX 90 OR ABOVE: 0 0.10 INCH OR MORE: 8
MIN 32 OR BELOW: 4 0.50 INCH OR MORE: 3
MIN 0 OR BELOW: 0 1.00 INCH OR MORE: 0
[HDD (BASE 65) ]
TOTAL THIS MO. 659 CLEAR (SCALE 0-3) 5
DPTR FM NORMAL -311 PTCLDY (SCALE 4-7) 13
TOTAL FM JUL 1 2178 CLOUDY (SCALE 8-10) 13
DPTR FM NORMAL -384
[CDD (BASE 65) ]
TOTAL THIS MO. 0
DPTR FM NORMAL 0 [PRESSURE DATA]
TOTAL FM JAN 1 0 HIGHEST SLP M ON M
DPTR FM NORMAL 0 LOWEST SLP 29.40 ON 26
[REMARKS]
#FINAL-01-23#