000
CXUS51 KOKX 011319 CCA
CLMNYC
CLIMATE REPORT
NATIONAL WEATHER SERVICE NEW YORK, NY
906 AM EDT WED NOV 01 2023
...................................
...THE CENTRAL PARK NY CLIMATE SUMMARY FOR THE MONTH OF OCTOBER 2023...
CLIMATE NORMAL PERIOD 1991 TO 2020
CLIMATE RECORD PERIOD 1869 TO 2023
WEATHER OBSERVED NORMAL DEPART LAST YEAR`S
VALUE DATE(S) VALUE FROM VALUE DATE(S)
NORMAL
................................................................
TEMPERATURE (F)
RECORD
HIGH 94 10/05/1941
LOW 28 10/27/1936
HIGHEST 83 10/04 MM MM 76 10/07
LOWEST 45 10/31 MM MM 42 10/19
AVG. MAXIMUM 66.7 64.5 2.2 63.4
AVG. MINIMUM 54.3 51.4 2.9 50.4
MEAN 60.5 57.9 2.6 56.9
DAYS MAX >= 90 0 0.0 0.0 0
DAYS MAX <= 32 0 0.0 0.0 0
DAYS MIN <= 32 0 0.0 0.0 0
DAYS MIN <= 0 0 0.0 0.0 0
PRECIPITATION (INCHES)
RECORD
MAXIMUM 16.73 2005
MINIMUM 0.14 1963
TOTALS 3.90 4.38 -0.48 5.08
DAILY AVG. 0.13 0.14 -0.01 0.16
DAYS >= .01 9 9.5 -0.5 11
DAYS >= .10 7 5.6 1.4 9
DAYS >= .50 4 2.8 1.2 4
DAYS >= 1.00 0 1.5 -1.5 1
GREATEST
24 HR. TOTAL 1.32 10/20 TO 10/21 2.16 10/03 TO 10/04
STORM TOTAL 0.84 1.85
(MM/DD(HH)) MM
SNOWFALL (INCHES)
TOTALS 0.0 0.1 -0.1 0.0
LIQUID EQUIV 0.00 T 0.00 0.00
SINCE 7/1 0.0 0.1 -0.1 MM
LIQUID 7/1 0.00 0.00 0.00 MM
SNOWDEPTH AVG. 0 0
DAYS >= TRACE 0 0.0 0.0 0
DAYS >= 1.0 0 0.0 0.0 0
GREATEST
SNOW DEPTH 0 0 MM
24 HR TOTAL MM MM
STORM TOTAL 0.0 0.0
(MM/DD(HH)) MM
DEGREE DAYS
HEATING TOTAL 178 240 -62 247
SINCE 7/1 217 273 -56 MM
COOLING TOTAL 47 22 25 4
SINCE 1/1 1242 1221 21 MM
................................................................
WIND (MPH)
AVERAGE WIND SPEED 3.8
HIGHEST WIND SPEED/DIRECTION 18/280 DATE 10/21
18/310 10/22
HIGHEST GUST SPEED/DIRECTION 31/300 DATE 10/22
AVERAGE RH (PERCENT) 67
WEATHER CONDITIONS. NUMBER OF DAYS WITH
THUNDERSTORM 1 MIXED PRECIP 0
HEAVY RAIN 5 RAIN 7
LIGHT RAIN 12 FREEZING RAIN 0
LT FREEZING RAIN 0 HAIL 0
HEAVY SNOW 0 SNOW 0
LIGHT SNOW 0 SLEET 0
FOG 9 FOG W/VIS <= 1/4 MILE 0
HAZE 4
- INDICATES NEGATIVE NUMBERS.
R INDICATES RECORD WAS SET OR TIED.
MM INDICATES DATA IS MISSING.
T INDICATES TRACE AMOUNT.
$$