000
CXUS51 KOKX 021230 RRA
CLSNYC
NYCCLSNYC 000
TTAA00 OKX 021229
CLIMATE REPORT
NATIONAL WEATHER SERVICE NEW YORK, NY
720 AM EST SAT MAR 02 2024
...................................
...THE CENTRAL PARK NY CLIMATE SUMMARY FOR THE SEASON, FROM
12/1/2023 TO 2/29/2024...
CLIMATE NORMAL PERIOD 1991 TO 2020
CLIMATE RECORD PERIOD 1869 TO 2024
WEATHER OBSERVED NORMAL DEPART LAST YEAR`S
VALUE DATE(S) VALUE FROM VALUE
NORMAL
..............................................................
TEMPERATURE (F)
RECORD
HIGH 78 02/21/2018
LOW -15 02/09/1934
HIGHEST 62 02/28 MM MM
12/18
LOWEST 17 01/17 MM MM
AVG. MAXIMUM 46.0 42.0 4.0
AVG. MINIMUM 35.1 30.4 4.7
MEAN 40.5 36.2 4.3
DAYS MAX >= 90 0 0.0 0.0
DAYS MAX <= 32 6 14.9 -8.9
DAYS MIN <= 32 32 52.0 -20.0
DAYS MIN <= 0 0 0.1 -0.1
PRECIPITATION (INCHES)
RECORD
MAXIMUM 20.71 1979
MINIMUM 4.22 1901
TOTALS 14.04 11.21 2.83 11.49
DAILY AVG. 0.15 NAN NAN
DAYS >= .01 34 32.2 1.8
DAYS >= .10 22 19.6 2.4
DAYS >= .50 10 8.0 2.0
DAYS >= 1.00 4 3.1 0.9
GREATEST
24 HR. TOTAL 2.46
STORM TOTAL 2.21
(MM/DD(HH))
SNOWFALL (INCHES)
RECORDS
TOTAL 60.9 2011
24 HR TOTAL 1.8 MM
TOTALS 7.5 23.8 -16.3
LIQUID EQUIV 0.80 2.30 -1.50
SINCE 7/1 7.5 24.4 -16.9
LIQUID 7/1 0.75
DAYS >= TRACE 15 9.0 6.0
DAYS >= 1.0 3 5.5 -2.5
GREATEST
SNOW DEPTH 2 02/14
02/17
24 HR TOTAL MM
STORM TOTAL 3.2
(MM/DD(HH))
DEGREE DAYS
HEATING TOTAL 2202 2591 -389
SINCE 7/1 2961 3426 -465
COOLING TOTAL 0 0 0
SINCE 1/1 0 0 0
..............................................................
WIND (MPH)
AVERAGE WIND SPEED 5.9
HIGHEST WIND SPEED/DIRECTION 28/280 DATE 02/28
HIGHEST GUST SPEED/DIRECTION 49/290 DATE 02/28
SKY COVER
POSSIBLE SUNSHINE (PERCENT) MM
AVERAGE SKY COVER 0.49
NUMBER OF DAYS FAIR 39
NUMBER OF DAYS PC 22
NUMBER OF DAYS CLOUDY 30
AVERAGE RH (PERCENT) 61
WEATHER CONDITIONS. NUMBER OF DAYS WITH
THUNDERSTORM 1 MIXED PRECIP 0
HEAVY RAIN 7 RAIN 16
LIGHT RAIN 30 FREEZING RAIN 1
LT FREEZING RAIN 1 HAIL 0
HEAVY SNOW 2 SNOW 4
LIGHT SNOW 14 SLEET 0
FOG 38 FOG W/VIS <= 1/4 MILE 1
HAZE 24
- INDICATES NEGATIVE NUMBERS.
R INDICATES RECORD WAS SET OR TIED.
MM INDICATES DATA IS MISSING.
T INDICATES TRACE AMOUNT.
$$