000
CXUS55 KPSR 011005
CF6NYL
PRELIMINARY LOCAL CLIMATOLOGICAL DATA (WS FORM: F-6)
STATION: YUMA AZ
MONTH: MAY
YEAR: 2023
LATITUDE: 32 39 N
LONGITUDE: 114 37 W
TEMPERATURE IN F: :PCPN: SNOW: WIND :SUNSHINE: SKY :PK WND
================================================================================
1 2 3 4 5 6A 6B 7 8 9 10 11 12 13 14 15 16 17 18
12Z AVG MX 2MIN
DY MAX MIN AVG DEP HDD CDD WTR SNW DPTH SPD SPD DIR MIN PSBL S-S WX SPD DR
================================================================================
1 90 63 77 1 0 12 0.00 0.0 M 12.5 25 300 M M 3 78 36 310
2 83 58 71 -6 0 6 0.00 M M 9.7 20 320 M M 2 28 310
3 84 58 71 -6 0 6 0.00 M M 8.3 18 190 M M 0 24 190
4 77 58 68 -9 0 3 0.00 M M 12.8 23 310 M M 1 35 300
5 78 57 68 -10 0 3 0.00 0.0 M 7.4 16 300 M M 1 23 330
6 84 57 71 -7 0 6 0.00 0.0 M 6.5 14 260 M M 0 20 250
7 86 60 73 -5 0 8 0.00 0.0 M 6.3 15 280 M M 0 21 270
8 90 63 77 -1 0 12 0.00 M M 4.6 13 260 M M 0 19 230
9 90 66 78 -1 0 13 0.00 M M 10.4 20 280 M M 0 28 300
10 82 57 70 -9 0 5 0.00 M M 11.0 25 280 M M 0 8 37 290
11 88 59 74 -5 0 9 0.00 M M 3.6 9 230 M M 0 14 230
12 95 63 79 -1 0 14 0.00 M M 3.9 13 250 M M 0 17 250
13 101 65 83 3 0 18 0.00 M M 8.2 21 170 M M 0 25 180
14 99 73 86 6 0 21 0.00 M M 9.8 22 150 M M 0 28 150
15 98 69 84 4 0 19 0.00 M M 6.2 14 280 M M 1 19 150
16 100 72 86 5 0 21 0.00 M M 5.9 14 260 M M 1 17 280
17 100 72 86 5 0 21 0.00 M M 7.9 21 210 M M 3 25 200
18 96 76 86 5 0 21 0.00 M M 11.8 21 190 M M 4 27 210
19 96 73 85 4 0 20 0.00 M M 9.1 20 180 M M 3 28 190
20 96 74 85 3 0 20 0.00 M M 5.3 15 270 M M 0 8 18 270
21 99 72 86 4 0 21 0.00 M M 8.0 16 210 M M 0 29 220
22 99 70 85 3 0 20 0.00 M M 6.3 14 200 M M 0 19 210
23 99 69 84 1 0 19 0.00 M M 8.8 20 190 M M 0 26 160
24 97 72 85 2 0 20 0.00 M M 9.9 20 150 M M 0 28 140
25 96 70 83 0 0 18 0.00 M M 9.2 18 150 M M 0 24 150
26 91 66 79 -4 0 14 0.00 0.0 0 6.9 18 240 M M 0 23 240
27 94 63 79 -5 0 14 0.00 0.0 0 3.1 12 270 M M 0 17 200
28 97 65 81 -3 0 16 0.00 M M 9.0 17 160 M M 0 25 170
29 93 68 81 -3 0 16 0.00 M M 11.4 20 170 M M 0 28 180
30 93 67 80 -5 0 15 0.00 0.0 0 8.5 20 160 M M 0 28 190
31 87 63 75 -10 0 10 0.00 M M 8.1 16 260 M M 0 22 250
================================================================================
SM 2858 2038 0 441 0.00 0.0 250.4 M 19
================================================================================
AV 92.2 65.7 8.1 FASTST M M 1 MAX(MPH)
MISC ----> # 25 280 37 290
================================================================================
NOTES:
# LAST OF SEVERAL OCCURRENCES
COLUMN 17 PEAK WIND IN M.P.H.
PRELIMINARY LOCAL CLIMATOLOGICAL DATA (WS FORM: F-6) , PAGE 2
STATION: YUMA AZ
MONTH: MAY
YEAR: 2023
LATITUDE: 32 39 N
LONGITUDE: 114 37 W
[TEMPERATURE DATA] [PRECIPITATION DATA] SYMBOLS USED IN COLUMN 16
AVERAGE MONTHLY: 79.0 TOTAL FOR MONTH: 0.00 1 = FOG OR MIST
DPTR FM NORMAL: -1.6 DPTR FM NORMAL: -0.06 2 = FOG REDUCING VISIBILITY
HIGHEST: 101 ON 13 GRTST 24HR 0.00 ON 3- 3 TO 1/4 MILE OR LESS
LOWEST: 57 ON 5, 6 3 = THUNDER
SNOW, ICE PELLETS, HAIL 4 = ICE PELLETS
TOTAL MONTH: 0.0 INCH 5 = HAIL
GRTST 24HR 0.0 6 = FREEZING RAIN OR DRIZZLE
GRTST DEPTH: 0 7 = DUSTSTORM OR SANDSTORM:
VSBY 1/2 MILE OR LESS
8 = SMOKE OR HAZE
[NO. OF DAYS WITH] [WEATHER - DAYS WITH] 9 = BLOWING SNOW
X = TORNADO
MAX 32 OR BELOW: 0 0.01 INCH OR MORE: 0
MAX 90 OR ABOVE: 22 0.10 INCH OR MORE: 0
MIN 32 OR BELOW: 0 0.50 INCH OR MORE: 0
MIN 0 OR BELOW: 0 1.00 INCH OR MORE: 0
[HDD (BASE 65) ]
TOTAL THIS MO. 0 CLEAR (SCALE 0-3) 30
DPTR FM NORMAL -1 PTCLDY (SCALE 4-7) 1
TOTAL FM JUL 1 928 CLOUDY (SCALE 8-10) 0
DPTR FM NORMAL 251
[CDD (BASE 65) ]
TOTAL THIS MO. 441
DPTR FM NORMAL -43 [PRESSURE DATA]
TOTAL FM JAN 1 758 HIGHEST SLP 30.01 ON 20
DPTR FM NORMAL -143 LOWEST SLP 29.58 ON 1
[REMARKS]
#FINAL-05-23#