000
CXUS55 KPSR 011005
CF6NYL
PRELIMINARY LOCAL CLIMATOLOGICAL DATA (WS FORM: F-6)
STATION: YUMA AZ
MONTH: JULY
YEAR: 2021
LATITUDE: 32 39 N
LONGITUDE: 114 37 W
TEMPERATURE IN F: :PCPN: SNOW: WIND :SUNSHINE: SKY :PK WND
================================================================================
1 2 3 4 5 6A 6B 7 8 9 10 11 12 13 14 15 16 17 18
12Z AVG MX 2MIN
DY MAX MIN AVG DEP HDD CDD WTR SNW DPTH SPD SPD DIR MIN PSBL S-S WX SPD DR
================================================================================
1 104 83 94 1 0 29 0.00 M M 9.7 21 160 M M 1 24 160
2 101 82 92 -1 0 27 0.01 M M 9.5 20 130 M M 0 24 160
3 107 84 96 3 0 31 T M M 8.9 16 200 M M 1 21 230
4 107 86 97 3 0 32 0.00 M M 11.5 21 210 M M 0 25 220
5 111 85 98 4 0 33 0.00 M M 9.6 20 210 M M 0 23 230
6 111 81 96 2 0 31 0.00 M M 6.0 14 230 M M 1 17 230
7 111 86 99 5 0 34 0.00 M M 10.2 18 180 M M 2 23 200
8 109 87 98 4 0 33 0.00 M M 11.8 20 160 M M 1 24 130
9 112 87 100 6 0 35 0.00 M M 10.6 17 210 M M 1 24 210
10 113 91 102 8 0 37 0.00 M M 12.9 25 120 M M 0 3 32 120
11 109 89 99 5 0 34 0.00 M M 11.3 32 200 M M 0 38 39 200
12 107 87 97 2 0 32 0.00 M M 16.1 32 160 M M 1 78 40 170
13 107 85 96 1 0 31 0.00 M M 10.4 20 190 M M 3 24 200
14 106 85 96 1 0 31 0.00 M M 13.3 24 160 M M 1 28 160
15 106 85 96 1 0 31 0.00 M M 10.5 23 180 M M 1 28 180
16 110 86 98 3 0 33 0.00 M M 8.8 18 200 M M 0 22 200
17 102 89 96 1 0 31 0.01 M M 10.8 22 160 M M 0 25 160
18 106 86 96 1 0 31 0.00 M M 9.3 17 170 M M 0 24 150
19 108 87 98 3 0 33 0.00 M M 7.5 20 200 M M 4 24 200
20 108 90 99 4 0 34 T M M 5.0 10 210 M M 5 14 270
21 112 89 101 6 0 36 0.00 M M 7.5 18 160 M M 4 3 21 160
22 109 90 100 5 0 35 0.00 M M 12.4 22 190 M M 3 26 200
23 106 88 97 2 0 32 0.00 M M 13.5 23 150 M M 4 28 150
24 97 85 91 -4 0 26 T M M 9.8 17 90 M M 0 20 90
25 95 81 88 -7 0 23 0.08 M M 9.7 25 140 M M 4 3 29 120
26 103 80 92 -3 0 27 0.00 M M 6.7 17 200 M M 3 22 220
27 107 82 95 0 0 30 0.00 M M 4.6 16 170 M M 1 20 180
28 109 86 98 3 0 33 0.00 M M 4.7 13 240 M M 3 17 220
29 113 85 99 4 0 34 T M M 5.9 24 180 M M 4 3 29 60
30 104 73 89 -6 0 24 0.33 M M 10.2 44 300 M M 6 38 50 300
31 102 80 91 -4 0 26 0.00 M M 4.7 10 290 M M 0 12 290
================================================================================
SM 3312 2640 0 969 0.43 M 293.4 M 54
================================================================================
AV106.8 85.2 9.5 FASTST M M 2 MAX(MPH)
MISC ----> 44 300 50 300
================================================================================
NOTES:
# LAST OF SEVERAL OCCURRENCES
COLUMN 17 PEAK WIND IN M.P.H.
PRELIMINARY LOCAL CLIMATOLOGICAL DATA (WS FORM: F-6) , PAGE 2
STATION: YUMA AZ
MONTH: JULY
YEAR: 2021
LATITUDE: 32 39 N
LONGITUDE: 114 37 W
[TEMPERATURE DATA] [PRECIPITATION DATA] SYMBOLS USED IN COLUMN 16
AVERAGE MONTHLY: 96.0 TOTAL FOR MONTH: 0.43 1 = FOG OR MIST
DPTR FM NORMAL: 1.4 DPTR FM NORMAL: 0.19 2 = FOG REDUCING VISIBILITY
HIGHEST: 113 ON 29,10 GRTST 24HR 0.33 ON 30-30 TO 1/4 MILE OR LESS
LOWEST: 73 ON 30 3 = THUNDER
SNOW, ICE PELLETS, HAIL 4 = ICE PELLETS
TOTAL MONTH: M 5 = HAIL
GRTST 24HR M ON M 6 = FREEZING RAIN OR DRIZZLE
GRTST DEPTH: M ON M 7 = DUSTSTORM OR SANDSTORM:
VSBY 1/2 MILE OR LESS
8 = SMOKE OR HAZE
[NO. OF DAYS WITH] [WEATHER - DAYS WITH] 9 = BLOWING SNOW
X = TORNADO
MAX 32 OR BELOW: 0 0.01 INCH OR MORE: 4
MAX 90 OR ABOVE: 31 0.10 INCH OR MORE: 1
MIN 32 OR BELOW: 0 0.50 INCH OR MORE: 0
MIN 0 OR BELOW: 0 1.00 INCH OR MORE: 0
[HDD (BASE 65) ]
TOTAL THIS MO. 0 CLEAR (SCALE 0-3) 23
DPTR FM NORMAL 0 PTCLDY (SCALE 4-7) 8
TOTAL FM JUL 1 0 CLOUDY (SCALE 8-10) 0
DPTR FM NORMAL 0
[CDD (BASE 65) ]
TOTAL THIS MO. 969
DPTR FM NORMAL 50 [PRESSURE DATA]
TOTAL FM JAN 1 2661 HIGHEST SLP 29.98 ON 31
DPTR FM NORMAL 117 LOWEST SLP 29.59 ON 7
[REMARKS]
#FINAL-07-21#