000
CXUS56 KMTR 010900
CF6OAK
PRELIMINARY LOCAL CLIMATOLOGICAL DATA (WS FORM: F-6)
STATION: OAKLAND AIRPORT
MONTH: MARCH
YEAR: 2024
LATITUDE: 37 43 N
LONGITUDE: 122 13 W
TEMPERATURE IN F: :PCPN: SNOW: WIND :SUNSHINE: SKY :PK WND
================================================================================
1 2 3 4 5 6A 6B 7 8 9 10 11 12 13 14 15 16 17 18
12Z AVG MX 2MIN
DY MAX MIN AVG DEP HDD CDD WTR SNW DPTH SPD SPD DIR MIN PSBL S-S WX SPD DR
================================================================================
1 58 50 54 0 11 0 0.47 M M 19.2 32 210 M M 9 13 46 250
2 55 45 50 -4 15 0 0.35 M M 17.2 38 300 M M 8 13 53 270
3 54 45 50 -4 15 0 0.39 M M 9.5 35 300 M M 8 1 41 300
4 57 45 51 -3 14 0 0.02 M M 6.3 15 210 M M 8 1 19 220
5 61 50 56 2 9 0 T M M 9.0 16 160 M M 8 1 20 160
6 61 48 55 1 10 0 0.02 M M 6.5 17 280 M M 8 1 20 280
7 61 46 54 0 11 0 0.00 M M 6.5 17 280 M M 4 21 270
8 63 41 52 -2 13 0 0.00 M M 6.8 15 290 M M 1 26 300
9 60 47 54 -1 11 0 0.00 M M 6.4 14 260 M M 7 21 260
10 61 47 54 -1 11 0 0.01 M M 6.8 18 210 M M 7 24 170
11 64 47 56 1 9 0 0.11 M M 7.7 18 160 M M 7 1 22 160
12 62 50 56 1 9 0 0.08 M M 10.4 23 280 M M 7 1 33 310
13 63 45 54 -1 11 0 0.00 M M 8.5 21 300 M M 3 35 310
14 69 54 62 7 3 0 0.00 M M 14.7 33 40 M M 1 45 40
15 74 52 63 8 2 0 0.00 M M 11.1 36 40 M M 0 47 50
16 67 45 56 1 9 0 0.00 M M 7.1 17 290 M M 1 21 300
17 64 47 56 1 9 0 0.00 M M 7.1 16 280 M M 3 21 250
18 65 50 58 3 7 0 0.00 M M 8.1 15 280 M M 5 18 290
19 65 52 59 4 6 0 0.00 M M 8.0 18 280 M M 5 31 300
20 64 49 57 2 8 0 0.00 M M 7.7 20 280 M M 6 31 290
21 65 52 59 4 6 0 0.00 M M 5.3 14 300 M M 7 20 260
22 67 52 60 4 5 0 0.34 M M 9.9 25 270 M M 8 1 34 290
23 60 50 55 -1 10 0 0.23 M M 13.8 24 280 M M 7 1 33 300
24 62 50 56 0 9 0 0.11 M M 14.1 32 300 M M 6 1 41 280
25 61 47 54 -2 11 0 0.00 M M 12.7 29 300 M M 6 36 270
26 60 50 55 -1 10 0 0.00 M M 10.8 24 290 M M 5 33 300
27 59 50 55 -1 10 0 0.18 M M 10.4 18 200 M M 9 1 25 190
28 61 51 56 0 9 0 T M M 8.9 17 270 M M 7 29 290
29 55 48 52 -4 13 0 0.49 M M 13.3 35 140 M M 8 1 61 140
30 65 44 55 -1 10 0 T M M 7.3 18 50 M M 6 3 30 60
31 63 47 55 -1 10 0 0.00 M M 6.9 18 270 M M 5 30 300
================================================================================
SM 1926 1496 296 0 2.80 M 298.0 M 180
================================================================================
AV 62.1 48.3 9.6 FASTST M M 6 MAX(MPH)
MISC ----> 38 300 61 140
================================================================================
NOTES:
# LAST OF SEVERAL OCCURRENCES
COLUMN 17 PEAK WIND IN M.P.H.
PRELIMINARY LOCAL CLIMATOLOGICAL DATA (WS FORM: F-6) , PAGE 2
STATION: OAKLAND AIRPORT
MONTH: MARCH
YEAR: 2024
LATITUDE: 37 43 N
LONGITUDE: 122 13 W
[TEMPERATURE DATA] [PRECIPITATION DATA] SYMBOLS USED IN COLUMN 16
AVERAGE MONTHLY: 55.2 TOTAL FOR MONTH: 2.80 1 = FOG OR MIST
DPTR FM NORMAL: 0.1 DPTR FM NORMAL: 0.09 2 = FOG REDUCING VISIBILITY
HIGHEST: 74 ON 15 GRTST 24HR 0.71 ON 1- 2 TO 1/4 MILE OR LESS
LOWEST: 41 ON 8 3 = THUNDER
SNOW, ICE PELLETS, HAIL 4 = ICE PELLETS
TOTAL MONTH: M 5 = HAIL
GRTST 24HR M ON M 6 = FREEZING RAIN OR DRIZZLE
GRTST DEPTH: M ON M 7 = DUSTSTORM OR SANDSTORM:
VSBY 1/2 MILE OR LESS
8 = SMOKE OR HAZE
[NO. OF DAYS WITH] [WEATHER - DAYS WITH] 9 = BLOWING SNOW
X = TORNADO
MAX 32 OR BELOW: 0 0.01 INCH OR MORE: 13
MAX 90 OR ABOVE: 0 0.10 INCH OR MORE: 9
MIN 32 OR BELOW: 0 0.50 INCH OR MORE: 0
MIN 0 OR BELOW: 0 1.00 INCH OR MORE: 0
[HDD (BASE 65) ]
TOTAL THIS MO. 296 CLEAR (SCALE 0-3) 5
DPTR FM NORMAL -13 PTCLDY (SCALE 4-7) 21
TOTAL FM JUL 1 1804 CLOUDY (SCALE 8-10) 5
DPTR FM NORMAL -391
[CDD (BASE 65) ]
TOTAL THIS MO. 0
DPTR FM NORMAL -1 [PRESSURE DATA]
TOTAL FM JAN 1 0 HIGHEST SLP M ON M
DPTR FM NORMAL -1 LOWEST SLP 29.56 ON 29
[REMARKS]
#FINAL-03-24#