000
CXUS53 KOAX 081805
CF6OAX
PRELIMINARY LOCAL CLIMATOLOGICAL DATA (WS FORM: F-6)
STATION: VALLEY NWS NE
MONTH: DECEMBER
YEAR: 2020
LATITUDE: 41 19 N
LONGITUDE: 96 22 W
TEMPERATURE IN F: :PCPN: SNOW: WIND :SUNSHINE: SKY :PK WND
================================================================================
1 2 3 4 5 6A 6B 7 8 9 10 11 12 13 14 15 16 17 18
12Z AVG MX 2MIN
DY MAX MIN AVG DEP HDD CDD WTR SNW DPTH SPD SPD DIR MIN PSBL S-S WX SPD DR
================================================================================
1 47 24 36 5 29 0 0.00 0.0 0 M M M M M M 21 M
2 46 22 34 4 31 0 0.00 0.0 0 M M M M M M 24 M
3 46 23 35 5 30 0 0.00 0.0 0 M M M M M M 21 M
4 53 23 38 8 27 0 0.00 0.0 0 M M M M M M 16 M
5 49 28 39 10 26 0 0.00 0.0 0 M M M M M M 25 M
6 35 25 30 1 35 0 0.00 0.0 0 M M M M M M 12 17 M
7 54 22 38 10 27 0 0.00 0.0 0 M M M M M M 12 16 M
8 60 26 43 15 22 0 0.00 0.0 0 M M M M M M 16 M
9 65 26 46 18 19 0 0.00 0.0 0 M M M M M M 17 M
10 50 32 41 14 24 0 0.00 0.0 0 M M M M M M 26 M
11 37 33 35 8 30 0 0.41 1.5 0 M M M M M M 28 M
12 33 21 27 1 38 0 0.19 2.2 3 M M M M M M 1 28 M
13 28 17 23 -3 42 0 0.00 0.0 2 M M M M M M 18 M
14 22 11 17 -9 48 0 0.00 0.0 2 M M M M M M 14 M
15 24 17 21 -5 44 0 0.00 0.0 2 M M M M M M 13 M
16 29 19 24 -1 41 0 0.00 0.0 2 M M M M M M 1 13 M
17 36 15 26 1 39 0 0.00 0.0 1 M M M M M M 18 M
18 46 32 39 14 26 0 0.00 0.0 1 M M M M M M 26 M
19 32 17 25 0 40 0 0.00 0.0 T M M M M M M 26 M
20 44 26 35 11 30 0 0.00 0.0 T M M M M M M 23 M
21 54 32 43 19 22 0 0.00 0.0 0 M M M M M M 28 M
22 57 30 44 20 21 0 0.00 0.0 0 M M M M M M 36 M
23 51 15 33 9 32 0 0.07 0.8 0 M M M M M M 1 53 M
24 19 7 13 -11 52 0 0.00 0.0 1 M M M M M M 41 M
25 36 6 21 -3 44 0 0.00 0.0 1 M M M M M M 18 M
26 40 17 29 5 36 0 0.00 0.0 T M M M M M M 14 M
27 38 25 32 9 33 0 T T T M M M M M M 6 35 M
28 31 22 27 4 38 0 0.00 0.0 T M M M M M M 25 M
29 29 22 26 3 39 0 0.48 7.0 2 M M M M M M 16 25 M
30 32 7 20 -3 45 0 0.00 0.0 6 M M M M M M 12 33 M
31 32 7 20 -3 45 0 0.00 0.0 6 M M M M M M 12 23 M
================================================================================
SM 1255 649 1055 0 1.15 11.5 M M M
================================================================================
AV 40.5 20.9 M FASTST M M M MAX(MPH)
MISC ----> M M 53 9999
================================================================================
NOTES:
# LAST OF SEVERAL OCCURRENCES
COLUMN 17 PEAK WIND IN M.P.H.
PRELIMINARY LOCAL CLIMATOLOGICAL DATA (WS FORM: F-6) , PAGE 2
STATION: VALLEY NWS NE
MONTH: DECEMBER
YEAR: 2020
LATITUDE: 41 19 N
LONGITUDE: 96 22 W
[TEMPERATURE DATA] [PRECIPITATION DATA] SYMBOLS USED IN COLUMN 16
AVERAGE MONTHLY: 30.7 TOTAL FOR MONTH: 1.15 1 = FOG OR MIST
DPTR FM NORMAL: 4.8 DPTR FM NORMAL: 0.04 2 = FOG REDUCING VISIBILITY
HIGHEST: 65 ON 9 GRTST 24HR 0.48 ON 29-29 TO 1/4 MILE OR LESS
LOWEST: 6 ON 25 3 = THUNDER
SNOW, ICE PELLETS, HAIL 4 = ICE PELLETS
TOTAL MONTH: 11.5 INCHES 5 = HAIL
GRTST 24HR 7.0 ON 29-29 6 = FREEZING RAIN OR DRIZZLE
GRTST DEPTH: 6 ON 31,30 7 = DUSTSTORM OR SANDSTORM:
VSBY 1/2 MILE OR LESS
8 = SMOKE OR HAZE
[NO. OF DAYS WITH] [WEATHER - DAYS WITH] 9 = BLOWING SNOW
X = TORNADO
MAX 32 OR BELOW: 10 0.01 INCH OR MORE: 4
MAX 90 OR ABOVE: 0 0.10 INCH OR MORE: 3
MIN 32 OR BELOW: 30 0.50 INCH OR MORE: 0
MIN 0 OR BELOW: 0 1.00 INCH OR MORE: 0
[HDD (BASE 65) ]
TOTAL THIS MO. 1055 CLEAR (SCALE 0-3) 0
DPTR FM NORMAL -155 PTCLDY (SCALE 4-7) 0
TOTAL FM JUL 1 2242 CLOUDY (SCALE 8-10) 31
DPTR FM NORMAL -238
[CDD (BASE 65) ]
TOTAL THIS MO. 0
DPTR FM NORMAL 0 [PRESSURE DATA]
TOTAL FM JAN 1 1314 HIGHEST SLP M ON M
DPTR FM NORMAL 239 LOWEST SLP M ON M
[REMARKS]
#FINAL-12-20#