000
CXUS53 KGID 011241
CF6ODX
PRELIMINARY LOCAL CLIMATOLOGICAL DATA (WS FORM: F-6)
STATION: ORD NE
MONTH: NOVEMBER
YEAR: 2023
LATITUDE: 41 37 N
LONGITUDE: 98 57 W
TEMPERATURE IN F: :PCPN: SNOW: WIND :SUNSHINE: SKY :PK WND
================================================================================
1 2 3 4 5 6A 6B 7 8 9 10 11 12 13 14 15 16 17 18
12Z AVG MX 2MIN
DY MAX MIN AVG DEP HDD CDD WTR SNW DPTH SPD SPD DIR MIN PSBL S-S WX SPD DR
================================================================================
1 59 18 39 -3 26 0 0.00 M M 2.7 13 190 M M 0 19 170
2 64 19 42 0 23 0 0.00 M M 4.3 16 190 M M 0 22 170
3 65 33 49 8 16 0 0.00 M M 5.5 14 320 M M 4 19 330
4 64 30 47 6 18 0 0.02 M M 4.8 16 200 M M 4 12 22 180
5 68 32 50 10 15 0 0.00 M M 11.8 25 190 M M 1 12 39 210
6 66 40 53 13 12 0 0.00 M M 5.9 16 230 M M 0 22 210
7 61 36 49 9 16 0 0.00 M M 4.7 15 190 M M 5 12 19 180
8 61 28 45 6 20 0 T M M 12.6 28 330 M M 3 38 330
9 57 20 39 0 26 0 0.00 M M 7.4 26 240 M M 0 37 240
10 55 16 36 -2 29 0 0.00 M M 5.7 17 180 M M 1 26 180
11 60 28 44 6 21 0 0.00 M M 8.3 23 210 M M 0 32 190
12 69 26 48 11 17 0 0.00 M M 5.2 22 340 M M 0 28 350
13 68 23 46 9 19 0 0.00 M M 8.4 25 180 M M 0 34 180
14 65 31 48 11 17 0 0.00 M M 10.2 23 190 M M 0 33 190
15 67 24 46 10 19 0 0.00 M M 5.1 15 180 M M 0 20 180
16 66 35 51 15 14 0 0.03 M M 10.7 31 340 M M 2 42 320
17 58 22 40 5 25 0 0.00 M M 5.8 16 200 M M 0 21 210
18 65 24 45 10 20 0 0.00 M M 2.6 12 160 M M 0 16 180
19 50 33 42 8 23 0 0.51 M M 9.2 21 110 M M 8 1 31 100
20 46 42 44 10 21 0 0.02 M M 10.4 20 330 M M 10 1 27 320
21 47 24 36 2 29 0 0.00 M M 13.5 25 330 M M 1 33 320
22 70 23 47 14 18 0 0.00 M M 5.1 16 260 M M 0 21 250
23 42 25 34 1 31 0 0.00 M M 14.8 23 20 M M 1 31 10
24 25 18 22 -10 43 0 0.01 M M 9.9 22 20 M M 10 8 29 20
25 25 13 19 -13 46 0 0.14 M M 4.6 12 260 M M 8 18 14 260
26 36 9 23 -9 42 0 T M M 12.1 33 330 M M 3 45 320
27 40 11 26 -5 39 0 0.00 M M 7.0 22 320 M M 1 31 300
28 51 17 34 3 31 0 0.00 M M 5.4 14 290 M M 0 23 290
29 58 19 39 8 26 0 0.00 M M 4.5 16 200 M M 0 20 200
30 42 20 31 1 34 0 0.00 M M 10.4 20 360 M M 0 26 360
================================================================================
SM 1670 739 736 0 0.73 M 228.6 M 62
================================================================================
AV 55.7 24.6 7.6 FASTST M M 2 MAX(MPH)
MISC ----> 33 330 45 320
================================================================================
NOTES:
# LAST OF SEVERAL OCCURRENCES
COLUMN 17 PEAK WIND IN M.P.H.
PRELIMINARY LOCAL CLIMATOLOGICAL DATA (WS FORM: F-6) , PAGE 2
STATION: ORD NE
MONTH: NOVEMBER
YEAR: 2023
LATITUDE: 41 37 N
LONGITUDE: 98 57 W
[TEMPERATURE DATA] [PRECIPITATION DATA] SYMBOLS USED IN COLUMN 16
AVERAGE MONTHLY: 40.2 TOTAL FOR MONTH: 0.73 1 = FOG OR MIST
DPTR FM NORMAL: 4.1 DPTR FM NORMAL: -0.14 2 = FOG REDUCING VISIBILITY
HIGHEST: 70 ON 22 GRTST 24HR 0.51 ON 19-19 TO 1/4 MILE OR LESS
LOWEST: 9 ON 26 3 = THUNDER
SNOW, ICE PELLETS, HAIL 4 = ICE PELLETS
TOTAL MONTH: M 5 = HAIL
GRTST 24HR M ON M 6 = FREEZING RAIN OR DRIZZLE
GRTST DEPTH: M ON M 7 = DUSTSTORM OR SANDSTORM:
VSBY 1/2 MILE OR LESS
8 = SMOKE OR HAZE
[NO. OF DAYS WITH] [WEATHER - DAYS WITH] 9 = BLOWING SNOW
X = TORNADO
MAX 32 OR BELOW: 2 0.01 INCH OR MORE: 6
MAX 90 OR ABOVE: 0 0.10 INCH OR MORE: 2
MIN 32 OR BELOW: 24 0.50 INCH OR MORE: 1
MIN 0 OR BELOW: 0 1.00 INCH OR MORE: 0
[HDD (BASE 65) ]
TOTAL THIS MO. 736 CLEAR (SCALE 0-3) 23
DPTR FM NORMAL -132 PTCLDY (SCALE 4-7) 4
TOTAL FM JUL 1 1249 CLOUDY (SCALE 8-10) 3
DPTR FM NORMAL -248
[CDD (BASE 65) ]
TOTAL THIS MO. 0
DPTR FM NORMAL 0 [PRESSURE DATA]
TOTAL FM JAN 1 1052 HIGHEST SLP 30.67 ON 24
DPTR FM NORMAL 213 LOWEST SLP 29.68 ON 5
[REMARKS]
SUBSTITUTED LIQUID PRECIPITATION AMOUNT (0.14) FOR 11/25/2023 FROM
LOCAL COOPERATIVE OBSERVER (ORD #2, SITE 25-6336) DUE TO THE
AUTOMATED GAUGE CAPTURE UNDER REPRESENTING PRECIPITATION FROM THE
SNOW EVENT.
#FINAL-11-23#