000
CXUS52 KCAE 011500
CF6OGB
PRELIMINARY LOCAL CLIMATOLOGICAL DATA (WS FORM: F-6)
STATION: ORANGEBURG AIRPORT SC
MONTH: JANUARY
YEAR: 2022
LATITUDE: 33 27 N
LONGITUDE: 80 51 W
TEMPERATURE IN F: :PCPN: SNOW: WIND :SUNSHINE: SKY :PK WND
================================================================================
1 2 3 4 5 6A 6B 7 8 9 10 11 12 13 14 15 16 17 18
12Z AVG MX 2MIN
DY MAX MIN AVG DEP HDD CDD WTR SNW DPTH SPD SPD DIR MIN PSBL S-S WX SPD DR
================================================================================
1 82 68 75 27 0 10 0.00 M M 13.0 23 220 M M 5 28 220
2 75 60 68 20 0 3 M M M 9.5 24 300 M M 8 13 30 300
3 69 37 53 6 12 0 M M M 12.4 44 250 M M 6 13 61 250
4 51 32 42 -5 23 0 0.00 M M 4.8 12 40 M M 1 17 80
5 62 41 52 5 13 0 T M M 4.9 15 260 M M 6 21 250
6 62 36 49 2 16 0 0.00 M M 5.7 16 200 M M 2 12 21 190
7 59 35 47 0 18 0 0.00 M M 7.6 24 280 M M 1 37 270
8 47 31 39 -8 26 0 0.00 M M 6.2 13 50 M M 4 17 50
9 74 40 57 10 8 0 0.30 M M 7.1 24 290 M M 6 13 30 280
10 60 34 47 0 18 0 0.14 M M 7.1 18 20 M M 6 1 25 20
11 49 30 40 -7 25 0 0.00 M M 4.9 16 50 M M 0 8 22 40
12 57 26 42 -5 23 0 0.00 M M 2.3 12 230 M M 0 15 240
13 61 31 46 -1 19 0 0.00 M M 3.3 15 230 M M 1 1 21 230
14 59 38 49 2 16 0 0.00 M M 5.7 16 10 M M 0 21 360
15 50 36 43 -4 22 0 0.00 M M 7.3 14 60 M M 2 19 60
16 47 34 41 -6 24 0 1.22 M M 10.9 29 250 M M 9 1 36 250
17 48 35 42 -5 23 0 T M M 17.7 30 270 M M 4 43 300
18 53 27 40 -7 25 0 0.00 M M 2.4 12 280 M M 0 16 290
19 62 28 45 -2 20 0 0.00 M M 3.9 10 170 M M 0 14 170
20 62 39 51 4 14 0 0.26 M M 4.3 16 20 M M 5 1 21 40
21 44 29 37 -10 28 0 0.12 M M 11.0 17 50 M M 10 16 25 40
22 42 26 34 -13 31 0 0.00 M M 5.7 15 360 M M 6 126 19 340
23 54 23 39 -8 26 0 0.00 M M 5.6 16 230 M M 1 12 22 230
24 58 30 44 -4 21 0 0.00 M M 3.5 14 250 M M 0 17 290
25 61 39 50 2 15 0 0.00 M M 3.4 9 210 M M 6 12 250
26 52 35 44 -4 21 0 0.00 M M 6.4 15 40 M M 0 1 22 40
27 50 29 40 -8 25 0 0.00 M M 6.7 15 40 M M 0 19 30
28 46 29 38 -10 27 0 T M M 4.1 21 310 M M 4 30 310
29 43 26 35 -13 30 0 0.03 M M 9.1 22 310 M M 4 30 290
30 54 21 38 -10 27 0 0.00 M M 6.6 21 200 M M 0 31 220
31 63 29 46 -2 19 0 0.00 M M 2.0 12 280 M M 0 17 270
================================================================================
SM 1756 1054 615 13 2.07 M 205.1 M 97
================================================================================
AV 56.6 34.0 6.6 FASTST M M 3 MAX(MPH)
MISC ----> 44 250 61 250
================================================================================
NOTES:
# LAST OF SEVERAL OCCURRENCES
COLUMN 17 PEAK WIND IN M.P.H.
PRELIMINARY LOCAL CLIMATOLOGICAL DATA (WS FORM: F-6) , PAGE 2
STATION: ORANGEBURG AIRPORT SC
MONTH: JANUARY
YEAR: 2022
LATITUDE: 33 27 N
LONGITUDE: 80 51 W
[TEMPERATURE DATA] [PRECIPITATION DATA] SYMBOLS USED IN COLUMN 16
AVERAGE MONTHLY: 45.3 TOTAL FOR MONTH: 2.07 1 = FOG OR MIST
DPTR FM NORMAL: -2.0 DPTR FM NORMAL: -1.56 2 = FOG REDUCING VISIBILITY
HIGHEST: 82 ON 1 GRTST 24HR 1.28 ON 15-16 TO 1/4 MILE OR LESS
LOWEST: 21 ON 30 3 = THUNDER
SNOW, ICE PELLETS, HAIL 4 = ICE PELLETS
TOTAL MONTH: M 5 = HAIL
GRTST 24HR M ON M 6 = FREEZING RAIN OR DRIZZLE
GRTST DEPTH: M ON M 7 = DUSTSTORM OR SANDSTORM:
VSBY 1/2 MILE OR LESS
8 = SMOKE OR HAZE
[NO. OF DAYS WITH] [WEATHER - DAYS WITH] 9 = BLOWING SNOW
X = TORNADO
MAX 32 OR BELOW: 0 0.01 INCH OR MORE: 6
MAX 90 OR ABOVE: 0 0.10 INCH OR MORE: 5
MIN 32 OR BELOW: 16 0.50 INCH OR MORE: 1
MIN 0 OR BELOW: 0 1.00 INCH OR MORE: 1
[HDD (BASE 65) ]
TOTAL THIS MO. 615 CLEAR (SCALE 0-3) 16
DPTR FM NORMAL 64 PTCLDY (SCALE 4-7) 12
TOTAL FM JUL 1 1311 CLOUDY (SCALE 8-10) 3
DPTR FM NORMAL -97
[CDD (BASE 65) ]
TOTAL THIS MO. 13
DPTR FM NORMAL 9 [PRESSURE DATA]
TOTAL FM JAN 1 13 HIGHEST SLP 30.61 ON 8
DPTR FM NORMAL 9 LOWEST SLP 29.50 ON 3
[REMARKS]
#FINAL-01-22#