000
CXUS53 KEAX 012053 RRA
CLAOJC
CLIMATE REPORT
NATIONAL WEATHER SERVICE KANSAS CITY/PLEASANT HILL MO
249 PM CST MON JAN 01 2024
...................................
...THE JOHNSON COUNTY EXECUTIVE KS CLIMATE SUMMARY FOR THE YEAR OF 2023...
CLIMATE NORMAL PERIOD: 1991 TO 2020
CLIMATE RECORD PERIOD: 9999 TO 9999
WEATHER OBSERVED NORMAL DEPART LAST YEAR`S
VALUE DATE(S) VALUE FROM VALUE
NORMAL
..............................................................
TEMPERATURE (F)
HIGHEST 105 08/25 98 7
LOWEST 9 01/31 2 7
02/01
AVG. MAXIMUM 68.5 64.5 4.0
AVG. MINIMUM 47.7 45.7 2.0
MEAN 58.1 55.1 3.0
DAYS MAX >= 90 49 33.2 15.8
DAYS MAX <= 32 7 24.2 -17.2
DAYS MIN <= 32 91 101.0 -10.0
DAYS MIN <= 0 0 2.4 -2.4
PRECIPITATION (INCHES)
TOTALS 32.57 37.74 -5.17
DAILY AVG. 0.09 0.10 -0.01
DAYS >= .01 96 100.5 -4.5
DAYS >= .10 62 59.1 2.9
DAYS >= .50 22 24.3 -2.3
DAYS >= 1.00 8 11.0 -3.0
GREATEST
24 HR. TOTAL 3.53 10/24 TO 10/25
DEGREE DAYS
HEATING TOTAL 4153 4926 -773
COOLING TOTAL 1774 1351 423
..............................................................
WIND (MPH)
AVERAGE WIND SPEED 7.9
HIGHEST WIND SPEED/DIRECTION 87/360 DATE 08/15
HIGHEST GUST SPEED/DIRECTION 87/360 DATE 08/15
SKY COVER
POSSIBLE SUNSHINE (PERCENT) MM
AVERAGE SKY COVER 0.29
NUMBER OF DAYS FAIR 246
NUMBER OF DAYS PC 67
NUMBER OF DAYS CLOUDY 52
AVERAGE RH (PERCENT) 65
WEATHER CONDITIONS. NUMBER OF DAYS WITH
THUNDERSTORM 53 MIXED PRECIP 0
HEAVY RAIN 38 RAIN 52
LIGHT RAIN 95 FREEZING RAIN 0
LT FREEZING RAIN 2 HAIL 1
HEAVY SNOW 0 SNOW 1
LIGHT SNOW 18 SLEET 0
FOG 117 FOG W/VIS <= 1/4 MILE 14
HAZE 25
- INDICATES NEGATIVE NUMBERS.
R INDICATES RECORD WAS SET OR TIED.
MM INDICATES DATA IS MISSING.
T INDICATES TRACE AMOUNT.
$$