000
CXUS53 KEAX 010914
CLMOJC
CLIMATE REPORT
NATIONAL WEATHER SERVICE KANSAS CITY/PLEASANT HILL MO
408 AM CDT SUN OCT 01 2023
...................................
...THE JOHNSON COUNTY EXECUTIVE KS CLIMATE SUMMARY FOR THE MONTH OF SEPTEMBER 2023...
CLIMATE NORMAL PERIOD: 1991 TO 2020
CLIMATE RECORD PERIOD: 9999 TO 9999
WEATHER OBSERVED NORMAL DEPART LAST YEAR`S
VALUE DATE(S) VALUE FROM VALUE DATE(S)
NORMAL
................................................................
TEMPERATURE (F)
HIGHEST 99 09/05 92 7 97 09/19
09/20
LOWEST 52 09/14 42 10 46 09/29
09/18
09/30
AVG. MAXIMUM 85.9 78.1 7.8 83.1
AVG. MINIMUM 61.3 58.6 2.7 59.5
MEAN 73.6 68.4 5.2 71.3
DAYS MAX >= 90 6 2.8 3.2 4
DAYS MAX <= 32 0 0.0 0.0 0
DAYS MIN <= 32 0 0.0 0.0 0
DAYS MIN <= 0 0 0.0 0.0 0
PRECIPITATION (INCHES)
TOTALS 4.80 3.54 1.26 0.42
DAILY AVG. 0.16 0.12 0.04 0.01
DAYS >= .01 6 8.4 -2.4 4
DAYS >= .10 5 5.1 -0.1 2
DAYS >= .50 4 2.5 1.5 0
DAYS >= 1.00 3 1.0 2.0 0
GREATEST
24 HR. TOTAL 2.23 09/21 TO 09/22
DEGREE DAYS
HEATING TOTAL 0 51 -51 19
SINCE 7/1 0 52 -52 MM
COOLING TOTAL 266 152 114 215
SINCE 1/1 1707 1323 384 MM
................................................................
WIND (MPH)
AVERAGE WIND SPEED 6.7
HIGHEST WIND SPEED/DIRECTION 32/170 DATE 09/21
HIGHEST GUST SPEED/DIRECTION 43/350 DATE 09/16
SKY COVER
POSSIBLE SUNSHINE (PERCENT) MM
AVERAGE SKY COVER 0.17
NUMBER OF DAYS FAIR 26
NUMBER OF DAYS PC 3
NUMBER OF DAYS CLOUDY 1
AVERAGE RH (PERCENT) 60
WEATHER CONDITIONS. NUMBER OF DAYS WITH
THUNDERSTORM 5 MIXED PRECIP 0
HEAVY RAIN 4 RAIN 4
LIGHT RAIN 6 FREEZING RAIN 0
LT FREEZING RAIN 0 HAIL 1
HEAVY SNOW 0 SNOW 0
LIGHT SNOW 0 SLEET 0
FOG 7 FOG W/VIS <= 1/4 MILE 2
HAZE 8
- INDICATES NEGATIVE NUMBERS.
R INDICATES RECORD WAS SET OR TIED.
MM INDICATES DATA IS MISSING.
T INDICATES TRACE AMOUNT.
$$