000
CXUS56 KSGX 012223
CLMOKB
CLIMATE REPORT
NATIONAL WEATHER SERVICE SAN DIEGO, CA
223 PM PST FRI MAR 01 2024
...................................
...THE OCEANSIDE AIRPORT CA CLIMATE SUMMARY FOR THE MONTH OF FEBRUARY 2024...
CLIMATE NORMAL PERIOD: 1991 TO 2020
CLIMATE RECORD PERIOD: 1999 TO 2024
WEATHER OBSERVED NORMAL DEPART LAST YEAR`S
VALUE DATE(S) VALUE FROM VALUE DATE(S)
NORMAL
................................................................
TEMPERATURE (F)
RECORD
HIGH 91 02/22/2002
LOW 28 02/05/2020
02/03/2011
02/27/2011
HIGHEST 75 02/23 MM MM 78 02/09
LOWEST 39 02/11 MM MM 30 02/15
02/13
AVG. MAXIMUM 64.6 66.0 -1.4 63.5
AVG. MINIMUM 47.2 42.1 5.1 38.5
MEAN 55.9 54.1 1.8 51.0
DAYS MAX >= 90 0 0.0 0.0 0
DAYS MAX <= 32 0 0.0 0.0 0
DAYS MAX >= 45 29 28
DAYS MIN <= 32 0 1.3 -1.3 3
PRECIPITATION (INCHES)
RECORD
MAXIMUM 7.31 2005
MINIMUM MM MM
TOTALS 6.84 2.90 3.94 2.62
DAILY AVG. 0.24 NAN NAN 0.09
DAYS >= .01 12 8.9 3.1 9
DAYS >= .10 8 4.6 3.4 4
DAYS >= .50 4 1.3 2.7 1
DAYS >= 1.00 3 0.9 2.1 1
DAYS >= %-5.2F 0 0
DAYS >= %-5.2F 0 0
GREATEST
24 HR. TOTAL 2.83 02/05 TO 02/06 1.59 02/25 TO 02/26
STORM TOTAL 2.70 1.56
(MM/DD(HH)) MM
DEGREE DAYS
HEATING TOTAL 257 307 -50 384
SINCE 7/1 1041 1373 -332 MM
COOLING TOTAL 0 1 -1 0
SINCE 1/1 0 1 -1 MM
FREEZE DATES
RECORD
EARLIEST MM
LATEST MM
EARLIEST 12/26
LATEST 01/23
................................................................
WIND (MPH)
AVERAGE WIND SPEED 4.3
RESULTANT WIND SPEED/DIRECTION 2/250
HIGHEST WIND SPEED/DIRECTION 29/260 DATE 02/06
HIGHEST GUST SPEED/DIRECTION 44/230 DATE 02/07
SKY COVER
POSSIBLE SUNSHINE (PERCENT) MM
AVERAGE SKY COVER 0.49
NUMBER OF DAYS FAIR 10
NUMBER OF DAYS PC 12
NUMBER OF DAYS CLOUDY 7
AVERAGE RH (PERCENT) 77
WEATHER CONDITIONS. NUMBER OF DAYS WITH
THUNDERSTORM 0 MIXED PRECIP 0
HEAVY RAIN 6 RAIN 8
LIGHT RAIN 12 FREEZING RAIN 0
LT FREEZING RAIN 0 HAIL 0
HEAVY SNOW 0 SNOW 0
LIGHT SNOW 0 SLEET 0
FOG 27 FOG W/VIS <= 1/4 MILE 2
HAZE 13
- INDICATES NEGATIVE NUMBERS.
R INDICATES RECORD WAS SET OR TIED.
MM INDICATES DATA IS MISSING.
T INDICATES TRACE AMOUNT.
$$