000
CXUS54 KOUN 011257
CF6OKC
PRELIMINARY LOCAL CLIMATOLOGICAL DATA (WS FORM: F-6)
STATION: OKLAHOMA CITY
MONTH: FEBRUARY
YEAR: 2022
LATITUDE: 35 24 N
LONGITUDE: 97 36 W
TEMPERATURE IN F: :PCPN: SNOW: WIND :SUNSHINE: SKY :PK WND
================================================================================
1 2 3 4 5 6A 6B 7 8 9 10 11 12 13 14 15 16 17 18
12Z AVG MX 2MIN
DY MAX MIN AVG DEP HDD CDD WTR SNW DPTH SPD SPD DIR MIN PSBL S-S WX SPD DR
================================================================================
1 63 39 51 11 14 0 T 0.0 0 15.2 24 360 M M 9 32 350
2 39 16 28 -12 37 0 0.30 3.0 0 20.5 29 10 M M 10 12569 38 10
3 16 13 15 -25 50 0 0.22 3.8 3 20.9 26 360 M M 10 9 33 360
4 31 10 21 -19 44 0 T T 6 9.3 22 350 M M 3 19 25 350
5 42 10 26 -14 39 0 0.00 0.0 4 10.8 23 180 M M 0 27 180
6 49 22 36 -4 29 0 0.00 0.0 2 9.8 18 350 M M 2 22 350
7 56 25 41 1 24 0 0.00 0.0 T 8.2 18 310 M M 1 22 310
8 65 27 46 5 19 0 0.00 0.0 0 10.4 22 210 M M 1 28 240
9 67 28 48 7 17 0 0.00 0.0 0 7.4 18 270 M M 2 24 270
10 61 39 50 9 15 0 0.00 0.0 0 6.9 14 280 M M 5 19 320
11 63 36 50 9 15 0 0.00 0.0 0 14.7 29 10 M M 5 35 10
12 45 21 33 -9 32 0 0.00 0.0 0 14.9 35 10 M M 4 41 20
13 56 23 40 -2 25 0 0.00 0.0 0 9.1 15 350 M M 2 20 360
14 70 29 50 8 15 0 0.00 0.0 0 9.0 16 180 M M 0 19 200
15 69 41 55 13 10 0 0.00 0.0 0 19.7 32 180 M M 4 42 170
16 73 55 64 22 1 0 0.00 0.0 0 20.7 32 190 M M 6 40 190
17 62 19 41 -2 24 0 0.58 T 0 22.7 39 350 M M 8 13 49 340
18 49 14 32 -11 33 0 0.00 0.0 0 6.5 17 230 M M 0 28 240
19 63 30 47 4 18 0 0.00 0.0 0 8.2 18 180 M M 0 24 180
20 69 37 53 9 12 0 0.00 0.0 0 19.5 30 200 M M 4 37 200
21 70 49 60 16 5 0 T 0.0 0 17.1 30 220 M M 7 38 190
22 64 17 41 -3 24 0 T 0.0 0 22.3 35 350 M M 5 42 340
23 19 11 15 -29 50 0 0.32 1.1 0 17.5 29 10 M M 9 13469 35 10
24 22 14 18 -27 47 0 0.01 T 1 10.8 17 340 M M 8 16 21 340
25 30 15 23 -22 42 0 0.00 0.0 0 9.8 17 40 M M 7 22 50
26 38 21 30 -15 35 0 0.00 0.0 0 6.6 12 350 M M 6 15 350
27 55 21 38 -8 27 0 0.00 0.0 0 5.6 13 330 M M 1 14 320
28 65 27 46 0 19 0 0.00 0.0 0 8.3 16 220 M M 5 20 230
================================================================================
SM 1471 709 722 0 1.43 7.9 362.4 M 124
================================================================================
AV 52.5 25.3 12.9 FASTST M M 4 MAX(MPH)
MISC ----> 39 350 49 340
================================================================================
NOTES:
# LAST OF SEVERAL OCCURRENCES
COLUMN 17 PEAK WIND IN M.P.H.
PRELIMINARY LOCAL CLIMATOLOGICAL DATA (WS FORM: F-6) , PAGE 2
STATION: OKLAHOMA CITY
MONTH: FEBRUARY
YEAR: 2022
LATITUDE: 35 24 N
LONGITUDE: 97 36 W
[TEMPERATURE DATA] [PRECIPITATION DATA] SYMBOLS USED IN COLUMN 16
AVERAGE MONTHLY: 38.9 TOTAL FOR MONTH: 1.43 1 = FOG OR MIST
DPTR FM NORMAL: -3.4 DPTR FM NORMAL: 0.01 2 = FOG REDUCING VISIBILITY
HIGHEST: 73 ON 16 GRTST 24HR 0.58 ON 17-17 TO 1/4 MILE OR LESS
LOWEST: 10 ON 5, 4 3 = THUNDER
SNOW, ICE PELLETS, HAIL 4 = ICE PELLETS
TOTAL MONTH: 7.9 INCHES 5 = HAIL
GRTST 24HR 3.8 ON 3- 3 6 = FREEZING RAIN OR DRIZZLE
GRTST DEPTH: 6 ON 4 7 = DUSTSTORM OR SANDSTORM:
VSBY 1/2 MILE OR LESS
8 = SMOKE OR HAZE
[NO. OF DAYS WITH] [WEATHER - DAYS WITH] 9 = BLOWING SNOW
X = TORNADO
MAX 32 OR BELOW: 5 0.01 INCH OR MORE: 5
MAX 90 OR ABOVE: 0 0.10 INCH OR MORE: 4
MIN 32 OR BELOW: 21 0.50 INCH OR MORE: 1
MIN 0 OR BELOW: 0 1.00 INCH OR MORE: 0
[HDD (BASE 65) ]
TOTAL THIS MO. 722 CLEAR (SCALE 0-3) 11
DPTR FM NORMAL 85 PTCLDY (SCALE 4-7) 12
TOTAL FM JUL 1 2515 CLOUDY (SCALE 8-10) 5
DPTR FM NORMAL -406
[CDD (BASE 65) ]
TOTAL THIS MO. 0
DPTR FM NORMAL -1 [PRESSURE DATA]
TOTAL FM JAN 1 0 HIGHEST SLP 30.66 ON 4
DPTR FM NORMAL 0 LOWEST SLP 29.59 ON 21
[REMARKS]
#FINAL-02-22#