000
CXUS54 KOUN 010910
CF6OKC
PRELIMINARY LOCAL CLIMATOLOGICAL DATA (WS FORM: F-6)
STATION: OKLAHOMA CITY
MONTH: NOVEMBER
YEAR: 2021
LATITUDE: 35 24 N
LONGITUDE: 97 36 W
TEMPERATURE IN F: :PCPN: SNOW: WIND :SUNSHINE: SKY :PK WND
================================================================================
1 2 3 4 5 6A 6B 7 8 9 10 11 12 13 14 15 16 17 18
12Z AVG MX 2MIN
DY MAX MIN AVG DEP HDD CDD WTR SNW DPTH SPD SPD DIR MIN PSBL S-S WX SPD DR
================================================================================
1 55 44 50 -5 15 0 T 0.0 0 11.7 20 40 M M 8 25 30
2 47 41 44 -10 21 0 0.13 0.0 0 12.6 20 30 M M 10 1 23 40
3 47 42 45 -9 20 0 0.23 0.0 0 8.2 15 50 M M 10 1 18 40
4 53 38 46 -8 19 0 0.00 0.0 0 4.6 10 180 M M 8 14 220
5 60 36 48 -5 17 0 0.00 0.0 0 9.1 17 180 M M 3 22 170
6 67 36 52 -1 13 0 0.00 0.0 0 9.1 15 190 M M 1 19 170
7 76 43 60 8 5 0 0.00 0.0 0 14.7 26 210 M M 1 31 210
8 75 50 63 11 2 0 0.00 0.0 0 13.9 23 180 M M 4 28 180
9 68 54 61 9 4 0 0.00 0.0 0 5.8 14 180 M M 7 17 180
10 70 51 61 10 4 0 T 0.0 0 14.9 26 330 M M 8 3 35 190
11 63 40 52 1 13 0 0.00 0.0 0 9.4 20 350 M M 2 24 350
12 56 32 44 -6 21 0 0.00 0.0 0 12.8 30 20 M M 3 39 10
13 62 28 45 -5 20 0 0.00 0.0 0 8.6 20 210 M M 5 24 210
14 62 40 51 1 14 0 0.00 0.0 0 7.1 24 40 M M 5 29 40
15 75 36 56 7 9 0 0.00 0.0 0 8.7 16 200 M M 2 22 210
16 79 48 64 15 1 0 0.00 0.0 0 16.9 29 190 M M 5 1 36 190
17 68 44 56 7 9 0 0.00 0.0 0 18.6 31 350 M M 6 40 360
18 55 32 44 -4 21 0 0.00 0.0 0 7.1 16 10 M M 3 20 10
19 58 28 43 -5 22 0 0.00 0.0 0 14.5 29 180 M M 5 35 180
20 69 45 57 10 8 0 0.00 0.0 0 11.9 22 180 M M 7 27 170
21 57 41 49 2 16 0 0.00 0.0 0 13.4 23 350 M M 6 30 360
22 63 30 47 0 18 0 0.00 0.0 0 7.5 22 210 M M 1 27 210
23 70 35 53 7 12 0 0.00 0.0 0 15.4 28 170 M M 2 37 180
24 67 48 58 12 7 0 0.00 0.0 0 21.2 31 350 M M 8 40 340
25 50 26 38 -8 27 0 0.00 0.0 0 16.1 32 350 M M 3 39 360
26 62 23 43 -2 22 0 0.00 0.0 0 9.9 24 220 M M 1 27 210
27 68 35 52 7 13 0 0.00 0.0 0 8.2 18 210 M M 5 22 210
28 59 36 48 4 17 0 0.00 0.0 0 6.2 13 360 M M 2 16 20
29 73 35 54 10 11 0 0.00 0.0 0 8.7 14 200 M M 2 18 210
30 75 38 57 13 8 0 0.00 0.0 0 6.9 12 160 M M 1 14 160
================================================================================
SM 1909 1155 409 0 0.36 0.0 333.7 M 134
================================================================================
AV 63.6 38.5 11.1 FASTST M M 4 MAX(MPH)
MISC ----> 32 350 # 40 360
================================================================================
NOTES:
# LAST OF SEVERAL OCCURRENCES
COLUMN 17 PEAK WIND IN M.P.H.
PRELIMINARY LOCAL CLIMATOLOGICAL DATA (WS FORM: F-6) , PAGE 2
STATION: OKLAHOMA CITY
MONTH: NOVEMBER
YEAR: 2021
LATITUDE: 35 24 N
LONGITUDE: 97 36 W
[TEMPERATURE DATA] [PRECIPITATION DATA] SYMBOLS USED IN COLUMN 16
AVERAGE MONTHLY: 51.1 TOTAL FOR MONTH: 0.36 1 = FOG OR MIST
DPTR FM NORMAL: 1.9 DPTR FM NORMAL: -1.32 2 = FOG REDUCING VISIBILITY
HIGHEST: 79 ON 16 GRTST 24HR 0.36 ON 2- 3 TO 1/4 MILE OR LESS
LOWEST: 23 ON 26 3 = THUNDER
SNOW, ICE PELLETS, HAIL 4 = ICE PELLETS
TOTAL MONTH: 0.0 INCH 5 = HAIL
GRTST 24HR 0.0 6 = FREEZING RAIN OR DRIZZLE
GRTST DEPTH: 0 7 = DUSTSTORM OR SANDSTORM:
VSBY 1/2 MILE OR LESS
8 = SMOKE OR HAZE
[NO. OF DAYS WITH] [WEATHER - DAYS WITH] 9 = BLOWING SNOW
X = TORNADO
MAX 32 OR BELOW: 0 0.01 INCH OR MORE: 2
MAX 90 OR ABOVE: 0 0.10 INCH OR MORE: 2
MIN 32 OR BELOW: 7 0.50 INCH OR MORE: 0
MIN 0 OR BELOW: 0 1.00 INCH OR MORE: 0
[HDD (BASE 65) ]
TOTAL THIS MO. 409 CLEAR (SCALE 0-3) 13
DPTR FM NORMAL -69 PTCLDY (SCALE 4-7) 13
TOTAL FM JUL 1 495 CLOUDY (SCALE 8-10) 4
DPTR FM NORMAL -179
[CDD (BASE 65) ]
TOTAL THIS MO. 0
DPTR FM NORMAL -4 [PRESSURE DATA]
TOTAL FM JAN 1 1854 HIGHEST SLP 30.58 ON 18
DPTR FM NORMAL -12 LOWEST SLP 29.65 ON 16
[REMARKS]
#FINAL-11-21#