000
CXUS55 KGGW 010910
CF6OLF
PRELIMINARY LOCAL CLIMATOLOGICAL DATA (WS FORM: F-6)
STATION: WOLF POINT MT
MONTH: NOVEMBER
YEAR: 2020
LATITUDE: 48 5 N
LONGITUDE: 105 35 W
TEMPERATURE IN F: :PCPN: SNOW: WIND :SUNSHINE: SKY :PK WND
================================================================================
1 2 3 4 5 6A 6B 7 8 9 10 11 12 13 14 15 16 17 18
12Z AVG MX 2MIN
DY MAX MIN AVG DEP HDD CDD WTR SNW DPTH SPD SPD DIR MIN PSBL S-S WX SPD DR
================================================================================
1 59 23 41 5 24 0 0.00 M M 4.7 18 260 M M 2 23 260
2 74 25 50 15 15 0 0.00 M M 3.8 10 240 M M 0 13 230
3 75 26 51 16 14 0 0.00 M M 4.8 14 260 M M 0 17 250
4 75 28 52 18 13 0 T M M 7.5 28 280 M M 0 36 280
5 76 30 53 19 12 0 0.00 M M 4.2 18 240 M M 0 26 240
6 61 33 47 14 18 0 0.00 M M 7.4 17 40 M M 0 22 40
7 37 30 34 2 31 0 0.00 M M 12.4 20 70 M M 9 24 80
8 34 20 27 -5 38 0 0.15 M M 16.7 25 40 M M 9 6 33 260
9 21 -1 10 -21 55 0 0.01 M M 10.1 23 270 M M 5 29 270
10 33 -4 15 -16 50 0 0.00 M M 3.1 17 250 M M 6 22 250
11 34 11 23 -7 42 0 T M M 14.7 28 300 M M 9 8 37 300
12 27 2 15 -15 50 0 T M M 3.4 9 230 M M 2 128 12 250
13 41 3 22 -7 43 0 0.00 M M 2.7 9 80 M M 3 12 180
14 38 22 30 2 35 0 0.00 M M 13.9 29 280 M M 3 36 280
15 41 14 28 0 37 0 0.00 M M 7.3 18 270 M M 2 23 280
16 39 20 30 3 35 0 0.00 M M 5.7 15 260 M M 0 20 260
17 40 24 32 5 33 0 0.00 M M 9.0 14 80 M M 3 17 80
18 45 23 34 8 31 0 0.00 M M 3.1 9 260 M M 1 11 260
19 37 17 27 1 38 0 0.06 M M 7.3 14 80 M M 6 126 17 80
20 31 11 21 -4 44 0 0.00 M M 2.2 7 240 M M 2 9 280
21 41 15 28 3 37 0 0.00 M M 4.0 14 250 M M 3 19 280
22 40 13 27 3 38 0 0.00 M M 5.2 14 270 M M 0 18 250
23 36 17 27 3 38 0 0.00 M M 6.1 12 290 M M 0 15 310
24 32 14 23 0 42 0 0.00 M M 5.0 9 200 M M 4 1 11 190
25 40 16 28 5 37 0 0.00 M M 5.0 14 310 M M 3 19 310
26 38 16 27 5 38 0 T M M 8.4 20 310 M M 4 1 28 300
27 51 14 33 11 32 0 0.00 M M 5.3 18 260 M M 0 23 260
28 51 18 35 14 30 0 0.00 M M 11.0 35 290 M M 0 44 310
29 43 8 26 5 39 0 0.00 M M 3.7 13 200 M M 0 16 210
30 50 11 31 11 34 0 0.00 M M 1.7 10 250 M M 0 8 12 240
================================================================================
SM 1340 499 1023 0 0.22 M 199.4 M 76
================================================================================
AV 44.7 16.6 6.6 FASTST M M 3 MAX(MPH)
MISC ----> 35 290 44 310
================================================================================
NOTES:
# LAST OF SEVERAL OCCURRENCES
COLUMN 17 PEAK WIND IN M.P.H.
PRELIMINARY LOCAL CLIMATOLOGICAL DATA (WS FORM: F-6) , PAGE 2
STATION: WOLF POINT MT
MONTH: NOVEMBER
YEAR: 2020
LATITUDE: 48 5 N
LONGITUDE: 105 35 W
[TEMPERATURE DATA] [PRECIPITATION DATA] SYMBOLS USED IN COLUMN 16
AVERAGE MONTHLY: 30.7 TOTAL FOR MONTH: 0.22 1 = FOG OR MIST
DPTR FM NORMAL: 3.0 DPTR FM NORMAL: -0.17 2 = FOG REDUCING VISIBILITY
HIGHEST: 76 ON 5 GRTST 24HR 0.16 ON 8- 9 TO 1/4 MILE OR LESS
LOWEST: -4 ON 10 3 = THUNDER
SNOW, ICE PELLETS, HAIL 4 = ICE PELLETS
TOTAL MONTH: M 5 = HAIL
GRTST 24HR M ON M 6 = FREEZING RAIN OR DRIZZLE
GRTST DEPTH: M ON M 7 = DUSTSTORM OR SANDSTORM:
VSBY 1/2 MILE OR LESS
8 = SMOKE OR HAZE
[NO. OF DAYS WITH] [WEATHER - DAYS WITH] 9 = BLOWING SNOW
X = TORNADO
MAX 32 OR BELOW: 4 0.01 INCH OR MORE: 3
MAX 90 OR ABOVE: 0 0.10 INCH OR MORE: 1
MIN 32 OR BELOW: 29 0.50 INCH OR MORE: 0
MIN 0 OR BELOW: 2 1.00 INCH OR MORE: 0
[HDD (BASE 65) ]
TOTAL THIS MO. 1023 CLEAR (SCALE 0-3) 19
DPTR FM NORMAL -96 PTCLDY (SCALE 4-7) 8
TOTAL FM JUL 1 2121 CLOUDY (SCALE 8-10) 3
DPTR FM NORMAL 19
[CDD (BASE 65) ]
TOTAL THIS MO. 0
DPTR FM NORMAL 0 [PRESSURE DATA]
TOTAL FM JAN 1 504 HIGHEST SLP M ON M
DPTR FM NORMAL 56 LOWEST SLP 29.32 ON 13
[REMARKS]
#FINAL-11-20#