000
CXUS55 KTWC 010855
CF6OLS
PRELIMINARY LOCAL CLIMATOLOGICAL DATA (WS FORM: F-6)
STATION: NOGALES AZ AIRPORT
MONTH: JULY
YEAR: 2021
LATITUDE: 31 25 N
LONGITUDE: 110 51 W
TEMPERATURE IN F: :PCPN: SNOW: WIND :SUNSHINE: SKY :PK WND
================================================================================
1 2 3 4 5 6A 6B 7 8 9 10 11 12 13 14 15 16 17 18
12Z AVG MX 2MIN
DY MAX MIN AVG DEP HDD CDD WTR SNW DPTH SPD SPD DIR MIN PSBL S-S WX SPD DR
================================================================================
1 92 69 81 -1 0 16 0.42 M M 3.1 25 150 M M 5 3 42 170
2 94 69 82 0 0 17 0.47 M M 3.8 22 180 M M 5 13 35 120
3 82 68 75 -7 0 10 0.29 M M 4.5 21 50 M M 5 13 28 50
4 87 67 77 -5 0 12 0.42 M M 3.4 17 70 M M 5 13 24 320
5 89 69 79 -3 0 14 0.81 M M 5.0 20 150 M M 4 13 28 30
6 97 69 83 1 0 18 0.05 M M 6.0 15 330 M M 2 1 23 310
7 100 72 86 5 0 21 0.01 M M 4.3 20 320 M M 1 3 31 320
8 100 68 84 3 0 19 0.00 M M 5.2 15 110 M M 1 22 110
9 101 71 86 5 0 21 0.00 M M 4.6 18 260 M M 1 27 290
10 100 72 86 5 0 21 0.23 M M 4.5 25 270 M M 2 13 36 270
11 99 71 85 4 0 20 0.02 M M 5.6 21 250 M M 0 29 240
12 97 67 82 1 0 17 0.06 M M 9.7 32 100 M M M 3 46 110
13 90 68 79 -2 0 14 0.12 M M 4.8 25 40 M M M 3 39 60
14 87 69 78 -3 0 13 0.00 M M 3.4 17 320 M M M 24 320
15 85 70 78 -3 0 13 0.21 M M 4.3 14 240 M M M 138 18 210
16 84 67 76 -4 0 11 0.02 M M 2.6 17 10 M M M 3 26 290
17 90 65 78 -2 0 13 T M M 3.4 22 20 M M M 3 35 20
18 88 65 77 -3 0 12 0.87 M M 6.9 30 110 M M M 13 42 110
19 91 70 81 1 0 16 0.48 M M 4.2 17 120 M M 1 138 25 280
20 89 67 78 -2 0 13 0.13 M M 4.9 28 30 M M 3 13 40 40
21 96 68 82 2 0 17 0.03 M M 2.7 17 240 M M 2 26 180
22 91 67 79 -1 0 14 0.51 M M 5.5 23 30 M M 2 13 35 10
23 77 66 72 -8 0 7 0.03 M M 5.2 23 20 M M 8 13 34 10
24 77 65 71 -9 0 6 1.09 M M 3.8 12 190 M M 9 1 16 190
25 77 64 71 -9 0 6 0.78 M M 2.4 10 330 M M 7 12 15 330
26 88 61 75 -5 0 10 0.00 M M 3.4 9 260 M M 0 15 250
27 90 64 77 -2 0 12 0.16 M M 3.5 29 220 M M 1 13 44 220
28 92 62 77 -2 0 12 0.00 M M 4.0 16 150 M M 0 3 22 140
29 89 67 78 -1 0 13 0.17 M M 3.7 17 20 M M 3 138 27 10
30 88 64 76 -3 0 11 0.07 M M 2.8 18 70 M M 2 3 23 10
31 88 63 76 -3 0 11 0.01 M M 2.6 13 20 M M 2 3 20 30
================================================================================
SM 2795 2084 0 430 7.46 M 133.8 M 71
================================================================================
AV 90.2 67.2 4.3 FASTST M M 3 MAX(MPH)
MISC ----> 32 100 46 110
================================================================================
NOTES:
# LAST OF SEVERAL OCCURRENCES
COLUMN 17 PEAK WIND IN M.P.H.
PRELIMINARY LOCAL CLIMATOLOGICAL DATA (WS FORM: F-6) , PAGE 2
STATION: NOGALES AZ AIRPORT
MONTH: JULY
YEAR: 2021
LATITUDE: 31 25 N
LONGITUDE: 110 51 W
[TEMPERATURE DATA] [PRECIPITATION DATA] SYMBOLS USED IN COLUMN 16
AVERAGE MONTHLY: 78.7 TOTAL FOR MONTH: 7.46 1 = FOG OR MIST
DPTR FM NORMAL: -1.8 DPTR FM NORMAL: 3.28 2 = FOG REDUCING VISIBILITY
HIGHEST: 101 ON 9 GRTST 24HR 1.37 ON 24-25 TO 1/4 MILE OR LESS
LOWEST: 61 ON 26 3 = THUNDER
SNOW, ICE PELLETS, HAIL 4 = ICE PELLETS
TOTAL MONTH: M 5 = HAIL
GRTST 24HR M ON M 6 = FREEZING RAIN OR DRIZZLE
GRTST DEPTH: M ON M 7 = DUSTSTORM OR SANDSTORM:
VSBY 1/2 MILE OR LESS
8 = SMOKE OR HAZE
[NO. OF DAYS WITH] [WEATHER - DAYS WITH] 9 = BLOWING SNOW
X = TORNADO
MAX 32 OR BELOW: 0 0.01 INCH OR MORE: 25
MAX 90 OR ABOVE: 16 0.10 INCH OR MORE: 16
MIN 32 OR BELOW: 0 0.50 INCH OR MORE: 5
MIN 0 OR BELOW: 0 1.00 INCH OR MORE: 1
[HDD (BASE 65) ]
TOTAL THIS MO. 0 CLEAR (SCALE 0-3) 15
DPTR FM NORMAL 0 PTCLDY (SCALE 4-7) 7
TOTAL FM JUL 1 0 CLOUDY (SCALE 8-10) 9
DPTR FM NORMAL 0
[CDD (BASE 65) ]
TOTAL THIS MO. 430
DPTR FM NORMAL -50 [PRESSURE DATA]
TOTAL FM JAN 1 1256 HIGHEST SLP M ON M
DPTR FM NORMAL 127 LOWEST SLP 29.69 ON 7
[REMARKS]
#FINAL-07-21#