000
CXUS53 KARX 010900
CF6OLZ
PRELIMINARY LOCAL CLIMATOLOGICAL DATA (WS FORM: F-6)
STATION: OELWEIN IA
MONTH: MARCH
YEAR: 2023
LATITUDE: 42 40 N
LONGITUDE: 91 58 W
TEMPERATURE IN F: :PCPN: SNOW: WIND :SUNSHINE: SKY :PK WND
================================================================================
1 2 3 4 5 6A 6B 7 8 9 10 11 12 13 14 15 16 17 18
12Z AVG MX 2MIN
DY MAX MIN AVG DEP HDD CDD WTR SNW DPTH SPD SPD DIR MIN PSBL S-S WX SPD DR
================================================================================
1 48 32 40 M 25 0 M M M 14.3 29 250 M M 8 1 33 250
2 37 27 32 M 33 0 M M M 7.8 20 320 M M 6 25 310
3 43 28 36 M 29 0 0.00 0.0 M 8.5 13 40 M M 1 1 M M
4 45 25 35 M 30 0 0.00 0.0 M 5.8 14 310 M M 3 1 M M
5 43 25 34 M 31 0 0.09 M M 13.4 23 90 M M 4 30 90
6 39 34 37 M 28 0 M M M 13.0 21 340 M M 9 12 27 330
7 43 30 37 M 28 0 M M M 12.2 18 80 M M 8 24 50
8 39 32 36 M 29 0 M M M 14.8 20 110 M M 8 25 130
9 36 28 32 M 33 0 M M M 12.8 18 100 M M 8 18 25 100
10 32 16 24 M 41 0 M M M 9.8 15 330 M M 9 20 330
11 32 28 30 M 35 0 M M M 13.3 21 120 M M 10 28 120
12 32 25 29 M 36 0 M M M 15.2 24 290 M M 8 18 28 280
13 30 16 23 M 42 0 M M M 14.9 22 300 M M 8 29 300
14 34 12 23 M 42 0 0.00 0.0 M 7.1 14 180 M M 2 M M
15 52 30 41 M 24 0 0.00 0.0 M 16.4 25 170 M M 2 33 170
16 45 27 36 M 29 0 0.26 M M 17.8 33 320 M M 10 1 44 330
17 25 7 16 M 49 0 T M M 26.2 36 310 M M 8 8 43 320
18 23 7 15 M 50 0 M M M 21.8 30 300 M M 7 35 300
19 37 9 23 M 42 0 0.00 M M 13.6 23 220 M M 0 30 220
20 50 27 39 M 26 0 0.00 0.0 0 10.7 20 210 M M 2 25 220
21 55 34 45 M 20 0 0.00 0.0 0 12.7 23 170 M M 4 35 170
22 46 32 39 M 26 0 M M M 11.5 17 340 M M 9 12 21 320
23 37 27 32 M 33 0 M M M 9.7 14 350 M M 5 1 22 350
24 48 25 37 M 28 0 0.00 0.0 M 9.6 14 80 M M 2 20 60
25 50 30 40 M 25 0 0.00 0.0 M 12.0 20 330 M M 4 24 330
26 36 21 29 M 36 0 M M M 5.8 9 320 M M 5 12 M M
27 48 21 35 M 30 0 0.00 0.0 M 7.4 12 340 M M 0 15 320
28 43 25 34 M 31 0 0.00 0.0 M 9.6 15 280 M M 2 24 280
29 36 21 29 M 36 0 M M M 10.8 18 340 M M 3 27 340
30 57 21 39 M 26 0 0.15 M M 14.8 24 110 M M 7 29 130
31 70 34 52 M 13 0 0.68 M M 18.0 32 250 M M 8 1 41 150
================================================================================
SM 1291 756 986 0 1.18 0.0 391.3 M 170
================================================================================
AV 41.6 24.4 12.6 FASTST M M 5 MAX(MPH)
MISC ----> 36 310 44 330
================================================================================
NOTES:
# LAST OF SEVERAL OCCURRENCES
COLUMN 17 PEAK WIND IN M.P.H.
PRELIMINARY LOCAL CLIMATOLOGICAL DATA (WS FORM: F-6) , PAGE 2
STATION: OELWEIN IA
MONTH: MARCH
YEAR: 2023
LATITUDE: 42 40 N
LONGITUDE: 91 58 W
[TEMPERATURE DATA] [PRECIPITATION DATA] SYMBOLS USED IN COLUMN 16
AVERAGE MONTHLY: 33.0 TOTAL FOR MONTH: 1.18 1 = FOG OR MIST
DPTR FM NORMAL: 0.0 DPTR FM NORMAL: M 2 = FOG REDUCING VISIBILITY
HIGHEST: 70 ON 31 GRTST 24HR 0.68 ON 31-31 TO 1/4 MILE OR LESS
LOWEST: 7 ON 18,17 3 = THUNDER
SNOW, ICE PELLETS, HAIL 4 = ICE PELLETS
TOTAL MONTH: 0.0 INCH 5 = HAIL
GRTST 24HR 0.0 6 = FREEZING RAIN OR DRIZZLE
GRTST DEPTH: 0 7 = DUSTSTORM OR SANDSTORM:
VSBY 1/2 MILE OR LESS
8 = SMOKE OR HAZE
[NO. OF DAYS WITH] [WEATHER - DAYS WITH] 9 = BLOWING SNOW
X = TORNADO
MAX 32 OR BELOW: 6 0.01 INCH OR MORE: 4
MAX 90 OR ABOVE: 0 0.10 INCH OR MORE: 3
MIN 32 OR BELOW: 28 0.50 INCH OR MORE: 1
MIN 0 OR BELOW: 0 1.00 INCH OR MORE: 0
[HDD (BASE 65) ]
TOTAL THIS MO. 986 CLEAR (SCALE 0-3) 9
DPTR FM NORMAL M PTCLDY (SCALE 4-7) 12
TOTAL FM JUL 1 6297 CLOUDY (SCALE 8-10) 10
DPTR FM NORMAL M
[CDD (BASE 65) ]
TOTAL THIS MO. 0
DPTR FM NORMAL M [PRESSURE DATA]
TOTAL FM JAN 1 0 HIGHEST SLP M ON M
DPTR FM NORMAL M LOWEST SLP M ON M
[REMARKS]
#FINAL-03-23#