000
CXAK56 PAFG 011038
CF6OME
PRELIMINARY LOCAL CLIMATOLOGICAL DATA (WS FORM: F-6)
STATION: NOME AK
MONTH: JUNE
YEAR: 2023
LATITUDE: 64 30 N
LONGITUDE: 165 26 W
TEMPERATURE IN F: :PCPN: SNOW: WIND :SUNSHINE: SKY :PK WND
================================================================================
1 2 3 4 5 6A 6B 7 8 9 10 11 12 13 14 15 16 17 18
12Z AVG MX 2MIN
DY MAX MIN AVG DEP HDD CDD WTR SNW DPTH SPD SPD DIR MIN PSBL S-S WX SPD DR
================================================================================
1 40 30 35 -8 30 0 0.23 M M 8.7 20 360 M M 6 1 23 330
2 37 30 34 -9 31 0 0.00 M M 6.8 14 140 M M 10 18 160
3 36 30 33 -11 32 0 T M M 9.3 17 240 M M 7 1 20 220
4 45 27 36 -8 29 0 0.00 M M 7.3 18 130 M M 5 12 23 140
5 62 41 52 8 13 0 0.00 M M 12.2 22 100 M M 7 26 90
6 57 43 50 5 15 0 0.01 M M 9.1 20 40 M M 4 24 40
7 61 44 53 8 12 0 0.01 M M 6.5 14 250 M M 6 20 140
8 66 50 58 12 7 0 0.02 M M 7.7 14 40 M M 9 17 40
9 57 46 52 6 13 0 0.00 M M 8.9 17 140 M M 5 20 140
10 58 43 51 4 14 0 T M M 4.4 10 150 M M 3 13 150
11 62 43 53 6 12 0 T M M 9.9 20 40 M M 4 26 80
12 53 44 49 2 16 0 0.00 M M 10.4 18 120 M M 5 23 120
13 47 39 43 -5 22 0 0.01 M M 15.3 25 180 M M 8 1 34 170
14 45 38 42 -6 23 0 0.02 M M 16.0 31 180 M M 10 1 40 190
15 57 41 49 1 16 0 0.06 M M 9.7 18 310 M M 8 18 23 180
16 60 43 52 3 13 0 0.00 M M 13.1 24 260 M M 2 30 250
17 43 36 40 -9 25 0 T M M 12.5 20 180 M M 6 1 25 180
18 39 38 39 -11 26 0 0.13 M M 11.9 21 210 M M 10 1 26 210
19 44 37 41 -9 24 0 0.00 M M 5.8 13 260 M M 9 12 18 250
20 42 36 39 -11 26 0 0.00 M M 10.3 17 250 M M 8 1 22 250
21 44 30 37 -13 28 0 0.00 M M 4.1 15 260 M M 8 128 18 260
22 50 35 43 -8 22 0 T M M 6.9 16 130 M M 6 21 140
23 59 48 54 3 11 0 0.02 M M 10.3 17 110 M M 10 1 22 110
24 57 51 54 3 11 0 0.05 M M 7.2 13 100 M M 8 1 16 100
25 68 53 61 9 4 0 0.14 M M 10.7 26 20 M M 8 1 34 20
26 55 45 50 -2 15 0 0.01 M M 8.7 22 220 M M 7 1 27 210
27 56 46 51 -1 14 0 0.00 M M 8.3 16 130 M M 4 21 160
28 61 44 53 1 12 0 0.08 M M 6.8 18 40 M M 5 23 40
29 58 46 52 0 13 0 0.00 M M 8.4 18 260 M M 1 23 270
30 53 43 48 -4 17 0 0.00 M M 10.9 17 230 M M 2 1 21 240
================================================================================
SM 1572 1220 546 0 0.79 M 278.1 M 191
================================================================================
AV 52.4 40.7 9.3 FASTST M M 6 MAX(MPH)
MISC ----> 31 180 40 190
================================================================================
NOTES:
# LAST OF SEVERAL OCCURRENCES
COLUMN 17 PEAK WIND IN M.P.H.
PRELIMINARY LOCAL CLIMATOLOGICAL DATA (WS FORM: F-6) , PAGE 2
STATION: NOME AK
MONTH: JUNE
YEAR: 2023
LATITUDE: 64 30 N
LONGITUDE: 165 26 W
[TEMPERATURE DATA] [PRECIPITATION DATA] SYMBOLS USED IN COLUMN 16
AVERAGE MONTHLY: 46.5 TOTAL FOR MONTH: 0.79 1 = FOG OR MIST
DPTR FM NORMAL: -1.8 DPTR FM NORMAL: -0.20 2 = FOG REDUCING VISIBILITY
HIGHEST: 68 ON 25 GRTST 24HR 0.23 ON 31- 1 TO 1/4 MILE OR LESS
LOWEST: 27 ON 4 3 = THUNDER
SNOW, ICE PELLETS, HAIL 4 = ICE PELLETS
TOTAL MONTH: M 5 = HAIL
GRTST 24HR M ON M 6 = FREEZING RAIN OR DRIZZLE
GRTST DEPTH: M ON M 7 = DUSTSTORM OR SANDSTORM:
VSBY 1/2 MILE OR LESS
8 = SMOKE OR HAZE
[NO. OF DAYS WITH] [WEATHER - DAYS WITH] 9 = BLOWING SNOW
X = TORNADO
MAX 32 OR BELOW: 0 0.01 INCH OR MORE: 13
MAX 90 OR ABOVE: 0 0.10 INCH OR MORE: 3
MIN 32 OR BELOW: 5 0.50 INCH OR MORE: 0
MIN 0 OR BELOW: 0 1.00 INCH OR MORE: 0
[HDD (BASE 65) ]
TOTAL THIS MO. 546 CLEAR (SCALE 0-3) 3
DPTR FM NORMAL 44 PTCLDY (SCALE 4-7) 20
TOTAL FM JUL 1 13646 CLOUDY (SCALE 8-10) 7
DPTR FM NORMAL 164
[CDD (BASE 65) ]
TOTAL THIS MO. 0
DPTR FM NORMAL -1 [PRESSURE DATA]
TOTAL FM JAN 1 0 HIGHEST SLP M ON M
DPTR FM NORMAL -1 LOWEST SLP 29.36 ON 25
[REMARKS]
#FINAL-06-23#