000
CXUS56 KBOI 011002
CF6ONO
PRELIMINARY LOCAL CLIMATOLOGICAL DATA (WS FORM: F-6)
STATION: ONTARIO OR
MONTH: MARCH
YEAR: 2023
LATITUDE: 44 1 N
LONGITUDE: 117 1 W
TEMPERATURE IN F: :PCPN: SNOW: WIND :SUNSHINE: SKY :PK WND
================================================================================
1 2 3 4 5 6A 6B 7 8 9 10 11 12 13 14 15 16 17 18
12Z AVG MX 2MIN
DY MAX MIN AVG DEP HDD CDD WTR SNW DPTH SPD SPD DIR MIN PSBL S-S WX SPD DR
================================================================================
1 47 29 38 -4 27 0 0.02 M M 14.7 28 330 M M 3 1 41 320
2 43 25 34 -8 31 0 0.02 M M 5.4 15 140 M M 7 1 19 140
3 46 26 36 -7 29 0 0.00 M M 6.0 14 310 M M 6 18 250
4 48 27 38 -5 27 0 0.06 M M 10.4 25 250 M M 7 1 34 250
5 41 24 33 -10 32 0 0.06 M M 5.5 25 260 M M 5 1 36 250
6 44 21 33 -11 32 0 0.00 M M 4.6 15 180 M M 3 8 19 180
7 47 25 36 -8 29 0 0.03 M M 6.9 20 170 M M 7 1 32 110
8 40 22 31 -13 34 0 0.13 M M 4.0 21 160 M M 7 12 27 160
9 47 27 37 -8 28 0 0.10 M M 8.1 30 160 M M 9 128 41 160
10 52 32 42 -3 23 0 0.23 M M 15.9 39 270 M M 6 1 53 270
11 52 31 42 -3 23 0 0.00 M M 3.8 14 360 M M M 19 350
12 53 27 40 -5 25 0 0.08 M M 3.8 16 160 M M 9 1 20 150
13 58 41 50 4 15 0 0.05 M M 7.3 23 140 M M 10 32 140
14 51 38 45 -1 20 0 0.75 M M 6.2 24 320 M M 10 1 32 320
15 50 35 43 -3 22 0 T M M 12.6 23 330 M M 2 30 330
16 51 28 40 -6 25 0 0.00 M M 4.5 10 150 M M 0 15 150
17 54 25 40 -7 25 0 0.00 M M 3.5 16 140 M M 0 20 110
18 58 32 45 -2 20 0 0.00 M M 6.3 16 160 M M 0 22 140
19 52 32 42 -5 23 0 0.00 M M 4.1 8 360 M M 2 8 12 30
20 48 40 44 -3 21 0 0.25 M M 7.7 20 280 M M 10 18 27 300
21 56 34 45 -3 20 0 0.00 M M 2.8 9 160 M M 7 18 13 40
22 59 37 48 0 17 0 0.03 M M 2.8 17 200 M M 6 8 24 210
23 57 33 45 -3 20 0 0.03 M M 5.9 32 310 M M 4 1 44 300
24 47 30 39 -9 26 0 T M M 10.5 28 310 M M 3 1 37 320
25 45 28 37 -11 28 0 T M M 7.6 18 330 M M 6 8 23 330
26 49 29 39 -9 26 0 0.00 M M 11.1 24 270 M M 2 32 270
27 52 26 39 -10 26 0 0.00 M M 9.1 25 150 M M 1 36 150
28 46 41 44 -5 21 0 0.03 M M 10.1 23 160 M M 9 31 160
29 49 41 45 -4 20 0 0.05 M M 4.2 16 110 M M 10 22 120
30 52 41 47 -2 18 0 0.05 M M 10.4 20 310 M M 10 25 300
31 55 38 47 -2 18 0 T M M 6.3 22 170 M M 9 33 160
================================================================================
SM 1549 965 751 0 1.97 M 222.1 M 170
================================================================================
AV 50.0 31.1 7.2 FASTST M M 6 MAX(MPH)
MISC ----> 39 270 53 270
================================================================================
NOTES:
# LAST OF SEVERAL OCCURRENCES
COLUMN 17 PEAK WIND IN M.P.H.
PRELIMINARY LOCAL CLIMATOLOGICAL DATA (WS FORM: F-6) , PAGE 2
STATION: ONTARIO OR
MONTH: MARCH
YEAR: 2023
LATITUDE: 44 1 N
LONGITUDE: 117 1 W
[TEMPERATURE DATA] [PRECIPITATION DATA] SYMBOLS USED IN COLUMN 16
AVERAGE MONTHLY: 40.5 TOTAL FOR MONTH: 1.97 1 = FOG OR MIST
DPTR FM NORMAL: -5.6 DPTR FM NORMAL: 1.00 2 = FOG REDUCING VISIBILITY
HIGHEST: 59 ON 22 GRTST 24HR 0.75 ON 14-14 TO 1/4 MILE OR LESS
LOWEST: 21 ON 6 3 = THUNDER
SNOW, ICE PELLETS, HAIL 4 = ICE PELLETS
TOTAL MONTH: M 5 = HAIL
GRTST 24HR M ON M 6 = FREEZING RAIN OR DRIZZLE
GRTST DEPTH: M ON M 7 = DUSTSTORM OR SANDSTORM:
VSBY 1/2 MILE OR LESS
8 = SMOKE OR HAZE
[NO. OF DAYS WITH] [WEATHER - DAYS WITH] 9 = BLOWING SNOW
X = TORNADO
MAX 32 OR BELOW: 0 0.01 INCH OR MORE: 17
MAX 90 OR ABOVE: 0 0.10 INCH OR MORE: 5
MIN 32 OR BELOW: 20 0.50 INCH OR MORE: 1
MIN 0 OR BELOW: 0 1.00 INCH OR MORE: 0
[HDD (BASE 65) ]
TOTAL THIS MO. 751 CLEAR (SCALE 0-3) 9
DPTR FM NORMAL 167 PTCLDY (SCALE 4-7) 12
TOTAL FM JUL 1 4929 CLOUDY (SCALE 8-10) 10
DPTR FM NORMAL 277
[CDD (BASE 65) ]
TOTAL THIS MO. 0
DPTR FM NORMAL 0 [PRESSURE DATA]
TOTAL FM JAN 1 0 HIGHEST SLP M ON M
DPTR FM NORMAL 0 LOWEST SLP 29.31 ON 10
[REMARKS]
#FINAL-03-23#