000
CXUS56 KSGX 011245
CF6ONT
PRELIMINARY LOCAL CLIMATOLOGICAL DATA (WS FORM: F-6)
STATION: ONTARIO INTL AIRPORT CA
MONTH: APRIL
YEAR: 2020
LATITUDE: 34 2 N
LONGITUDE: 117 37 W
TEMPERATURE IN F: :PCPN: SNOW: WIND :SUNSHINE: SKY :PK WND
================================================================================
1 2 3 4 5 6A 6B 7 8 9 10 11 12 13 14 15 16 17 18
12Z AVG MX 2MIN
DY MAX MIN AVG DEP HDD CDD WTR SNW DPTH SPD SPD DIR MIN PSBL S-S WX SPD DR
================================================================================
1 75 54 65 5 0 0 0.00 0.0 0 6.6 16 250 M M 4 21 250
2 69 53 61 1 4 0 0.00 0.0 0 5.8 17 260 M M 8 20 260
3 70 51 61 1 4 0 0.00 0.0 0 7.5 16 220 M M 4 25 230
4 68 51 60 0 5 0 0.00 0.0 0 6.7 16 220 M M 6 21 220
5 60 52 56 -4 9 0 0.01 0.0 0 8.5 13 230 M M 9 1 20 260
6 56 51 54 -7 11 0 1.66 0.0 0 3.3 12 280 M M 9 1 13 280
7 60 50 55 -6 10 0 0.54 0.0 0 4.6 17 120 M M 8 1 24 120
8 58 48 53 -8 12 0 0.15 M 0 7.2 16 280 M M 8 1 22 220
9 53 47 50 -11 15 0 0.66 M 0 5.4 9 60 M M 9 1 14 20
10 60 48 54 -7 11 0 0.40 M 0 7.1 15 40 M M 10 1 20 90
11 69 47 58 -3 7 0 0.00 0.0 0 6.5 16 230 M M 7 1 20 240
12 60 53 57 -5 8 0 0.01 0.0 0 8.8 15 220 M M 10 1 19 220
13 62 52 57 -5 8 0 T 0.0 0 6.8 14 220 M M 9 1 17 210
14 80 50 65 3 0 0 0.00 0.0 0 3.9 16 340 M M 3 1 24 30
15 82 50 66 4 0 1 0.00 0.0 0 5.3 18 220 M M 0 25 220
16 76 51 64 2 1 0 0.00 0.0 0 5.9 17 250 M M 1 24 230
17 68 51 60 -2 5 0 0.00 0.0 0 6.7 20 220 M M 7 18 25 220
18 63 52 58 -5 7 0 0.03 0.0 0 7.9 15 260 M M 10 1 18 260
19 67 54 61 -2 4 0 0.00 0.0 0 6.4 14 240 M M 9 17 240
20 65 53 59 -4 6 0 0.00 0.0 0 7.2 15 230 M M 9 18 230
21 74 54 64 1 1 0 0.00 0.0 0 7.6 20 220 M M 4 24 220
22 87 51 69 6 0 4 0.00 0.0 0 5.9 15 230 M M 1 20 240
23 92 55 74 10 0 9 0.00 0.0 0 4.6 16 240 M M 1 21 240
24 97 63 80 16 0 15 0.00 0.0 0 4.5 16 280 M M 1 18 280
25 94 63 79 15 0 14 0.00 0.0 0 4.2 15 230 M M 1 23 230
26 91 62 77 13 0 12 0.00 0.0 0 4.8 15 230 M M 5 20 230
27 86 61 74 10 0 9 0.00 0.0 0 4.8 17 260 M M 3 24 230
28 91 63 77 13 0 12 0.00 0.0 0 5.1 17 240 M M 1 24 250
29 87 61 74 9 0 9 0.00 0.0 0 6.0 17 240 M M 7 18 23 260
30 89 61 75 10 0 10 0.00 0.0 0 5.2 16 240 M M 4 18 21 220
================================================================================
SM 2209 1612 128 95 3.46 0.0 180.8 M 168
================================================================================
AV 73.6 53.7 6.0 FASTST M M 6 MAX(MPH)
MISC ----> # 20 220 # 25 230
================================================================================
NOTES:
# LAST OF SEVERAL OCCURRENCES
COLUMN 17 PEAK WIND IN M.P.H.
PRELIMINARY LOCAL CLIMATOLOGICAL DATA (WS FORM: F-6) , PAGE 2
STATION: ONTARIO INTL AIRPORT CA
MONTH: APRIL
YEAR: 2020
LATITUDE: 34 2 N
LONGITUDE: 117 37 W
[TEMPERATURE DATA] [PRECIPITATION DATA] SYMBOLS USED IN COLUMN 16
AVERAGE MONTHLY: 63.7 TOTAL FOR MONTH: 3.46 1 = FOG OR MIST
DPTR FM NORMAL: 1.4 DPTR FM NORMAL: 2.52 2 = FOG REDUCING VISIBILITY
HIGHEST: 97 ON 24 GRTST 24HR 1.66 ON 6- 6 TO 1/4 MILE OR LESS
LOWEST: 47 ON 11, 9 3 = THUNDER
SNOW, ICE PELLETS, HAIL 4 = ICE PELLETS
TOTAL MONTH: 0.0 INCH 5 = HAIL
GRTST 24HR 0.0 6 = FREEZING RAIN OR DRIZZLE
GRTST DEPTH: 0 7 = DUSTSTORM OR SANDSTORM:
VSBY 1/2 MILE OR LESS
8 = SMOKE OR HAZE
[NO. OF DAYS WITH] [WEATHER - DAYS WITH] 9 = BLOWING SNOW
X = TORNADO
MAX 32 OR BELOW: 0 0.01 INCH OR MORE: 8
MAX 90 OR ABOVE: 5 0.10 INCH OR MORE: 5
MIN 32 OR BELOW: 0 0.50 INCH OR MORE: 3
MIN 0 OR BELOW: 0 1.00 INCH OR MORE: 1
[HDD (BASE 65) ]
TOTAL THIS MO. 128 CLEAR (SCALE 0-3) 9
DPTR FM NORMAL 4 PTCLDY (SCALE 4-7) 12
TOTAL FM JUL 1 1246 CLOUDY (SCALE 8-10) 9
DPTR FM NORMAL -247
[CDD (BASE 65) ]
TOTAL THIS MO. 95
DPTR FM NORMAL 54 [PRESSURE DATA]
TOTAL FM JAN 1 105 HIGHEST SLP 30.15 ON 14
DPTR FM NORMAL 46 LOWEST SLP 29.78 ON 1
[REMARKS]
#FINAL-04-20#