000
CXUS51 KBOX 010910
CF6ORH
PRELIMINARY LOCAL CLIMATOLOGICAL DATA (WS FORM: F-6)
STATION: WORCESTER MA
MONTH: DECEMBER
YEAR: 2022
LATITUDE: 42 16 N
LONGITUDE: 71 52 W
TEMPERATURE IN F: :PCPN: SNOW: WIND :SUNSHINE: SKY :PK WND
================================================================================
1 2 3 4 5 6A 6B 7 8 9 10 11 12 13 14 15 16 17 18
12Z AVG MX 2MIN
DY MAX MIN AVG DEP HDD CDD WTR SNW DPTH SPD SPD DIR MIN PSBL S-S WX SPD DR
================================================================================
1 40 30 35 0 30 0 0.00 0.0 M 15.3 35 290 M M 4 45 300
2 44 27 36 1 29 0 0.00 0.0 M 7.3 14 220 M M 3 17 200
3 55 37 46 12 19 0 0.47 0.0 M 18.9 30 290 M M 8 18 44 290
4 39 29 34 0 31 0 0.00 0.0 M 9.2 25 290 M M 1 37 280
5 46 27 37 3 28 0 0.00 0.0 M 8.8 21 190 M M 0 28 220
6 53 39 46 13 19 0 0.09 0.0 M 7.4 17 150 M M 10 12 21 150
7 57 48 53 20 12 0 1.18 0.0 M 9.7 16 290 M M 10 12 22 200
8 54 34 44 11 21 0 0.00 0.0 M 12.9 26 310 M M 3 32 300
9 47 32 40 8 25 0 0.00 0.0 M 12.0 20 340 M M 0 27 350
10 35 28 32 0 33 0 0.00 0.0 M 8.0 14 60 M M 6 21 60
11 29 22 26 -6 39 0 0.18 2.5 M 8.2 14 30 M M 10 18 19 40
12 34 22 28 -3 37 0 T T M 9.1 14 310 M M 5 1 22 20
13 38 21 30 -1 35 0 0.00 0.0 M 13.7 22 300 M M 0 29 310
14 34 20 27 -4 38 0 T T M 17.3 29 310 M M 2 38 320
15 39 33 36 5 29 0 0.09 0.0 M 10.4 17 70 M M 8 128 26 110
16 41 34 38 8 27 0 1.49 T M 15.1 24 70 M M 10 1 39 60
17 40 32 36 6 29 0 0.10 0.8 M 12.9 24 290 M M 9 1 30 300
18 37 27 32 2 33 0 0.00 0.0 M 11.4 22 290 M M 3 27 270
19 36 27 32 2 33 0 T T M 15.4 25 300 M M 3 34 290
20 36 25 31 2 34 0 0.00 0.0 M 10.8 24 310 M M 0 34 320
21 38 21 30 1 35 0 0.00 0.0 M 5.2 9 340 M M 0 11 340
22 42 28 35 6 30 0 0.53 0.0 M 7.7 18 80 M M 5 1268 28 80
23 56 12 34 6 31 0 1.60 T M 23.1 44 240 M M 10 12 59 200
24 14 5 10 -18 55 0 0.00 0.0 M 17.1 29 240 M M 1 37 240
25 24 9 17 -11 48 0 0.00 0.0 M 12.7 22 250 M M 1 27 250
26 29 14 22 -6 43 0 0.00 0.0 M 12.0 21 270 M M 1 27 270
27 32 22 27 -1 38 0 0.00 0.0 M 9.2 17 280 M M 5 23 240
28 41 20 31 4 34 0 0.00 0.0 M 11.4 23 230 M M 3 28 220
29 52 34 43 16 22 0 0.00 0.0 M 8.9 17 240 M M 0 21 240
30 62 39 51 24 14 0 0.00 0.0 M 10.9 18 240 M M 5 23 250
31 53 48 51 24 14 0 0.34 0.0 M 10.6 20 240 M M 8 12 25 250
================================================================================
SM 1277 846 945 0 6.07 3.3 362.6 M 134
================================================================================
AV 41.2 27.3 11.7 FASTST M M 4 MAX(MPH)
MISC ----> 44 240 59 200
================================================================================
NOTES:
# LAST OF SEVERAL OCCURRENCES
COLUMN 17 PEAK WIND IN M.P.H.
PRELIMINARY LOCAL CLIMATOLOGICAL DATA (WS FORM: F-6) , PAGE 2
STATION: WORCESTER MA
MONTH: DECEMBER
YEAR: 2022
LATITUDE: 42 16 N
LONGITUDE: 71 52 W
[TEMPERATURE DATA] [PRECIPITATION DATA] SYMBOLS USED IN COLUMN 16
AVERAGE MONTHLY: 34.2 TOTAL FOR MONTH: 6.07 1 = FOG OR MIST
DPTR FM NORMAL: 3.7 DPTR FM NORMAL: 1.79 2 = FOG REDUCING VISIBILITY
HIGHEST: 62 ON 30 GRTST 24HR 2.13 ON 22-23 TO 1/4 MILE OR LESS
LOWEST: 5 ON 24 3 = THUNDER
SNOW, ICE PELLETS, HAIL 4 = ICE PELLETS
TOTAL MONTH: 3.3 INCHES 5 = HAIL
GRTST 24HR 2.5 ON 11-11 6 = FREEZING RAIN OR DRIZZLE
GRTST DEPTH: M ON M 7 = DUSTSTORM OR SANDSTORM:
VSBY 1/2 MILE OR LESS
8 = SMOKE OR HAZE
[NO. OF DAYS WITH] [WEATHER - DAYS WITH] 9 = BLOWING SNOW
X = TORNADO
MAX 32 OR BELOW: 5 0.01 INCH OR MORE: 10
MAX 90 OR ABOVE: 0 0.10 INCH OR MORE: 8
MIN 32 OR BELOW: 22 0.50 INCH OR MORE: 4
MIN 0 OR BELOW: 0 1.00 INCH OR MORE: 3
[HDD (BASE 65) ]
TOTAL THIS MO. 945 CLEAR (SCALE 0-3) 12
DPTR FM NORMAL -126 PTCLDY (SCALE 4-7) 13
TOTAL FM JUL 1 2029 CLOUDY (SCALE 8-10) 6
DPTR FM NORMAL -408
[CDD (BASE 65) ]
TOTAL THIS MO. 0
DPTR FM NORMAL 0 [PRESSURE DATA]
TOTAL FM JAN 1 713 HIGHEST SLP 30.53 ON 2
DPTR FM NORMAL 212 LOWEST SLP 28.88 ON 23
[REMARKS]
#FINAL-12-22#