916
CXUS51 KBOX 010810
CF6ORH
PRELIMINARY LOCAL CLIMATOLOGICAL DATA (WS FORM: F-6)
STATION: WORCESTER MA
MONTH: MARCH
YEAR: 2021
LATITUDE: 42 16 N
LONGITUDE: 71 52 W
TEMPERATURE IN F: :PCPN: SNOW: WIND :SUNSHINE: SKY :PK WND
================================================================================
1 2 3 4 5 6A 6B 7 8 9 10 11 12 13 14 15 16 17 18
12Z AVG MX 2MIN
DY MAX MIN AVG DEP HDD CDD WTR SNW DPTH SPD SPD DIR MIN PSBL S-S WX SPD DR
================================================================================
1 42 21 32 2 33 0 0.25 T M 15.3 46 290 M M 8 12 62 300
2 24 9 17 -13 48 0 0.00 0.0 M 22.6 41 300 M M 2 58 290
3 43 20 32 1 33 0 0.00 0.0 M 11.7 23 280 M M 6 32 270
4 37 21 29 -2 36 0 0.00 0.0 M 16.0 31 300 M M 5 39 310
5 29 18 24 -7 41 0 0.00 0.0 M 17.6 28 310 M M 4 39 290
6 30 16 23 -9 42 0 0.00 0.0 M 11.8 21 310 M M 1 26 300
7 34 14 24 -8 41 0 0.00 0.0 M 8.6 17 290 M M 1 25 330
8 37 18 28 -4 37 0 0.00 0.0 M 8.1 17 310 M M 2 21 320
9 54 32 43 11 22 0 0.00 0.0 M 11.2 25 270 M M 2 33 280
10 53 30 42 9 23 0 0.00 0.0 M 6.8 16 230 M M 0 21 230
11 70 36 53 20 12 0 0.00 0.0 M 14.9 23 240 M M 2 18 30 220
12 58 38 48 15 17 0 T 0.0 M 17.9 37 290 M M 1 49 270
13 41 26 34 0 31 0 0.00 0.0 M 17.8 37 290 M M 0 48 300
14 42 19 31 -3 34 0 0.01 0.2 M 15.1 33 290 M M 6 44 300
15 26 13 20 -14 45 0 0.00 0.0 M 15.0 29 310 M M 1 41 310
16 38 15 27 -8 38 0 0.00 0.0 M 8.2 15 250 M M 3 18 260
17 50 25 38 3 27 0 0.00 0.0 M 9.9 20 250 M M 3 23 260
18 43 34 39 4 26 0 0.69 T M 12.7 21 10 M M 9 1 29 10
19 38 25 32 -4 33 0 T T M 14.6 24 360 M M 2 1 33 360
20 54 29 42 6 23 0 0.00 0.0 M 11.1 20 280 M M 0 24 280
21 63 40 52 16 13 0 0.00 0.0 M 5.3 13 310 M M 0 17 310
22 62 38 50 13 15 0 0.00 0.0 M 8.6 14 140 M M 0 17 140
23 66 37 52 15 13 0 0.00 0.0 M 6.7 14 200 M M 0 18 200
24 64 43 54 17 11 0 0.06 0.0 M 8.1 15 160 M M 4 1 20 180
25 72 49 61 23 4 0 0.11 0.0 M 6.7 20 230 M M 6 12 24 220
26 70 47 59 21 6 0 0.05 0.0 M 19.4 37 280 M M 6 12 49 280
27 62 43 53 15 12 0 0.00 0.0 M 11.1 33 290 M M 2 46 300
28 57 40 49 10 16 0 0.80 0.0 M 10.2 30 280 M M 10 12 40 290
29 47 32 40 1 25 0 0.01 0.0 M 19.6 39 290 M M 4 57 270
30 57 30 44 4 21 0 0.00 0.0 M 10.8 22 230 M M 0 28 210
31 63 43 53 13 12 0 0.05 0.0 M 15.5 28 200 M M 8 1 39 210
================================================================================
SM 1526 901 790 0 2.03 0.2 388.9 M 98
================================================================================
AV 49.2 29.1 12.5 FASTST M M 3 MAX(MPH)
MISC ----> 46 290 62 300
================================================================================
NOTES:
# LAST OF SEVERAL OCCURRENCES
COLUMN 17 PEAK WIND IN M.P.H.
PRELIMINARY LOCAL CLIMATOLOGICAL DATA (WS FORM: F-6) , PAGE 2
STATION: WORCESTER MA
MONTH: MARCH
YEAR: 2021
LATITUDE: 42 16 N
LONGITUDE: 71 52 W
[TEMPERATURE DATA] [PRECIPITATION DATA] SYMBOLS USED IN COLUMN 16
AVERAGE MONTHLY: 39.1 TOTAL FOR MONTH: 2.03 1 = FOG OR MIST
DPTR FM NORMAL: 4.4 DPTR FM NORMAL: -2.18 2 = FOG REDUCING VISIBILITY
HIGHEST: 72 ON 25 GRTST 24HR 0.81 ON 28-29 TO 1/4 MILE OR LESS
LOWEST: 9 ON 2 3 = THUNDER
SNOW, ICE PELLETS, HAIL 4 = ICE PELLETS
TOTAL MONTH: 0.2 INCH 5 = HAIL
GRTST 24HR 0.2 ON 14-14 6 = FREEZING RAIN OR DRIZZLE
GRTST DEPTH: M ON M 7 = DUSTSTORM OR SANDSTORM:
VSBY 1/2 MILE OR LESS
8 = SMOKE OR HAZE
[NO. OF DAYS WITH] [WEATHER - DAYS WITH] 9 = BLOWING SNOW
X = TORNADO
MAX 32 OR BELOW: 4 0.01 INCH OR MORE: 9
MAX 90 OR ABOVE: 0 0.10 INCH OR MORE: 4
MIN 32 OR BELOW: 19 0.50 INCH OR MORE: 2
MIN 0 OR BELOW: 0 1.00 INCH OR MORE: 0
[HDD (BASE 65) ]
TOTAL THIS MO. 790 CLEAR (SCALE 0-3) 19
DPTR FM NORMAL -149 PTCLDY (SCALE 4-7) 10
TOTAL FM JUL 1 5086 CLOUDY (SCALE 8-10) 2
DPTR FM NORMAL -689
[CDD (BASE 65) ]
TOTAL THIS MO. 0
DPTR FM NORMAL 0 [PRESSURE DATA]
TOTAL FM JAN 1 0 HIGHEST SLP 30.57 ON 21
DPTR FM NORMAL 0 LOWEST SLP 29.40 ON 29
[REMARKS]
#FINAL-03-21#