815
CXUS52 KMLB 010627
CF6ORL
PRELIMINARY LOCAL CLIMATOLOGICAL DATA (WS FORM: F-6)
STATION: ORLANDO EXEC
MONTH: JUNE
YEAR: 2020
LATITUDE: 28 32 N
LONGITUDE: 81 20 W
TEMPERATURE IN F: :PCPN: SNOW: WIND :SUNSHINE: SKY :PK WND
================================================================================
1 2 3 4 5 6A 6B 7 8 9 10 11 12 13 14 15 16 17 18
12Z AVG MX 2MIN
DY MAX MIN AVG DEP HDD CDD WTR SNW DPTH SPD SPD DIR MIN PSBL S-S WX SPD DR
================================================================================
1 91 76 84 3 0 19 0.00 0.0 0 11.2 24 70 M M M 29 80
2 86 75 81 0 0 16 T 0.0 0 10.2 20 80 M M 7 25 110
3 84 75 80 -1 0 15 0.02 0.0 0 6.5 16 120 M M 8 20 110
4 81 73 77 -4 0 12 1.23 0.0 0 5.6 20 100 M M 8 18 25 150
5 91 73 82 1 0 17 0.08 0.0 0 4.4 21 140 M M 5 1 26 130
6 83 73 78 -3 0 13 1.50 0.0 0 6.3 30 280 M M 6 13 38 280
7 86 74 80 -1 0 15 1.06 0.0 0 7.7 28 210 M M 7 13 36 210
8 91 77 84 2 0 19 T 0.0 0 5.8 17 180 M M 4 13 20 210
9 94 75 85 3 0 20 2.49 0.0 0 3.3 25 140 M M 1 1238 36 130
10 95 75 85 3 0 20 0.09 0.0 0 3.6 28 110 M M 2 13 32 80
11 91 75 83 1 0 18 0.10 0.0 0 4.9 21 100 M M 2 3 30 50
12 91 73 82 0 0 17 0.00 0.0 0 6.5 16 120 M M 3 21 120
13 89 77 83 1 0 18 0.00 0.0 0 6.5 16 70 M M 2 21 60
14 91 74 83 1 0 18 1.51 0.0 0 6.0 23 30 M M 3 123 30 30
15 91 75 83 1 0 18 0.00 0.0 0 8.1 18 60 M M 1 25 10
16 89 70 80 -2 0 15 0.01 0.0 0 7.3 16 90 M M 2 20 30
17 91 71 81 -1 0 16 0.14 0.0 0 6.1 16 100 M M 4 19 110
18 92 73 83 1 0 18 0.61 0.0 0 3.5 21 190 M M 3 13 28 200
19 91 76 84 2 0 19 T 0.0 0 5.1 21 170 M M 2 28 160
20 95 74 85 3 0 20 0.00 0.0 0 5.7 21 140 M M 2 3 26 140
21 94 76 85 3 0 20 0.00 0.0 0 4.5 20 180 M M 2 25 180
22 95 73 84 2 0 19 0.25 0.0 0 6.0 32 170 M M 3 13 40 170
23 94 75 85 3 0 20 0.03 0.0 0 5.8 18 290 M M 1 3 23 300
24 96 78 87 5 0 22 T 0.0 0 5.9 16 70 M M 2 38 20 70
25 97 78 88 6 0 23 0.01 0.0 0 3.9 23 130 M M 2 28 120
26 97 79 88 5 0 23 0.00 0.0 0 5.6 16 80 M M 2 20 80
27 96 79 88 5 0 23 0.00 0.0 0 5.4 14 120 M M 1 17 140
28 96 80 88 5 0 23 0.00 0.0 0 5.8 13 180 M M 0 15 170
29 96 79 88 5 0 23 0.01 0.0 0 5.3 23 270 M M 1 3 29 280
30 97 81 89 6 0 24 T 0.0 0 5.8 20 190 M M 1 3 23 190
================================================================================
SM 2751 2262 0 563 9.14 0.0 178.3 M 87
================================================================================
AV 91.7 75.4 5.9 FASTST M M 3 MAX(MPH)
MISC ----> 32 170 40 170
================================================================================
NOTES:
# LAST OF SEVERAL OCCURRENCES
COLUMN 17 PEAK WIND IN M.P.H.
PRELIMINARY LOCAL CLIMATOLOGICAL DATA (WS FORM: F-6) , PAGE 2
STATION: ORLANDO EXEC
MONTH: JUNE
YEAR: 2020
LATITUDE: 28 32 N
LONGITUDE: 81 20 W
[TEMPERATURE DATA] [PRECIPITATION DATA] SYMBOLS USED IN COLUMN 16
AVERAGE MONTHLY: 83.6 TOTAL FOR MONTH: 9.14 1 = FOG OR MIST
DPTR FM NORMAL: 1.7 DPTR FM NORMAL: 0.40 2 = FOG REDUCING VISIBILITY
HIGHEST: 97 ON 30,26 GRTST 24HR 2.57 ON 9-10 TO 1/4 MILE OR LESS
LOWEST: 70 ON 16 3 = THUNDER
SNOW, ICE PELLETS, HAIL 4 = ICE PELLETS
TOTAL MONTH: 0.0 INCH 5 = HAIL
GRTST 24HR 0.0 6 = FREEZING RAIN OR DRIZZLE
GRTST DEPTH: 0 7 = DUSTSTORM OR SANDSTORM:
VSBY 1/2 MILE OR LESS
8 = SMOKE OR HAZE
[NO. OF DAYS WITH] [WEATHER - DAYS WITH] 9 = BLOWING SNOW
X = TORNADO
MAX 32 OR BELOW: 0 0.01 INCH OR MORE: 16
MAX 90 OR ABOVE: 23 0.10 INCH OR MORE: 9
MIN 32 OR BELOW: 0 0.50 INCH OR MORE: 6
MIN 0 OR BELOW: 0 1.00 INCH OR MORE: 5
[HDD (BASE 65) ]
TOTAL THIS MO. 0 CLEAR (SCALE 0-3) 19
DPTR FM NORMAL 0 PTCLDY (SCALE 4-7) 9
TOTAL FM JUL 1 261 CLOUDY (SCALE 8-10) 2
DPTR FM NORMAL -269
[CDD (BASE 65) ]
TOTAL THIS MO. 563
DPTR FM NORMAL 55 [PRESSURE DATA]
TOTAL FM JAN 1 1927 HIGHEST SLP M ON M
DPTR FM NORMAL 581 LOWEST SLP 29.92 ON 7
[REMARKS]
#FINAL-06-20#