000
CXUS53 KPAH 010700
CF6OWB
PRELIMINARY LOCAL CLIMATOLOGICAL DATA (WS FORM: F-6)
STATION: OWENSBORO KY
MONTH: NOVEMBER
YEAR: 2022
LATITUDE: 37 45 N
LONGITUDE: 87 10 W
TEMPERATURE IN F: :PCPN: SNOW: WIND :SUNSHINE: SKY :PK WND
================================================================================
1 2 3 4 5 6A 6B 7 8 9 10 11 12 13 14 15 16 17 18
12Z AVG MX 2MIN
DY MAX MIN AVG DEP HDD CDD WTR SNW DPTH SPD SPD DIR MIN PSBL S-S WX SPD DR
================================================================================
1 71 46 59 4 6 0 M M M 1.2 7 320 M M 2 12 9 310
2 71 51 61 6 4 0 M M M 3.7 9 330 M M 2 8 10 330
3 77 46 62 7 3 0 M M M 4.2 12 150 M M 0 18 16 170
4 79 55 67 13 0 2 M M M 11.4 20 160 M M 4 26 160
5 68 48 58 4 7 0 M M M 15.3 43 160 M M 6 1 52 160
6 74 44 59 5 6 0 M M M 5.6 14 210 M M 0 1 17 210
7 71 47 59 6 6 0 M M M 7.5 16 60 M M 4 8 21 60
8 72 56 64 11 1 0 M M M 9.2 16 80 M M 6 8 21 80
9 79 47 63 11 2 0 M M M 3.5 8 130 M M 0 8 10 150
10 77 47 62 10 3 0 M M M 4.3 12 170 M M 0 8 16 170
11 65 38 52 0 13 0 M M M 11.8 24 320 M M 7 29 310
12 38 29 34 -17 31 0 M M M 11.5 22 330 M M 10 12 24 350
13 38 28 33 -18 32 0 M M M 5.5 16 320 M M 9 21 320
14 48 27 38 -12 27 0 M M M 7.4 17 120 M M 0 22 120
15 44 39 42 -8 23 0 M M M 8.6 17 300 M M 10 1 21 300
16 44 27 36 -13 29 0 M M M 12.1 25 290 M M 8 8 32 310
17 39 26 33 -16 32 0 M M M 8.1 15 280 M M 6 18 300
18 38 18 28 -20 37 0 M M M 10.5 23 310 M M 3 30 310
19 39 15 27 -21 38 0 M M M 9.5 23 230 M M 1 26 240
20 38 17 28 -20 37 0 M M M 2.9 8 50 M M 0 16 30
21 51 19 35 -12 30 0 M M M 5.6 15 210 M M 0 20 220
22 59 25 42 -5 23 0 M M M 4.4 14 210 M M 0 8 18 200
23 61 28 45 -1 20 0 M M M 1.5 7 170 M M 0 8 9 150
24 63 34 49 3 16 0 M M M 2.5 10 350 M M 7 14 340
25 52 33 43 -3 22 0 M M M 4.5 12 350 M M 6 18 14 350
26 55 25 40 -5 25 0 M M M 4.4 17 140 M M 4 128 21 150
27 59 44 52 7 13 0 M M M 14.2 33 240 M M 10 18 40 240
28 48 41 45 1 20 0 M M M 4.5 9 130 M M 8 18 10 160
29 61 43 52 8 13 0 M M M 13.1 23 160 M M 4 8 30 160
30 59 25 42 -2 23 0 M M M 12.3 33 320 M M 3 1 39 330
================================================================================
SM 1738 1068 542 2 M M 220.8 M 120
================================================================================
AV 57.9 35.6 7.4 FASTST M M 4 MAX(MPH)
MISC ----> 43 160 52 160
================================================================================
NOTES:
# LAST OF SEVERAL OCCURRENCES
COLUMN 17 PEAK WIND IN M.P.H.
PRELIMINARY LOCAL CLIMATOLOGICAL DATA (WS FORM: F-6) , PAGE 2
STATION: OWENSBORO KY
MONTH: NOVEMBER
YEAR: 2022
LATITUDE: 37 45 N
LONGITUDE: 87 10 W
[TEMPERATURE DATA] [PRECIPITATION DATA] SYMBOLS USED IN COLUMN 16
AVERAGE MONTHLY: 46.8 TOTAL FOR MONTH: M 1 = FOG OR MIST
DPTR FM NORMAL: -2.7 DPTR FM NORMAL: M 2 = FOG REDUCING VISIBILITY
HIGHEST: 79 ON 9, 4 GRTST 24HR 0.13 ON 5- 5 TO 1/4 MILE OR LESS
LOWEST: 15 ON 19 3 = THUNDER
SNOW, ICE PELLETS, HAIL 4 = ICE PELLETS
TOTAL MONTH: M 5 = HAIL
GRTST 24HR M ON M 6 = FREEZING RAIN OR DRIZZLE
GRTST DEPTH: M ON M 7 = DUSTSTORM OR SANDSTORM:
VSBY 1/2 MILE OR LESS
8 = SMOKE OR HAZE
[NO. OF DAYS WITH] [WEATHER - DAYS WITH] 9 = BLOWING SNOW
X = TORNADO
MAX 32 OR BELOW: 0 0.01 INCH OR MORE: 0
MAX 90 OR ABOVE: 0 0.10 INCH OR MORE: 0
MIN 32 OR BELOW: 13 0.50 INCH OR MORE: 0
MIN 0 OR BELOW: 0 1.00 INCH OR MORE: 0
[HDD (BASE 65) ]
TOTAL THIS MO. 542 CLEAR (SCALE 0-3) 14
DPTR FM NORMAL 72 PTCLDY (SCALE 4-7) 11
TOTAL FM JUL 1 827 CLOUDY (SCALE 8-10) 5
DPTR FM NORMAL 144
[CDD (BASE 65) ]
TOTAL THIS MO. 2
DPTR FM NORMAL -4 [PRESSURE DATA]
TOTAL FM JAN 1 1646 HIGHEST SLP 30.56 ON 20
DPTR FM NORMAL -112 LOWEST SLP 29.45 ON 27
[REMARKS]
#FINAL-11-22#