000
CXUS53 KPAH 011307
CF6OWB
PRELIMINARY LOCAL CLIMATOLOGICAL DATA (WS FORM: F-6)
STATION: OWENSBORO KY
MONTH: SEPTEMBER
YEAR: 2022
LATITUDE: 37 45 N
LONGITUDE: 87 10 W
TEMPERATURE IN F: :PCPN: SNOW: WIND :SUNSHINE: SKY :PK WND
================================================================================
1 2 3 4 5 6A 6B 7 8 9 10 11 12 13 14 15 16 17 18
12Z AVG MX 2MIN
DY MAX MIN AVG DEP HDD CDD WTR SNW DPTH SPD SPD DIR MIN PSBL S-S WX SPD DR
================================================================================
1 86 60 73 -4 0 8 M M M 3.7 12 60 M M 0 1 14 60
2 89 66 78 1 0 13 M M M 4.2 10 140 M M 0 12 140
3 87 68 78 1 0 13 M M M 5.6 23 310 M M 5 13 26 10
4 78 68 73 -3 0 8 M M M 4.4 13 90 M M 7 13 16 100
5 85 69 77 1 0 12 M M M 3.4 14 70 M M 6 3 16 60
6 81 66 74 -2 0 9 M M M 4.2 12 70 M M 6 1238 15 10
7 83 67 75 0 0 10 M M M 5.8 15 60 M M 4 21 60
8 81 62 72 -3 0 7 M M M 4.9 13 70 M M 0 16 60
9 85 62 74 -1 0 9 M M M 3.8 13 150 M M 1 14 150
10 84 65 75 1 0 10 M M M 5.1 15 170 M M 4 17 180
11 81 63 72 -2 0 7 M M M 9.2 21 300 M M 9 1 25 310
12 78 52 65 -9 0 0 M M M 6.2 18 250 M M 4 1 28 260
13 77 54 66 -7 0 1 M M M 4.0 15 330 M M 3 18 320
14 82 56 69 -4 0 4 M M M 2.3 13 80 M M 1 128 14 90
15 84 58 71 -1 0 6 M M M 3.7 13 120 M M 0 1 17 90
16 87 59 73 1 0 8 M M M 4.0 12 160 M M 2 14 240
17 86 63 75 3 0 10 M M M 5.7 13 170 M M 4 16 170
18 87 61 74 3 0 9 M M M 6.3 17 220 M M 1 18 20 200
19 90 68 79 8 0 14 M M M 6.2 15 210 M M 5 13 M M
20 95 70 83 13 0 18 M M M 2.4 8 140 M M 1 8 10 260
21 95 71 83 13 0 18 M M M 6.7 17 300 M M 1 8 20 330
22 77 57 67 -3 0 2 M M M 10.1 17 30 M M 1 8 25 360
23 69 51 60 -9 5 0 M M M 7.5 15 100 M M 1 18 110
24 85 59 72 3 0 7 M M M 6.3 16 220 M M 4 23 230
25 78 58 68 0 0 3 M M M 7.9 22 280 M M 1 3 28 270
26 72 48 60 -8 5 0 M M M 8.5 23 310 M M 1 30 290
27 72 43 58 -9 7 0 M M M 6.9 21 320 M M 0 28 330
28 66 41 54 -13 11 0 M M M 6.3 15 50 M M 3 22 70
29 70 48 59 -8 6 0 M M M 7.5 17 70 M M 0 20 70
30 73 49 61 -5 4 0 M M M 7.5 15 50 M M 0 20 60
================================================================================
SM 2443 1782 38 206 M M 170.3 M 75
================================================================================
AV 81.4 59.4 5.7 FASTST M M 3 MAX(MPH)
MISC ----> # 23 310 30 290
================================================================================
NOTES:
# LAST OF SEVERAL OCCURRENCES
COLUMN 17 PEAK WIND IN M.P.H.
PRELIMINARY LOCAL CLIMATOLOGICAL DATA (WS FORM: F-6) , PAGE 2
STATION: OWENSBORO KY
MONTH: SEPTEMBER
YEAR: 2022
LATITUDE: 37 45 N
LONGITUDE: 87 10 W
[TEMPERATURE DATA] [PRECIPITATION DATA] SYMBOLS USED IN COLUMN 16
AVERAGE MONTHLY: 70.4 TOTAL FOR MONTH: M 1 = FOG OR MIST
DPTR FM NORMAL: -1.7 DPTR FM NORMAL: M 2 = FOG REDUCING VISIBILITY
HIGHEST: 95 ON 21,20 GRTST 24HR 3.63 ON 3- 4 TO 1/4 MILE OR LESS
LOWEST: 41 ON 28 3 = THUNDER
SNOW, ICE PELLETS, HAIL 4 = ICE PELLETS
TOTAL MONTH: M 5 = HAIL
GRTST 24HR M ON M 6 = FREEZING RAIN OR DRIZZLE
GRTST DEPTH: M ON M 7 = DUSTSTORM OR SANDSTORM:
VSBY 1/2 MILE OR LESS
8 = SMOKE OR HAZE
[NO. OF DAYS WITH] [WEATHER - DAYS WITH] 9 = BLOWING SNOW
X = TORNADO
MAX 32 OR BELOW: 0 0.01 INCH OR MORE: 0
MAX 90 OR ABOVE: 3 0.10 INCH OR MORE: 0
MIN 32 OR BELOW: 0 0.50 INCH OR MORE: 0
MIN 0 OR BELOW: 0 1.00 INCH OR MORE: 0
[HDD (BASE 65) ]
TOTAL THIS MO. 38 CLEAR (SCALE 0-3) 19
DPTR FM NORMAL 12 PTCLDY (SCALE 4-7) 10
TOTAL FM JUL 1 38 CLOUDY (SCALE 8-10) 1
DPTR FM NORMAL 13
[CDD (BASE 65) ]
TOTAL THIS MO. 206
DPTR FM NORMAL -31 [PRESSURE DATA]
TOTAL FM JAN 1 1631 HIGHEST SLP 30.44 ON 29
DPTR FM NORMAL -70 LOWEST SLP 29.81 ON 25
[REMARKS]
#FINAL-09-22#