000
CXUS53 KPAH 010800
CF6OWB
PRELIMINARY LOCAL CLIMATOLOGICAL DATA (WS FORM: F-6)
STATION: OWENSBORO KY
MONTH: DECEMBER
YEAR: 2021
LATITUDE: 37 45 N
LONGITUDE: 87 10 W
TEMPERATURE IN F: :PCPN: SNOW: WIND :SUNSHINE: SKY :PK WND
================================================================================
1 2 3 4 5 6A 6B 7 8 9 10 11 12 13 14 15 16 17 18
12Z AVG MX 2MIN
DY MAX MIN AVG DEP HDD CDD WTR SNW DPTH SPD SPD DIR MIN PSBL S-S WX SPD DR
================================================================================
1 60 39 50 7 15 0 0.00 M M 6.1 21 230 M M 5 128 24 230
2 70 41 56 13 9 0 0.00 M M 6.8 18 240 M M 2 12 20 240
3 72 38 55 13 10 0 0.00 M M 4.6 13 230 M M 0 15 240
4 59 43 51 9 14 0 0.00 M M 7.8 16 50 M M 1 20 60
5 66 44 55 13 10 0 0.62 M M 13.0 38 190 M M 9 138 46 220
6 62 30 46 5 19 0 0.63 M M 11.6 36 320 M M 4 13 43 280
7 36 29 33 -8 32 0 0.00 M M 5.8 14 10 M M 4 18 10
8 48 27 38 -3 27 0 0.00 M M 3.9 14 280 M M 2 1 16 280
9 58 30 44 4 21 0 0.00 M M 10.8 26 200 M M 4 31 200
10 68 52 60 20 5 0 0.01 M M 11.3 21 170 M M 9 13 28 170
11 70 30 50 10 15 0 0.04 M M 15.3 36 220 M M 5 3 41 210
12 49 26 38 -2 27 0 0.00 M M 5.3 14 210 M M 0 15 210
13 56 29 43 4 22 0 0.00 M M 5.3 14 210 M M 0 16 190
14 61 35 48 9 17 0 T M M 6.7 12 150 M M 6 8 14 150
15 67 56 62 23 3 0 T M M 14.4 21 180 M M 7 23 180
16 64 43 54 16 11 0 0.26 M M 11.9 25 190 M M 7 18 33 190
17 49 40 45 7 20 0 0.62 M M 6.5 14 70 M M 8 1 16 80
18 55 39 47 9 18 0 0.19 M M 8.9 24 320 M M 10 1 28 320
19 42 30 36 -2 29 0 0.01 M M 7.0 14 50 M M 5 16 50
20 44 22 33 -5 32 0 0.00 M M 1.8 9 180 M M 0 1 10 220
21 50 27 39 1 26 0 0.00 M M 5.0 13 320 M M 0 18 16 330
22 40 27 34 -3 31 0 0.00 M M 5.8 16 320 M M 0 21 330
23 56 27 42 5 23 0 0.00 M M 9.5 20 210 M M 3 22 210
24 64 50 57 20 8 0 0.00 M M 14.4 22 190 M M 9 28 180
25 73 44 59 22 6 0 0.00 M M 13.7 28 260 M M 6 1 37 250
26 58 40 49 12 16 0 0.00 M M 6.2 15 160 M M 7 128 18 150
27 74 50 62 25 3 0 0.00 M M 12.1 24 250 M M 9 29 250
28 69 46 58 22 7 0 0.73 M M 10.1 32 220 M M 10 1 37 220
29 54 45 50 14 15 0 0.18 M M 5.8 14 70 M M 9 128 17 70
30 51 47 49 13 16 0 T M M 2.8 9 210 M M 10 12 10 220
31 67 46 57 21 8 0 0.13 M M 7.2 23 230 M M 8 1 26 230
================================================================================
SM 1812 1172 515 0 3.42 M 257.4 M 159
================================================================================
AV 58.5 37.8 8.3 FASTST M M 5 MAX(MPH)
MISC ----> 38 190 46 220
================================================================================
NOTES:
# LAST OF SEVERAL OCCURRENCES
COLUMN 17 PEAK WIND IN M.P.H.
PRELIMINARY LOCAL CLIMATOLOGICAL DATA (WS FORM: F-6) , PAGE 2
STATION: OWENSBORO KY
MONTH: DECEMBER
YEAR: 2021
LATITUDE: 37 45 N
LONGITUDE: 87 10 W
[TEMPERATURE DATA] [PRECIPITATION DATA] SYMBOLS USED IN COLUMN 16
AVERAGE MONTHLY: 48.1 TOTAL FOR MONTH: 3.42 1 = FOG OR MIST
DPTR FM NORMAL: 9.2 DPTR FM NORMAL: -0.79 2 = FOG REDUCING VISIBILITY
HIGHEST: 74 ON 27 GRTST 24HR 1.25 ON 5- 6 TO 1/4 MILE OR LESS
LOWEST: 22 ON 20 3 = THUNDER
SNOW, ICE PELLETS, HAIL 4 = ICE PELLETS
TOTAL MONTH: M 5 = HAIL
GRTST 24HR M ON M 6 = FREEZING RAIN OR DRIZZLE
GRTST DEPTH: M ON M 7 = DUSTSTORM OR SANDSTORM:
VSBY 1/2 MILE OR LESS
8 = SMOKE OR HAZE
[NO. OF DAYS WITH] [WEATHER - DAYS WITH] 9 = BLOWING SNOW
X = TORNADO
MAX 32 OR BELOW: 0 0.01 INCH OR MORE: 11
MAX 90 OR ABOVE: 0 0.10 INCH OR MORE: 8
MIN 32 OR BELOW: 12 0.50 INCH OR MORE: 4
MIN 0 OR BELOW: 0 1.00 INCH OR MORE: 0
[HDD (BASE 65) ]
TOTAL THIS MO. 515 CLEAR (SCALE 0-3) 10
DPTR FM NORMAL -294 PTCLDY (SCALE 4-7) 13
TOTAL FM JUL 1 1302 CLOUDY (SCALE 8-10) 8
DPTR FM NORMAL -191
[CDD (BASE 65) ]
TOTAL THIS MO. 0
DPTR FM NORMAL -1 [PRESSURE DATA]
TOTAL FM JAN 1 1665 HIGHEST SLP 30.42 ON 14
DPTR FM NORMAL -94 LOWEST SLP 29.49 ON 11
[REMARKS]
#FINAL-12-21#