000
CXUS53 KPAH 010700
CF6OWB
PRELIMINARY LOCAL CLIMATOLOGICAL DATA (WS FORM: F-6)
STATION: OWENSBORO KY
MONTH: SEPTEMBER
YEAR: 2021
LATITUDE: 37 45 N
LONGITUDE: 87 10 W
TEMPERATURE IN F: :PCPN: SNOW: WIND :SUNSHINE: SKY :PK WND
================================================================================
1 2 3 4 5 6A 6B 7 8 9 10 11 12 13 14 15 16 17 18
12Z AVG MX 2MIN
DY MAX MIN AVG DEP HDD CDD WTR SNW DPTH SPD SPD DIR MIN PSBL S-S WX SPD DR
================================================================================
1 84 68 76 -1 0 11 0.00 M M 6.2 14 40 M M 4 1 18 360
2 81 62 72 -5 0 7 0.00 M M 5.9 15 60 M M 0 18 90
3 81 61 71 -6 0 6 0.00 M M 3.7 10 120 M M 0 13 110
4 82 61 72 -4 0 7 0.03 M M 6.1 14 230 M M 4 17 230
5 81 60 71 -5 0 6 0.70 M M 5.7 14 330 M M 6 1 17 330
6 86 56 71 -5 0 6 0.00 M M 1.6 9 160 M M 0 1 12 70
7 86 59 73 -2 0 8 0.00 M M 5.7 13 240 M M 0 15 220
8 83 60 72 -3 0 7 T M M 6.4 17 320 M M 3 3 22 320
9 80 55 68 -7 0 3 0.00 M M 3.7 16 310 M M 1 20 310
10 81 55 68 -6 0 3 0.00 M M 2.2 10 150 M M 1 8 14 130
11 85 60 73 -1 0 8 0.00 M M 9.5 22 220 M M 2 1 26 240
12 87 64 76 2 0 11 0.00 M M 8.3 18 220 M M 0 23 240
13 90 65 78 5 0 13 0.00 M M 6.2 16 230 M M 1 1 21 240
14 89 70 80 7 0 15 0.00 M M 7.6 17 220 M M 4 21 220
15 85 69 77 5 0 12 0.00 M M 5.3 16 30 M M 5 1 21 30
16 85 65 75 3 0 10 0.00 M M 5.6 10 130 M M 5 1 13 140
17 88 68 78 6 0 13 T M M 4.8 13 190 M M 4 3 16 190
18 87 69 78 7 0 13 0.81 M M 4.4 14 130 M M 4 138 17 140
19 78 69 74 3 0 9 0.36 M M 4.9 12 140 M M 7 13 15 140
20 83 68 76 6 0 11 0.01 M M 10.1 20 160 M M 8 1 24 160
21 83 62 73 3 0 8 0.48 M M 7.4 20 340 M M 8 18 24 340
22 63 52 58 -12 7 0 0.36 M M 11.0 28 320 M M 9 1 33 320
23 71 47 59 -10 6 0 0.00 M M 7.2 21 280 M M 0 24 280
24 78 47 63 -6 2 0 0.00 M M 5.2 14 230 M M 0 1 17 250
25 74 54 64 -4 1 0 0.10 M M 4.1 13 330 M M 2 1 16 330
26 80 48 64 -4 1 0 0.00 M M 5.2 14 240 M M 0 18 220
27 86 58 72 5 0 7 0.00 M M 9.2 18 220 M M 0 24 220
28 88 61 75 8 0 10 0.00 M M 4.6 13 230 M M 0 15 230
29 88 61 75 8 0 10 0.00 M M 2.2 8 120 M M 1 10 160
30 88 63 76 10 0 11 0.00 M M 3.4 10 100 M M 1 8 13 150
================================================================================
SM 2481 1817 17 225 2.85 M 173.4 M 80
================================================================================
AV 82.7 60.6 5.8 FASTST M M 3 MAX(MPH)
MISC ----> 28 320 33 320
================================================================================
NOTES:
# LAST OF SEVERAL OCCURRENCES
COLUMN 17 PEAK WIND IN M.P.H.
PRELIMINARY LOCAL CLIMATOLOGICAL DATA (WS FORM: F-6) , PAGE 2
STATION: OWENSBORO KY
MONTH: SEPTEMBER
YEAR: 2021
LATITUDE: 37 45 N
LONGITUDE: 87 10 W
[TEMPERATURE DATA] [PRECIPITATION DATA] SYMBOLS USED IN COLUMN 16
AVERAGE MONTHLY: 71.6 TOTAL FOR MONTH: 2.85 1 = FOG OR MIST
DPTR FM NORMAL: -0.5 DPTR FM NORMAL: -0.61 2 = FOG REDUCING VISIBILITY
HIGHEST: 90 ON 13 GRTST 24HR 0.84 ON 21-22 TO 1/4 MILE OR LESS
LOWEST: 47 ON 24,23 3 = THUNDER
SNOW, ICE PELLETS, HAIL 4 = ICE PELLETS
TOTAL MONTH: M 5 = HAIL
GRTST 24HR M ON M 6 = FREEZING RAIN OR DRIZZLE
GRTST DEPTH: M ON M 7 = DUSTSTORM OR SANDSTORM:
VSBY 1/2 MILE OR LESS
8 = SMOKE OR HAZE
[NO. OF DAYS WITH] [WEATHER - DAYS WITH] 9 = BLOWING SNOW
X = TORNADO
MAX 32 OR BELOW: 0 0.01 INCH OR MORE: 8
MAX 90 OR ABOVE: 1 0.10 INCH OR MORE: 6
MIN 32 OR BELOW: 0 0.50 INCH OR MORE: 2
MIN 0 OR BELOW: 0 1.00 INCH OR MORE: 0
[HDD (BASE 65) ]
TOTAL THIS MO. 17 CLEAR (SCALE 0-3) 17
DPTR FM NORMAL -9 PTCLDY (SCALE 4-7) 11
TOTAL FM JUL 1 17 CLOUDY (SCALE 8-10) 2
DPTR FM NORMAL -8
[CDD (BASE 65) ]
TOTAL THIS MO. 225
DPTR FM NORMAL -12 [PRESSURE DATA]
TOTAL FM JAN 1 1543 HIGHEST SLP 30.22 ON 12
DPTR FM NORMAL -158 LOWEST SLP 29.70 ON 1
[REMARKS]
#FINAL-09-21#