000
CXUS55 KPAH 010700
CF6OWB
PRELIMINARY LOCAL CLIMATOLOGICAL DATA (WS FORM: F-6)
STATION: OWENSBORO KY
MONTH: APRIL
YEAR: 2021
LATITUDE: 37 45 N
LONGITUDE: 87 10 W
TEMPERATURE IN F: :PCPN: SNOW: WIND :SUNSHINE: SKY :PK WND
================================================================================
1 2 3 4 5 6A 6B 7 8 9 10 11 12 13 14 15 16 17 18
12Z AVG MX 2MIN
DY MAX MIN AVG DEP HDD CDD WTR SNW DPTH SPD SPD DIR MIN PSBL S-S WX SPD DR
================================================================================
1 46 30 38 -16 27 0 0.00 M M 10.7 23 320 M M 2 26 330
2 51 28 40 -14 25 0 0.00 M M 4.0 13 130 M M 0 15 150
3 67 34 51 -4 14 0 0.00 M M 7.5 16 210 M M 0 21 200
4 75 43 59 4 6 0 0.00 M M 5.6 13 240 M M 0 17 220
5 77 48 63 7 2 0 0.00 M M 6.9 18 210 M M 0 23 210
6 81 52 67 11 0 2 0.00 M M 6.9 20 210 M M 2 23 220
7 83 59 71 15 0 6 0.01 M M 12.2 28 240 M M 5 3 32 240
8 71 54 63 6 2 0 0.06 M M 13.3 30 220 M M 8 35 220
9 84 53 69 12 0 4 T M M 11.5 26 210 M M 2 8 35 210
10 69 54 62 5 3 0 0.05 M M 14.6 33 240 M M 6 38 230
11 70 47 59 1 6 0 T M M 16.1 32 270 M M 4 43 270
12 73 42 58 0 7 0 0.00 M M 6.9 18 310 M M 1 1 21 300
13 69 55 62 3 3 0 T M M 5.6 14 60 M M 7 8 18 40
14 60 49 55 -4 10 0 0.31 M M 3.5 13 10 M M 7 16 350
15 60 40 50 -9 15 0 0.00 M M 6.4 17 310 M M 1 22 320
16 64 38 51 -9 14 0 0.00 M M 2.2 10 270 M M 1 8 14 320
17 60 45 53 -7 12 0 T M M 5.7 13 320 M M 9 16 330
18 66 39 53 -7 12 0 T M M 3.7 16 320 M M 6 12 21 310
19 69 40 55 -6 10 0 0.00 M M 6.8 18 250 M M 1 23 260
20 68 33 51 -10 14 0 0.16 M M 10.1 30 320 M M 3 16 33 310
21 52 32 42 -19 23 0 0.00 M M 7.2 20 300 M M 7 29 330
22 57 39 48 -14 17 0 0.00 M M 4.9 15 320 M M 4 18 310
23 65 44 55 -7 10 0 T M M 7.0 17 210 M M 8 23 170
24 55 47 51 -11 14 0 0.49 M M 7.5 15 50 M M 9 1 20 350
25 68 43 56 -7 9 0 0.00 M M 2.7 10 330 M M 3 12 15 330
26 78 46 62 -1 3 0 0.00 M M 9.3 20 180 M M 0 8 23 160
27 84 59 72 9 0 7 0.00 M M 14.0 26 210 M M 0 33 220
28 81 65 73 9 0 8 0.46 M M 7.7 18 270 M M 7 13 21 310
29 70 54 62 -2 3 0 0.94 M M 10.9 23 220 M M 8 1 28 210
30 77 52 65 1 0 0 0.00 M M 8.9 23 320 M M 0 1 29 320
================================================================================
SM 2050 1364 261 27 2.48 M 240.3 M 111
================================================================================
AV 68.3 45.5 8.0 FASTST M M 4 MAX(MPH)
MISC ----> 33 240 43 270
================================================================================
NOTES:
# LAST OF SEVERAL OCCURRENCES
COLUMN 17 PEAK WIND IN M.P.H.
PRELIMINARY LOCAL CLIMATOLOGICAL DATA (WS FORM: F-6) , PAGE 2
STATION: OWENSBORO KY
MONTH: APRIL
YEAR: 2021
LATITUDE: 37 45 N
LONGITUDE: 87 10 W
[TEMPERATURE DATA] [PRECIPITATION DATA] SYMBOLS USED IN COLUMN 16
AVERAGE MONTHLY: 56.9 TOTAL FOR MONTH: 2.48 1 = FOG OR MIST
DPTR FM NORMAL: -2.4 DPTR FM NORMAL: -2.03 2 = FOG REDUCING VISIBILITY
HIGHEST: 84 ON 27, 9 GRTST 24HR 1.03 ON 28-29 TO 1/4 MILE OR LESS
LOWEST: 28 ON 2 3 = THUNDER
SNOW, ICE PELLETS, HAIL 4 = ICE PELLETS
TOTAL MONTH: M 5 = HAIL
GRTST 24HR M ON M 6 = FREEZING RAIN OR DRIZZLE
GRTST DEPTH: M ON M 7 = DUSTSTORM OR SANDSTORM:
VSBY 1/2 MILE OR LESS
8 = SMOKE OR HAZE
[NO. OF DAYS WITH] [WEATHER - DAYS WITH] 9 = BLOWING SNOW
X = TORNADO
MAX 32 OR BELOW: 0 0.01 INCH OR MORE: 8
MAX 90 OR ABOVE: 0 0.10 INCH OR MORE: 5
MIN 32 OR BELOW: 3 0.50 INCH OR MORE: 1
MIN 0 OR BELOW: 0 1.00 INCH OR MORE: 0
[HDD (BASE 65) ]
TOTAL THIS MO. 261 CLEAR (SCALE 0-3) 16
DPTR FM NORMAL 46 PTCLDY (SCALE 4-7) 11
TOTAL FM JUL 1 3990 CLOUDY (SCALE 8-10) 3
DPTR FM NORMAL 172
[CDD (BASE 65) ]
TOTAL THIS MO. 27
DPTR FM NORMAL -18 [PRESSURE DATA]
TOTAL FM JAN 1 27 HIGHEST SLP 30.26 ON 22
DPTR FM NORMAL -24 LOWEST SLP 29.47 ON 11
[REMARKS]
#FINAL-04-21#