000
CXUS55 KPAH 010700
CF6OWB
PRELIMINARY LOCAL CLIMATOLOGICAL DATA (WS FORM: F-6)
STATION: OWENSBORO KY
MONTH: DECEMBER
YEAR: 2020
LATITUDE: 37 45 N
LONGITUDE: 87 10 W
TEMPERATURE IN F: :PCPN: SNOW: WIND :SUNSHINE: SKY :PK WND
================================================================================
1 2 3 4 5 6A 6B 7 8 9 10 11 12 13 14 15 16 17 18
12Z AVG MX 2MIN
DY MAX MIN AVG DEP HDD CDD WTR SNW DPTH SPD SPD DIR MIN PSBL S-S WX SPD DR
================================================================================
1 38 22 30 -13 35 0 T M M 8.0 18 270 M M 3 22 280
2 46 19 33 -10 32 0 0.00 M M 0.9 6 110 M M 0 7 110
3 45 26 36 -6 29 0 0.03 M M 3.8 12 210 M M 6 14 210
4 46 33 40 -2 25 0 T M M 4.6 12 320 M M 7 1 14 300
5 50 28 39 -3 26 0 0.00 M M 1.7 8 80 M M 0 9 70
6 43 28 36 -5 29 0 0.00 M M 6.0 14 340 M M 6 17 330
7 42 29 36 -5 29 0 T M M 5.3 12 320 M M 9 14 330
8 41 33 37 -4 28 0 0.00 M M 3.2 10 180 M M 7 18 12 170
9 62 33 48 8 17 0 0.00 M M 5.0 15 230 M M 0 16 230
10 67 34 51 11 14 0 0.00 M M 5.4 13 170 M M 0 15 170
11 66 41 54 14 11 0 T M M 11.4 21 200 M M 1 24 210
12 62 44 53 13 12 0 0.34 M M 14.1 32 240 M M 8 1 40 230
13 47 39 43 4 22 0 0.08 M M 5.1 10 330 M M 9 14 290
14 39 23 31 -8 34 0 T M M 8.1 20 330 M M 7 25 340
15 41 21 31 -8 34 0 T M M 8.9 20 110 M M 3 26 100
16 37 32 35 -3 30 0 0.06 M M 8.0 16 320 M M 10 1 20 300
17 37 23 30 -8 35 0 0.00 M M 4.8 10 270 M M 7 1 12 270
18 43 20 32 -6 33 0 0.00 M M 6.7 15 160 M M 0 1 18 170
19 43 34 39 1 26 0 0.13 M M 8.7 16 210 M M 7 1 20 220
20 49 34 42 4 23 0 T M M 6.3 13 230 M M 5 18 16 210
21 56 38 47 9 18 0 0.00 M M 12.4 25 250 M M 5 31 260
22 51 32 42 5 23 0 0.00 M M 6.1 20 310 M M 0 24 300
23 60 38 49 12 16 0 0.43 M M 15.9 29 180 M M 6 36 170
24 45 22 34 -3 31 0 T M M 14.4 26 300 M M 7 32 300
25 22 13 18 -19 47 0 T M M 11.6 20 300 M M 7 24 250
26 44 15 30 -7 35 0 0.00 M M 7.4 15 220 M M 0 17 220
27 56 32 44 7 21 0 T M M 12.0 21 210 M M 2 25 210
28 49 30 40 4 25 0 0.00 M M 9.4 22 320 M M 7 26 320
29 44 28 36 0 29 0 0.00 M M 9.0 17 100 M M 4 20 100
30 54 34 44 8 21 0 1.00 M M 10.6 28 330 M M 8 1 33 330
31 36 31 34 -2 31 0 0.22 M M 9.2 15 70 M M 10 18 70
================================================================================
SM 1461 909 821 0 2.29 M 244.0 M 151
================================================================================
AV 47.1 29.3 7.9 FASTST M M 5 MAX(MPH)
MISC ----> 32 240 40 230
================================================================================
NOTES:
# LAST OF SEVERAL OCCURRENCES
COLUMN 17 PEAK WIND IN M.P.H.
PRELIMINARY LOCAL CLIMATOLOGICAL DATA (WS FORM: F-6) , PAGE 2
STATION: OWENSBORO KY
MONTH: DECEMBER
YEAR: 2020
LATITUDE: 37 45 N
LONGITUDE: 87 10 W
[TEMPERATURE DATA] [PRECIPITATION DATA] SYMBOLS USED IN COLUMN 16
AVERAGE MONTHLY: 38.2 TOTAL FOR MONTH: 2.29 1 = FOG OR MIST
DPTR FM NORMAL: -0.7 DPTR FM NORMAL: -1.92 2 = FOG REDUCING VISIBILITY
HIGHEST: 67 ON 10 GRTST 24HR 1.22 ON 30-31 TO 1/4 MILE OR LESS
LOWEST: 13 ON 25 3 = THUNDER
SNOW, ICE PELLETS, HAIL 4 = ICE PELLETS
TOTAL MONTH: M 5 = HAIL
GRTST 24HR M ON M 6 = FREEZING RAIN OR DRIZZLE
GRTST DEPTH: M ON M 7 = DUSTSTORM OR SANDSTORM:
VSBY 1/2 MILE OR LESS
8 = SMOKE OR HAZE
[NO. OF DAYS WITH] [WEATHER - DAYS WITH] 9 = BLOWING SNOW
X = TORNADO
MAX 32 OR BELOW: 1 0.01 INCH OR MORE: 8
MAX 90 OR ABOVE: 0 0.10 INCH OR MORE: 5
MIN 32 OR BELOW: 19 0.50 INCH OR MORE: 1
MIN 0 OR BELOW: 0 1.00 INCH OR MORE: 1
[HDD (BASE 65) ]
TOTAL THIS MO. 821 CLEAR (SCALE 0-3) 10
DPTR FM NORMAL 12 PTCLDY (SCALE 4-7) 17
TOTAL FM JUL 1 1512 CLOUDY (SCALE 8-10) 4
DPTR FM NORMAL 19
[CDD (BASE 65) ]
TOTAL THIS MO. 0
DPTR FM NORMAL -1 [PRESSURE DATA]
TOTAL FM JAN 1 1574 HIGHEST SLP 30.58 ON 29
DPTR FM NORMAL -185 LOWEST SLP 29.67 ON 23
[REMARKS]
#FINAL-12-20#