000
CXUS55 KPAH 010800
CF6OWB
PRELIMINARY LOCAL CLIMATOLOGICAL DATA (WS FORM: F-6)
STATION: OWENSBORO KY
MONTH: OCTOBER
YEAR: 2020
LATITUDE: 37 45 N
LONGITUDE: 87 10 W
TEMPERATURE IN F: :PCPN: SNOW: WIND :SUNSHINE: SKY :PK WND
================================================================================
1 2 3 4 5 6A 6B 7 8 9 10 11 12 13 14 15 16 17 18
12Z AVG MX 2MIN
DY MAX MIN AVG DEP HDD CDD WTR SNW DPTH SPD SPD DIR MIN PSBL S-S WX SPD DR
================================================================================
1 72 47 60 -6 5 0 0.00 M M 7.7 23 310 M M 2 29 300
2 65 41 53 -12 12 0 0.00 M M 3.3 15 310 M M 3 17 290
3 70 39 55 -10 10 0 T M M 2.9 13 230 M M 3 8 15 240
4 66 43 55 -10 10 0 0.00 M M 7.4 18 320 M M 7 23 320
5 66 36 51 -13 14 0 0.00 M M 1.9 9 50 M M 0 13 100
6 76 40 58 -6 7 0 0.00 M M 5.2 13 200 M M 0 21 220
7 86 50 68 4 0 3 0.00 M M 5.8 14 230 M M 0 20 260
8 86 53 70 7 0 5 0.00 M M 3.8 9 50 M M 0 128 14 70
9 82 55 69 6 0 4 0.00 M M 6.7 23 220 M M 2 26 220
10 78 65 72 10 0 7 T M M 7.7 14 100 M M 5 17 80
11 82 63 73 11 0 8 T M M 6.9 16 90 M M 6 18 20 90
12 79 48 64 2 1 0 T M M 7.5 28 320 M M 6 12 35 330
13 73 42 58 -4 7 0 0.00 M M 2.3 13 260 M M 3 128 16 250
14 82 46 64 3 1 0 0.00 M M 9.8 21 200 M M 0 1 25 220
15 63 47 55 -6 10 0 0.06 M M 5.5 14 330 M M 5 1 17 210
16 60 34 47 -14 18 0 0.00 M M 3.3 18 280 M M 0 21 290
17 67 35 51 -9 14 0 0.00 M M 8.1 18 160 M M 1 8 21 160
18 62 52 57 -3 8 0 0.05 M M 8.7 21 210 M M 10 1 24 210
19 60 55 58 -2 7 0 2.56 M M 3.9 13 310 M M 10 13 14 320
20 67 53 60 1 5 0 0.26 M M 3.2 17 320 M M 8 12 18 330
21 82 60 71 12 0 6 0.00 M M 5.6 12 240 M M 2 8 13 240
22 85 60 73 14 0 8 0.00 M M 7.0 16 200 M M 1 1 21 210
23 83 48 66 8 0 1 0.26 M M 12.9 26 320 M M 5 13 32 290
24 53 46 50 -8 15 0 T M M 8.2 14 40 M M 10 8 20 360
25 52 49 51 -7 14 0 0.02 M M 6.2 14 80 M M 10 1 16 80
26 54 48 51 -6 14 0 0.01 M M 6.8 12 10 M M 10 1 15 340
27 54 48 51 -6 14 0 0.02 M M 5.1 10 350 M M 10 1 13 340
28 56 49 53 -4 12 0 1.07 M M 6.4 17 50 M M 10 1 22 40
29 58 45 52 -4 13 0 1.74 M M 11.8 20 330 M M 9 1 26 360
30 53 38 46 -10 19 0 0.00 M M 6.6 15 310 M M 1 18 330
31 64 36 50 -6 15 0 0.00 M M 6.5 13 170 M M 0 1 16 160
================================================================================
SM 2136 1471 245 42 6.05 M 194.7 M 139
================================================================================
AV 68.9 47.5 6.3 FASTST M M 4 MAX(MPH)
MISC ----> 28 320 35 330
================================================================================
NOTES:
# LAST OF SEVERAL OCCURRENCES
COLUMN 17 PEAK WIND IN M.P.H.
PRELIMINARY LOCAL CLIMATOLOGICAL DATA (WS FORM: F-6) , PAGE 2
STATION: OWENSBORO KY
MONTH: OCTOBER
YEAR: 2020
LATITUDE: 37 45 N
LONGITUDE: 87 10 W
[TEMPERATURE DATA] [PRECIPITATION DATA] SYMBOLS USED IN COLUMN 16
AVERAGE MONTHLY: 58.2 TOTAL FOR MONTH: 6.05 1 = FOG OR MIST
DPTR FM NORMAL: -2.5 DPTR FM NORMAL: 2.59 2 = FOG REDUCING VISIBILITY
HIGHEST: 86 ON 8, 7 GRTST 24HR 2.74 ON 19-20 TO 1/4 MILE OR LESS
LOWEST: 34 ON 16 3 = THUNDER
SNOW, ICE PELLETS, HAIL 4 = ICE PELLETS
TOTAL MONTH: M 5 = HAIL
GRTST 24HR M ON M 6 = FREEZING RAIN OR DRIZZLE
GRTST DEPTH: M ON M 7 = DUSTSTORM OR SANDSTORM:
VSBY 1/2 MILE OR LESS
8 = SMOKE OR HAZE
[NO. OF DAYS WITH] [WEATHER - DAYS WITH] 9 = BLOWING SNOW
X = TORNADO
MAX 32 OR BELOW: 0 0.01 INCH OR MORE: 10
MAX 90 OR ABOVE: 0 0.10 INCH OR MORE: 5
MIN 32 OR BELOW: 0 0.50 INCH OR MORE: 3
MIN 0 OR BELOW: 0 1.00 INCH OR MORE: 3
[HDD (BASE 65) ]
TOTAL THIS MO. 245 CLEAR (SCALE 0-3) 15
DPTR FM NORMAL 60 PTCLDY (SCALE 4-7) 7
TOTAL FM JUL 1 266 CLOUDY (SCALE 8-10) 9
DPTR FM NORMAL 54
[CDD (BASE 65) ]
TOTAL THIS MO. 42
DPTR FM NORMAL -9 [PRESSURE DATA]
TOTAL FM JAN 1 1557 HIGHEST SLP 30.37 ON 31
DPTR FM NORMAL -195 LOWEST SLP 29.52 ON 29
[REMARKS]
#FINAL-10-20#