000
CXUS55 KPAH 011847
CF6OWB
PRELIMINARY LOCAL CLIMATOLOGICAL DATA (WS FORM: F-6)
STATION: OWENSBORO KY
MONTH: SEPTEMBER
YEAR: 2020
LATITUDE: 37 45 N
LONGITUDE: 87 10 W
TEMPERATURE IN F: :PCPN: SNOW: WIND :SUNSHINE: SKY :PK WND
================================================================================
1 2 3 4 5 6A 6B 7 8 9 10 11 12 13 14 15 16 17 18
12Z AVG MX 2MIN
DY MAX MIN AVG DEP HDD CDD WTR SNW DPTH SPD SPD DIR MIN PSBL S-S WX SPD DR
================================================================================
1 81 69 75 -2 0 10 0.02 M M 5.4 14 220 M M 5 16 220
2 85 73 79 2 0 14 0.50 M M 5.0 13 250 M M 9 1 16 250
3 85 73 79 2 0 14 3.53 M M 7.2 16 250 M M 6 1 20 280
4 81 62 72 -4 0 7 0.00 M M 6.2 14 330 M M 2 18 330
5 84 57 71 -5 0 6 0.00 M M 2.3 10 160 M M 0 13 250
6 86 59 73 -3 0 8 0.00 M M 5.0 13 180 M M 0 16 160
7 88 63 76 1 0 11 0.00 M M 7.8 16 250 M M 0 20 230
8 90 66 78 3 0 13 0.00 M M 4.9 13 140 M M 0 14 150
9 90 64 77 2 0 12 0.00 M M 2.2 10 110 M M 2 12 100
10 89 66 78 4 0 13 0.00 M M 3.8 12 70 M M 1 1 14 60
11 82 69 76 2 0 11 0.00 M M 7.9 14 70 M M 5 1 17 60
12 86 69 78 4 0 13 T M M 4.4 21 160 M M 6 13 29 160
13 85 69 77 4 0 12 T M M 3.8 12 340 M M 5 1 13 350
14 83 66 75 2 0 10 0.00 M M 8.1 14 60 M M 0 17 20
15 78 61 70 -2 0 5 0.00 M M 7.8 14 60 M M 0 16 110
16 83 60 72 0 0 7 0.00 M M 2.8 8 50 M M 2 12 300
17 82 60 71 -1 0 6 0.00 M M 6.4 14 40 M M 0 20 60
18 73 56 65 -6 0 0 0.00 M M 9.4 17 20 M M 1 8 21 360
19 72 51 62 -9 3 0 0.00 M M 7.9 14 40 M M 0 18 50
20 76 52 64 -6 1 0 0.00 M M 7.7 15 50 M M 0 22 90
21 78 52 65 -5 0 0 0.00 M M 4.0 10 150 M M 0 14 120
22 76 50 63 -7 2 0 0.00 M M 2.9 14 210 M M 0 18 230
23 72 54 63 -6 2 0 0.03 M M 1.9 9 200 M M 3 10 210
24 73 61 67 -2 0 2 0.02 M M 5.1 16 100 M M 10 20 100
25 79 58 69 1 0 4 0.00 M M 2.3 8 250 M M 3 1 10 230
26 77 59 68 0 0 3 0.00 M M 6.6 16 210 M M 7 12 20 210
27 81 58 70 3 0 5 0.00 M M 7.0 13 220 M M 3 1 21 250
28 69 50 60 -7 5 0 0.49 M M 7.9 21 310 M M 6 1 24 320
29 68 45 57 -10 8 0 T M M 5.8 21 310 M M 4 3 24 300
30 82 48 65 -1 0 0 0.00 M M 11.7 28 220 M M 3 35 220
================================================================================
SM 2414 1800 21 186 4.59 M 171.2 M 83
================================================================================
AV 80.5 60.0 5.7 FASTST M M 3 MAX(MPH)
MISC ----> 28 220 35 220
================================================================================
NOTES:
# LAST OF SEVERAL OCCURRENCES
COLUMN 17 PEAK WIND IN M.P.H.
PRELIMINARY LOCAL CLIMATOLOGICAL DATA (WS FORM: F-6) , PAGE 2
STATION: OWENSBORO KY
MONTH: SEPTEMBER
YEAR: 2020
LATITUDE: 37 45 N
LONGITUDE: 87 10 W
[TEMPERATURE DATA] [PRECIPITATION DATA] SYMBOLS USED IN COLUMN 16
AVERAGE MONTHLY: 70.2 TOTAL FOR MONTH: 4.59 1 = FOG OR MIST
DPTR FM NORMAL: -1.9 DPTR FM NORMAL: 1.13 2 = FOG REDUCING VISIBILITY
HIGHEST: 90 ON 9, 8 GRTST 24HR 3.63 ON 2- 3 TO 1/4 MILE OR LESS
LOWEST: 45 ON 29 3 = THUNDER
SNOW, ICE PELLETS, HAIL 4 = ICE PELLETS
TOTAL MONTH: M 5 = HAIL
GRTST 24HR M ON M 6 = FREEZING RAIN OR DRIZZLE
GRTST DEPTH: M ON M 7 = DUSTSTORM OR SANDSTORM:
VSBY 1/2 MILE OR LESS
8 = SMOKE OR HAZE
[NO. OF DAYS WITH] [WEATHER - DAYS WITH] 9 = BLOWING SNOW
X = TORNADO
MAX 32 OR BELOW: 0 0.01 INCH OR MORE: 6
MAX 90 OR ABOVE: 2 0.10 INCH OR MORE: 3
MIN 32 OR BELOW: 0 0.50 INCH OR MORE: 2
MIN 0 OR BELOW: 0 1.00 INCH OR MORE: 1
[HDD (BASE 65) ]
TOTAL THIS MO. 21 CLEAR (SCALE 0-3) 18
DPTR FM NORMAL -5 PTCLDY (SCALE 4-7) 10
TOTAL FM JUL 1 21 CLOUDY (SCALE 8-10) 2
DPTR FM NORMAL -4
[CDD (BASE 65) ]
TOTAL THIS MO. 186
DPTR FM NORMAL -51 [PRESSURE DATA]
TOTAL FM JAN 1 1515 HIGHEST SLP 30.39 ON 21
DPTR FM NORMAL -186 LOWEST SLP 29.72 ON 28
[REMARKS]
#FINAL-09-20#