660
CXUS55 KPAH 011011
CF6OWB
PRELIMINARY LOCAL CLIMATOLOGICAL DATA (WS FORM: F-6)
STATION: OWENSBORO KY
MONTH: JULY
YEAR: 2020
LATITUDE: 37 45 N
LONGITUDE: 87 10 W
TEMPERATURE IN F: :PCPN: SNOW: WIND :SUNSHINE: SKY :PK WND
================================================================================
1 2 3 4 5 6A 6B 7 8 9 10 11 12 13 14 15 16 17 18
12Z AVG MX 2MIN
DY MAX MIN AVG DEP HDD CDD WTR SNW DPTH SPD SPD DIR MIN PSBL S-S WX SPD DR
================================================================================
1 88 69 79 -1 0 14 0.00 M M 4.0 12 270 M M 3 12 14 270
2 91 71 81 1 0 16 0.00 M M 2.8 12 80 M M 3 12 15 70
3 91 71 81 1 0 16 0.00 M M 3.4 10 60 M M 1 18 14 10
4 93 77 85 5 0 20 0.00 M M 4.0 12 80 M M 2 18 15 60
5 94 72 83 3 0 18 T M M 4.6 26 120 M M 2 13 33 140
6 91 70 81 1 0 16 0.00 M M 1.5 7 210 M M 0 13 220
7 94 73 84 4 0 19 0.00 M M 1.8 9 40 M M 1 13 40
8 91 74 83 2 0 18 0.07 M M 3.1 18 160 M M 1 13 22 160
9 92 71 82 1 0 17 0.00 M M 3.3 10 170 M M 1 13 190
10 88 72 80 -1 0 15 0.00 M M 9.2 21 310 M M 2 24 320
11 90 67 79 -2 0 14 0.68 M M 7.9 33 60 M M 1 13 39 60
12 83 65 74 -7 0 9 0.57 M M 6.6 24 60 M M 4 13 31 60
13 85 67 76 -5 0 11 0.00 M M 5.4 12 330 M M 0 15 320
14 87 64 76 -5 0 11 0.00 M M 3.0 10 230 M M 0 13 230
15 90 68 79 -1 0 14 0.01 M M 7.2 16 170 M M 0 3 20 150
16 84 73 79 -1 0 14 0.09 M M 5.6 12 310 M M 4 138 14 320
17 90 74 82 2 0 17 T M M 4.9 16 130 M M 4 18 18 120
18 92 74 83 3 0 18 T M M 6.0 16 290 M M 2 123 22 260
19 92 75 84 4 0 19 0.00 M M 8.0 17 240 M M 1 22 250
20 88 71 80 0 0 15 0.05 M M 3.9 25 340 M M 3 13 32 330
21 91 73 82 2 0 17 0.00 M M 6.6 17 170 M M 2 12 21 180
22 91 73 82 2 0 17 0.11 M M 6.5 15 320 M M 4 138 18 310
23 89 73 81 1 0 16 0.01 M M 4.1 12 220 M M 5 138 14 230
24 91 72 82 2 0 17 0.00 M M 2.7 9 320 M M 2 8 10 190
25 92 72 82 2 0 17 0.00 M M 3.3 10 200 M M 3 18 13 160
26 91 74 83 3 0 18 T M M 5.5 17 230 M M 2 3 21 220
27 91 73 82 2 0 17 T M M 6.7 17 300 M M 3 13 22 250
28 88 73 81 1 0 16 0.32 M M 2.5 10 270 M M 6 1 15 240
29 90 70 80 0 0 15 0.00 M M 2.4 13 260 M M 2 1 16 260
30 86 72 79 -1 0 14 0.97 M M 7.7 23 280 M M 8 13 28 270
31 84 72 78 -2 0 13 0.26 M M 3.8 10 30 M M 9 13 15 30
================================================================================
SM 2778 2215 0 488 3.14 M 148.0 M 81
================================================================================
AV 89.6 71.5 4.8 FASTST M M 3 MAX(MPH)
MISC ----> 33 60 39 60
================================================================================
NOTES:
# LAST OF SEVERAL OCCURRENCES
COLUMN 17 PEAK WIND IN M.P.H.
PRELIMINARY LOCAL CLIMATOLOGICAL DATA (WS FORM: F-6) , PAGE 2
STATION: OWENSBORO KY
MONTH: JULY
YEAR: 2020
LATITUDE: 37 45 N
LONGITUDE: 87 10 W
[TEMPERATURE DATA] [PRECIPITATION DATA] SYMBOLS USED IN COLUMN 16
AVERAGE MONTHLY: 80.5 TOTAL FOR MONTH: 3.14 1 = FOG OR MIST
DPTR FM NORMAL: 0.2 DPTR FM NORMAL: -0.62 2 = FOG REDUCING VISIBILITY
HIGHEST: 94 ON 7, 5 GRTST 24HR 1.25 ON 11-12 TO 1/4 MILE OR LESS
LOWEST: 64 ON 14 3 = THUNDER
SNOW, ICE PELLETS, HAIL 4 = ICE PELLETS
TOTAL MONTH: M 5 = HAIL
GRTST 24HR M ON M 6 = FREEZING RAIN OR DRIZZLE
GRTST DEPTH: M ON M 7 = DUSTSTORM OR SANDSTORM:
VSBY 1/2 MILE OR LESS
8 = SMOKE OR HAZE
[NO. OF DAYS WITH] [WEATHER - DAYS WITH] 9 = BLOWING SNOW
X = TORNADO
MAX 32 OR BELOW: 0 0.01 INCH OR MORE: 11
MAX 90 OR ABOVE: 20 0.10 INCH OR MORE: 6
MIN 32 OR BELOW: 0 0.50 INCH OR MORE: 3
MIN 0 OR BELOW: 0 1.00 INCH OR MORE: 0
[HDD (BASE 65) ]
TOTAL THIS MO. 0 CLEAR (SCALE 0-3) 22
DPTR FM NORMAL 0 PTCLDY (SCALE 4-7) 8
TOTAL FM JUL 1 0 CLOUDY (SCALE 8-10) 1
DPTR FM NORMAL 0
[CDD (BASE 65) ]
TOTAL THIS MO. 488
DPTR FM NORMAL 13 [PRESSURE DATA]
TOTAL FM JAN 1 971 HIGHEST SLP 30.15 ON 25
DPTR FM NORMAL -59 LOWEST SLP 29.73 ON 30
[REMARKS]
#FINAL-07-20#