000
CXUS56 KLOX 011259
CF6OXR
PRELIMINARY LOCAL CLIMATOLOGICAL DATA (WS FORM: F-6)
STATION: OXNARD AIRPORT CA
MONTH: DECEMBER
YEAR: 2023
LATITUDE: 34 12 N
LONGITUDE: 119 12 W
TEMPERATURE IN F: :PCPN: SNOW: WIND :SUNSHINE: SKY :PK WND
================================================================================
1 2 3 4 5 6A 6B 7 8 9 10 11 12 13 14 15 16 17 18
12Z AVG MX 2MIN
DY MAX MIN AVG DEP HDD CDD WTR SNW DPTH SPD SPD DIR MIN PSBL S-S WX SPD DR
================================================================================
1 66 45 56 -2 9 0 0.00 M M 5.9 14 290 M M 0 19 280
2 66 49 58 1 7 0 0.00 M M 5.7 12 40 M M 0 16 30
3 65 47 56 -1 9 0 0.00 M M 4.7 12 40 M M 1 15 40
4 70 47 59 2 6 0 0.00 M M 4.8 14 260 M M 1 1 18 270
5 83 50 67 10 0 2 0.00 M M 3.7 15 290 M M 0 8 19 70
6 71 53 62 5 3 0 0.00 M M 7.5 22 280 M M 1 18 29 290
7 67 48 58 1 7 0 0.00 M M 5.1 15 280 M M 0 19 290
8 69 46 58 1 7 0 0.00 M M 7.0 17 290 M M 0 21 270
9 71 46 59 2 6 0 0.00 M M 14.9 31 80 M M 1 46 60
10 76 48 62 5 3 0 0.00 M M 6.1 13 300 M M 0 17 290
11 70 49 60 4 5 0 0.00 M M 5.1 13 40 M M 2 19 40
12 65 46 56 0 9 0 0.00 M M 4.7 10 250 M M 0 14 40
13 64 44 54 -2 11 0 0.00 M M 4.2 13 280 M M 0 16 270
14 72 45 59 3 6 0 0.00 M M 3.9 10 210 M M 0 16 180
15 81 50 66 10 0 1 0.00 M M 8.4 18 70 M M 0 26 80
16 82 52 67 11 0 2 0.00 M M 6.9 16 270 M M 0 20 100
17 75 53 64 8 1 0 0.00 M M 4.4 16 280 M M 0 21 280
18 73 55 64 8 1 0 0.03 M M 6.2 16 70 M M 8 21 10
19 62 57 60 4 5 0 0.18 M M 6.1 10 130 M M 10 1 17 130
20 64 59 62 6 3 0 0.41 M M 8.7 14 80 M M 9 1 24 140
21 61 58 60 4 5 0 4.86 M M 8.6 16 60 M M 10 123 22 60
22 67 54 61 5 4 0 0.04 M M 6.9 22 80 M M 6 31 90
23 65 50 58 2 7 0 0.00 M M 4.3 12 260 M M 3 1 16 240
24 63 51 57 1 8 0 0.00 M M 6.2 15 270 M M 1 1 18 280
25 64 50 57 1 8 0 0.00 M M 6.0 13 270 M M 0 1 16 40
26 64 50 57 1 8 0 0.00 M M 3.6 10 280 M M 0 1 14 150
27 62 49 56 0 9 0 0.00 M M 4.2 18 270 M M 1 1 23 280
28 63 46 55 -1 10 0 0.00 M M 6.2 15 270 M M 0 1 18 270
29 63 48 56 0 9 0 T M M 2.8 9 210 M M 3 1 14 190
30 63 52 58 2 7 0 0.37 M M 7.7 23 270 M M 6 1 29 280
31 62 50 56 0 9 0 0.00 M M 5.7 13 120 M M 5 19 140
================================================================================
SM 2109 1547 182 5 5.89 M 186.2 M 68
================================================================================
AV 68.0 49.9 6.0 FASTST M M 2 MAX(MPH)
MISC ----> 31 80 46 60
================================================================================
NOTES:
# LAST OF SEVERAL OCCURRENCES
COLUMN 17 PEAK WIND IN M.P.H.
PRELIMINARY LOCAL CLIMATOLOGICAL DATA (WS FORM: F-6) , PAGE 2
STATION: OXNARD AIRPORT CA
MONTH: DECEMBER
YEAR: 2023
LATITUDE: 34 12 N
LONGITUDE: 119 12 W
[TEMPERATURE DATA] [PRECIPITATION DATA] SYMBOLS USED IN COLUMN 16
AVERAGE MONTHLY: 59.0 TOTAL FOR MONTH: 5.89 1 = FOG OR MIST
DPTR FM NORMAL: 2.6 DPTR FM NORMAL: 3.81 2 = FOG REDUCING VISIBILITY
HIGHEST: 83 ON 5 GRTST 24HR 4.86 ON 21-21 TO 1/4 MILE OR LESS
LOWEST: 44 ON 13 3 = THUNDER
SNOW, ICE PELLETS, HAIL 4 = ICE PELLETS
TOTAL MONTH: M 5 = HAIL
GRTST 24HR M ON M 6 = FREEZING RAIN OR DRIZZLE
GRTST DEPTH: M ON M 7 = DUSTSTORM OR SANDSTORM:
VSBY 1/2 MILE OR LESS
8 = SMOKE OR HAZE
[NO. OF DAYS WITH] [WEATHER - DAYS WITH] 9 = BLOWING SNOW
X = TORNADO
MAX 32 OR BELOW: 0 0.01 INCH OR MORE: 6
MAX 90 OR ABOVE: 0 0.10 INCH OR MORE: 4
MIN 32 OR BELOW: 0 0.50 INCH OR MORE: 1
MIN 0 OR BELOW: 0 1.00 INCH OR MORE: 1
[HDD (BASE 65) ]
TOTAL THIS MO. 182 CLEAR (SCALE 0-3) 22
DPTR FM NORMAL -89 PTCLDY (SCALE 4-7) 6
TOTAL FM JUL 1 323 CLOUDY (SCALE 8-10) 3
DPTR FM NORMAL -228
[CDD (BASE 65) ]
TOTAL THIS MO. 5
DPTR FM NORMAL 1 [PRESSURE DATA]
TOTAL FM JAN 1 308 HIGHEST SLP 30.26 ON 9
DPTR FM NORMAL -13 LOWEST SLP 29.80 ON 20
[REMARKS]
#FINAL-12-23#