000
CXUS53 KDDC 011614
CLMP28
CLIMATE REPORT
NATIONAL WEATHER SERVICE DODGE CITY, KANSAS
1014 AM CST THU FEB 01 2024
...................................
...THE MEDICINE LODGE KS CLIMATE SUMMARY FOR THE MONTH OF JANUARY 2024...
CLIMATE NORMAL PERIOD 1991 TO 2020
CLIMATE RECORD PERIOD 1893 TO 2024
WEATHER OBSERVED NORMAL DEPART LAST YEAR`S
VALUE DATE(S) VALUE FROM VALUE DATE(S)
NORMAL
................................................................
TEMPERATURE (F)
RECORD
HIGH 83 01/20/2018
LOW -20 01/15/1905
HIGHEST 74 01/29 MM MM 66 01/15
LOWEST -3 01/16 MM MM 7 01/31
AVG. MAXIMUM 43.4 46.2 -2.8 49.0
AVG. MINIMUM 21.4 22.0 -0.6 24.6
MEAN 32.4 34.1 -1.7 36.8
DAYS MAX >= 90 0 0.0 0.0 0
DAYS MAX <= 32 7 5.1 1.9 3
DAYS MIN <= 32 26 27.7 -1.7 29
DAYS MIN <= 0 2 0.3 1.7 0
PRECIPITATION (INCHES)
RECORD
MAXIMUM 3.70 2017
MINIMUM 0.00 1893
TOTALS 1.14 0.80 0.34 0.93
DAYS >= .01 7 4.3 2.7 5
DAYS >= .10 2 1.8 0.2 4
DAYS >= .50 1 0.6 0.4 0
DAYS >= 1.00 0 0.2 -0.2 0
GREATEST
24 HR. TOTAL 0.59 01/05 TO 01/05 0.31 01/21 TO 01/21
DEGREE DAYS
HEATING TOTAL 1003 958 45 867
SINCE 7/1 2365 2729 -364 2650
COOLING TOTAL 0 0 0 0
SINCE 1/1 0 0 0 0
................................................................
WIND (MPH)
AVERAGE WIND SPEED 8.3
RESULTANT WIND SPEED/DIRECTION 2/010
HIGHEST WIND SPEED/DIRECTION 36/010 DATE 01/18
HIGHEST GUST SPEED/DIRECTION 54/340 DATE 01/09
AVERAGE RH (PERCENT) 66
- INDICATES NEGATIVE NUMBERS.
R INDICATES RECORD WAS SET OR TIED.
MM INDICATES DATA IS MISSING.
T INDICATES TRACE AMOUNT.
$$