000
CXUS53 KDDC 021615
CLMP28
CLIMATE REPORT
NATIONAL WEATHER SERVICE DODGE CITY, KANSAS
1115 AM CDT MON OCT 02 2023
...................................
...THE MEDICINE LODGE KS CLIMATE SUMMARY FOR THE MONTH OF SEPTEMBER 2023...
CLIMATE NORMAL PERIOD 1991 TO 2020
CLIMATE RECORD PERIOD 1893 TO 2023
WEATHER OBSERVED NORMAL DEPART LAST YEAR`S
VALUE DATE(S) VALUE FROM VALUE DATE(S)
NORMAL
................................................................
TEMPERATURE (F)
RECORD
HIGH 113 09/29/1984
LOW 29 09/21/1983
HIGHEST 103 09/04 MM MM 101 09/03
09/21
LOWEST 51 09/17 MM MM 44 09/12
09/26
AVG. MAXIMUM 88.6 84.4 4.2 90.7
AVG. MINIMUM 61.2 59.1 2.1 59.5
MEAN 74.9 71.7 3.2 75.1
DAYS MAX >= 90 15 10.0 5.0 20
DAYS MAX <= 32 0 0.0 0.0 0
DAYS MIN <= 32 0 0.0 0.0 0
DAYS MIN <= 0 0 0.0 0.0 0
PRECIPITATION (INCHES)
RECORD
MAXIMUM 13.36 1923
MINIMUM T 1939
TOTALS 2.06 2.61 -0.55 0.47
DAYS >= .01 5 5.8 -0.8 5
DAYS >= .10 2 3.3 -1.3 2
DAYS >= .50 2 1.4 0.6 0
DAYS >= 1.00 1 0.7 0.3 0
GREATEST
24 HR. TOTAL 1.05 09/15 TO 09/15 0.23 09/16 TO 09/16
DEGREE DAYS
HEATING TOTAL 1 31 -30 9
SINCE 7/1 1 31 -30 9
COOLING TOTAL 307 234 73 318
SINCE 1/1 1762 1778 -16 2164
................................................................
WIND (MPH)
AVERAGE WIND SPEED 7.3
RESULTANT WIND SPEED/DIRECTION 4/130
HIGHEST WIND SPEED/DIRECTION 26/190 DATE 09/29
HIGHEST GUST SPEED/DIRECTION 40/190 DATE 09/29
AVERAGE RH (PERCENT) 64
- INDICATES NEGATIVE NUMBERS.
R INDICATES RECORD WAS SET OR TIED.
MM INDICATES DATA IS MISSING.
T INDICATES TRACE AMOUNT.
$$