000
CXUS55 KRIW 040041
CF6P60
PRELIMINARY LOCAL CLIMATOLOGICAL DATA (WS FORM: F-6)
STATION: LAKE YELLOWSTONE WY
MONTH: JANUARY
YEAR: 2022
LATITUDE: 44 32 N
LONGITUDE: 110 25 W
TEMPERATURE IN F: :PCPN: SNOW: WIND :SUNSHINE: SKY :PK WND
================================================================================
1 2 3 4 5 6A 6B 7 8 9 10 11 12 13 14 15 16 17 18
12Z AVG MX 2MIN
DY MAX MIN AVG DEP HDD CDD WTR SNW DPTH SPD SPD DIR MIN PSBL S-S WX SPD DR
================================================================================
1 5 -22 -8 -20 73 0 0.00 M M 2.4 10 270 M M M 18 290
2 14 -5 5 -7 60 0 0.02 M M 0.6 5 270 M M M 8 250
3 27 -2 13 1 52 0 0.05 M M 3.3 9 270 M M M 19 260
4 20 0 10 -2 55 0 0.03 M M 5.1 17 270 M M M 33 270
5 20 7 14 2 51 0 0.23 M M 2.3 14 270 M M M 26 270
6 28 8 18 6 47 0 0.18 M M 2.5 13 250 M M M 30 240
7 31 23 27 15 38 0 0.35 M M 7.3 15 250 M M M 30 240
8 23 -1 11 -1 54 0 0.07 M M 5.5 14 270 M M M 30 280
9 20 -5 8 -4 57 0 0.00 M M 1.2 6 250 M M M 12 280
10 21 -11 5 -7 60 0 0.01 M M 0.7 5 290 M M M 8 340
11 21 -10 6 -6 59 0 0.00 M M 1.7 6 270 M M M 11 270
12 34 10 22 10 43 0 0.09 M M 0.6 9 280 M M M 18 280
13 25 1 13 1 52 0 0.00 M M 0.3 5 280 M M M 7 310
14 31 1 16 4 49 0 0.01 M M 1.5 9 350 M M M 22 320
15 19 -6 7 -5 58 0 0.00 M M 0.4 5 310 M M M 6 230
16 28 -1 14 2 51 0 0.00 M M 0.7 5 310 M M M 8 90
17 30 -1 15 3 50 0 0.02 M M 1.1 9 280 M M M 17 280
18 32 14 23 11 42 0 0.09 M M 1.2 14 270 M M M 22 260
19 26 4 15 3 50 0 0.00 M M 1.3 8 270 M M M 15 290
20 19 -1 9 -3 56 0 0.00 M M 0.3 6 200 M M M 10 240
21 24 -2 11 -1 54 0 0.00 M M 0.5 6 90 M M M 10 130
22 20 -1 10 -2 55 0 0.00 M M 0.3 6 120 M M M 9 110
23 20 -7 7 -5 58 0 0.00 M M 0.3 5 290 M M M 8 330
24 18 -11 4 -8 61 0 0.00 M M 0.3 3 150 M M M 9 10
25 18 -8 5 -7 60 0 0.00 M M 1.5 7 120 M M M 9 110
26 22 -11 6 -6 59 0 0.00 M M 0.7 7 190 M M M 12 190
27 16 -15 1 -11 64 0 0.00 M M 0.7 5 300 M M M 7 290
28 23 -19 2 -10 63 0 0.00 M M 0.4 5 280 M M M 7 100
29 25 -14 6 -6 59 0 0.00 M M 0.5 6 290 M M M 9 300
30 31 -10 11 -1 54 0 0.00 M M 0.6 6 250 M M M 11 250
31 22 -8 7 -5 58 0 0.00 M M 5.4 23 280 M M M 38 300
================================================================================
SM 713 -103 1702 0 1.15 M 51.2 M M
================================================================================
AV 23.0 -3.3 1.7 FASTST M M M MAX(MPH)
MISC ----> 23 280 38 300
================================================================================
NOTES:
# LAST OF SEVERAL OCCURRENCES
COLUMN 17 PEAK WIND IN M.P.H.
PRELIMINARY LOCAL CLIMATOLOGICAL DATA (WS FORM: F-6) , PAGE 2
STATION: LAKE YELLOWSTONE WY
MONTH: JANUARY
YEAR: 2022
LATITUDE: 44 32 N
LONGITUDE: 110 25 W
[TEMPERATURE DATA] [PRECIPITATION DATA] SYMBOLS USED IN COLUMN 16
AVERAGE MONTHLY: 9.8 TOTAL FOR MONTH: 1.15 1 = FOG OR MIST
DPTR FM NORMAL: -2.2 DPTR FM NORMAL: -0.65 2 = FOG REDUCING VISIBILITY
HIGHEST: 34 ON 12 GRTST 24HR 0.35 ON 7- 7 TO 1/4 MILE OR LESS
LOWEST: -22 ON 1 3 = THUNDER
SNOW, ICE PELLETS, HAIL 4 = ICE PELLETS
TOTAL MONTH: M 5 = HAIL
GRTST 24HR M ON M 6 = FREEZING RAIN OR DRIZZLE
GRTST DEPTH: M ON M 7 = DUSTSTORM OR SANDSTORM:
VSBY 1/2 MILE OR LESS
8 = SMOKE OR HAZE
[NO. OF DAYS WITH] [WEATHER - DAYS WITH] 9 = BLOWING SNOW
X = TORNADO
MAX 32 OR BELOW: 30 0.01 INCH OR MORE: 12
MAX 90 OR ABOVE: 0 0.10 INCH OR MORE: 3
MIN 32 OR BELOW: 31 0.50 INCH OR MORE: 0
MIN 0 OR BELOW: 23 1.00 INCH OR MORE: 0
[HDD (BASE 65) ]
TOTAL THIS MO. 1702 CLEAR (SCALE 0-3) 0
DPTR FM NORMAL 59 PTCLDY (SCALE 4-7) 0
TOTAL FM JUL 1 6197 CLOUDY (SCALE 8-10) 31
DPTR FM NORMAL -565
[CDD (BASE 65) ]
TOTAL THIS MO. 0
DPTR FM NORMAL 0 [PRESSURE DATA]
TOTAL FM JAN 1 0 HIGHEST SLP M ON M
DPTR FM NORMAL 0 LOWEST SLP M ON M
[REMARKS]
#FINAL-01-22#