000
CXUS56 KLKN 012206
CF6P68
PRELIMINARY LOCAL CLIMATOLOGICAL DATA (WS FORM: F-6)
STATION: EUREKA AIRPORT NV
MONTH: NOVEMBER
YEAR: 2023
LATITUDE: 39 30 N
LONGITUDE: 115 58 W
TEMPERATURE IN F: :PCPN: SNOW: WIND :SUNSHINE: SKY :PK WND
================================================================================
1 2 3 4 5 6A 6B 7 8 9 10 11 12 13 14 15 16 17 18
12Z AVG MX 2MIN
DY MAX MIN AVG DEP HDD CDD WTR SNW DPTH SPD SPD DIR MIN PSBL S-S WX SPD DR
================================================================================
1 65 21 43 2 22 0 0.00 M M 6.1 13 210 M M M 15 210
2 68 29 49 8 16 0 0.00 M M 6.2 15 320 M M M 19 260
3 69 34 52 12 13 0 0.00 M M 5.1 14 260 M M M 19 260
4 70 31 51 11 14 0 0.00 M M 4.9 13 140 M M M 14 210
5 67 27 47 7 18 0 0.00 M M 5.7 14 260 M M M 21 240
6 68 30 49 10 16 0 0.00 M M 8.2 30 260 M M M 42 240
7 47 20 34 -5 31 0 0.12 M M 6.5 22 330 M M M 30 320
8 44 16 30 -8 35 0 0.00 M M 4.1 12 360 M M M 16 360
9 50 13 32 -6 33 0 0.00 M M 4.7 10 220 M M 0 13 210
10 56 17 37 -1 28 0 0.00 M M 6.7 13 250 M M M 17 250
11 56 20 38 1 27 0 0.00 M M 6.4 13 200 M M M 16 200
12 62 19 41 4 24 0 0.00 M M 9.5 24 160 M M 0 29 160
13 54 28 41 5 24 0 0.00 M M 10.1 20 170 M M M 27 170
14 60 23 42 6 23 0 0.00 M M 8.2 20 160 M M M 26 170
15 58 24 41 6 24 0 0.02 M M 10.7 26 190 M M M 34 180
16 55 27 41 6 24 0 0.00 M M 4.2 10 350 M M M 15 40
17 56 22 39 5 26 0 0.00 M M 7.4 20 160 M M M 27 140
18 50 34 42 8 23 0 0.24 M M 4.4 26 280 M M 0 42 270
19 37 24 31 -3 34 0 0.26 M M 9.1 25 280 M M M 42 250
20 37 15 26 -7 39 0 0.00 M M 3.6 14 330 M M M 19 320
21 48 14 31 -2 34 0 0.00 M M 3.2 9 180 M M M 12 210
22 54 20 37 5 28 0 0.00 M M 3.7 10 200 M M M 13 200
23 35 27 31 -1 34 0 0.18 M M 4.6 14 330 M M M 20 350
24 29 22 26 -5 39 0 0.05 M M 5.1 13 340 M M M 16 350
25 32 13 23 -8 42 0 0.00 M M 2.3 8 190 M M M 12 20
26 33 8 21 -9 44 0 0.00 M M 3.7 8 190 M M M 11 20
27 37 5 21 -9 44 0 0.00 M M 3.2 8 190 M M M 10 30
28 48 3 26 -4 39 0 0.00 M M 3.7 12 170 M M M M M
29 46 15 31 2 34 0 0.00 M M 3.6 9 220 M M M 12 360
30 40 16 28 -1 37 0 0.01 M M 4.7 10 250 M M M M M
================================================================================
SM 1531 617 869 0 0.88 M 169.6 M 0
================================================================================
AV 51.0 20.6 5.7 FASTST M M 0 MAX(MPH)
MISC ----> 30 260 # 42 240
================================================================================
NOTES:
# LAST OF SEVERAL OCCURRENCES
COLUMN 17 PEAK WIND IN M.P.H.
PRELIMINARY LOCAL CLIMATOLOGICAL DATA (WS FORM: F-6) , PAGE 2
STATION: EUREKA AIRPORT NV
MONTH: NOVEMBER
YEAR: 2023
LATITUDE: 39 30 N
LONGITUDE: 115 58 W
[TEMPERATURE DATA] [PRECIPITATION DATA] SYMBOLS USED IN COLUMN 16
AVERAGE MONTHLY: 35.8 TOTAL FOR MONTH: 0.88 1 = FOG OR MIST
DPTR FM NORMAL: 0.7 DPTR FM NORMAL: 0.24 2 = FOG REDUCING VISIBILITY
HIGHEST: 70 ON 4 GRTST 24HR 0.36 ON 18-19 TO 1/4 MILE OR LESS
LOWEST: 3 ON 28 3 = THUNDER
SNOW, ICE PELLETS, HAIL 4 = ICE PELLETS
TOTAL MONTH: M 5 = HAIL
GRTST 24HR M ON M 6 = FREEZING RAIN OR DRIZZLE
GRTST DEPTH: M ON M 7 = DUSTSTORM OR SANDSTORM:
VSBY 1/2 MILE OR LESS
8 = SMOKE OR HAZE
[NO. OF DAYS WITH] [WEATHER - DAYS WITH] 9 = BLOWING SNOW
X = TORNADO
MAX 32 OR BELOW: 2 0.01 INCH OR MORE: 7
MAX 90 OR ABOVE: 0 0.10 INCH OR MORE: 4
MIN 32 OR BELOW: 28 0.50 INCH OR MORE: 0
MIN 0 OR BELOW: 0 1.00 INCH OR MORE: 0
[HDD (BASE 65) ]
TOTAL THIS MO. 869 CLEAR (SCALE 0-3) 3
DPTR FM NORMAL -29 PTCLDY (SCALE 4-7) 0
TOTAL FM JUL 1 1612 CLOUDY (SCALE 8-10) 27
DPTR FM NORMAL -79
[CDD (BASE 65) ]
TOTAL THIS MO. 0
DPTR FM NORMAL 0 [PRESSURE DATA]
TOTAL FM JAN 1 341 HIGHEST SLP 30.72 ON 21
DPTR FM NORMAL -15 LOWEST SLP 29.69 ON 6
[REMARKS]
#FINAL-11-23#