000
CXUS53 KPAH 010956
CLSPAH
CLIMATE REPORT
NATIONAL WEATHER SERVICE PADUCAH KY
456 AM CDT WED JUN 01 2022
...................................
...THE PADUCAH KY CLIMATE SUMMARY FOR THE SEASON, FROM
3/1/2022 TO 5/31/2022...
CLIMATE NORMAL PERIOD 1991 TO 2020
CLIMATE RECORD PERIOD 1937 TO 2022
WEATHER OBSERVED NORMAL DEPART LAST YEAR`S
VALUE DATE(S) VALUE FROM VALUE
NORMAL
..............................................................
TEMPERATURE (F)
RECORD
HIGH 96 05/26/1953
05/26/1944
05/22/1941
LOW -6 03/06/2015
HIGHEST 92 05/11 68 24
05/12
LOWEST 19 03/12 47 -28
AVG. MAXIMUM 70.4 69.8 0.6
AVG. MINIMUM 49.2 47.9 1.3
MEAN 59.8 58.8 1.0
DAYS MAX >= 90 5 1.5 3.5
DAYS MAX <= 32 0 0.4 -0.4
DAYS MIN <= 32 5 12.2 -7.2
DAYS MIN <= 0 0 0.0 0.0
PRECIPITATION (INCHES)
RECORD
MAXIMUM 31.21 2011
MINIMUM 4.95 2012
TOTALS 16.15 14.68 1.47
DAILY AVG. 0.17 0.16 0.01
DAYS >= .01 37 33.8 3.2
DAYS >= .10 23 23.2 -0.2
DAYS >= .50 12 9.9 2.1
DAYS >= 1.00 6 3.9 2.1
GREATEST
24 HR. TOTAL 2.45
SNOWFALL (INCHES)
RECORDS
TOTAL 24.0 1960
24 HR TOTAL 8.1 MM
TOTALS 1.3 1.1 0.2
LIQUID EQUIV 0.10
SINCE 7/1 6.3 8.9 -2.6
LIQUID 7/1 0.63
SNOWDEPTH AVG. 0
DAYS >= TRACE 3
DAYS >= 1.0 1
GREATEST
SNOW DEPTH 1 03/11
24 HR TOTAL 0.0
STORM TOTAL 1.3
(MM/DD(HH))
DEGREE DAYS
HEATING TOTAL 706 779 -73
SINCE 7/1 3591 3924 -333
COOLING TOTAL 248 209 39
SINCE 1/1 248 210 38
FREEZE DATES
EARLIEST 11/03
LATEST 04/02
..............................................................
WIND (MPH)
AVERAGE WIND SPEED 6.5
HIGHEST WIND SPEED/DIRECTION 35/140 DATE 04/11
HIGHEST GUST SPEED/DIRECTION 60/160 DATE 03/30
SKY COVER
POSSIBLE SUNSHINE (PERCENT) MM
AVERAGE SKY COVER 0.40
NUMBER OF DAYS FAIR 42
NUMBER OF DAYS PC 31
NUMBER OF DAYS CLOUDY 19
AVERAGE RH (PERCENT) 61
WEATHER CONDITIONS. NUMBER OF DAYS WITH
THUNDERSTORM 25 MIXED PRECIP 0
HEAVY RAIN 15 RAIN 21
LIGHT RAIN 38 FREEZING RAIN 0
LT FREEZING RAIN 1 HAIL 0
HEAVY SNOW 0 SNOW 0
LIGHT SNOW 3 SLEET 1
FOG 31 FOG W/VIS <= 1/4 MILE 1
HAZE 18
- INDICATES NEGATIVE NUMBERS.
R INDICATES RECORD WAS SET OR TIED.
MM INDICATES DATA IS MISSING.
T INDICATES TRACE AMOUNT.
$$