000
CXUS51 KBTV 011423
CLMPBG
CLIMATE REPORT
NATIONAL WEATHER SERVICE BURLINGTON VT
923 AM EST FRI DEC 01 2023
...................................
...THE PLATTSBURGH NY CLIMATE SUMMARY FOR THE MONTH OF NOVEMBER 2023...
CLIMATE NORMAL PERIOD: 1991 TO 2020
CLIMATE RECORD PERIOD: 1945 TO 2023
WEATHER OBSERVED NORMAL DEPART LAST YEAR`S
VALUE DATE(S) VALUE FROM VALUE DATE(S)
NORMAL
................................................................
TEMPERATURE (F)
RECORD
HIGH 75
LOW -5
HIGHEST 59 11/17 MM MM 71 11/05
LOWEST 14 11/25 MM MM 11 11/21
AVG. MAXIMUM 43.1 45.7 -2.6 48.9
AVG. MINIMUM 27.7 28.8 -1.1 30.5
MEAN 35.4 37.2 -1.8 39.7
DAYS MAX >= 90 0 0.0 0.0 0
DAYS MAX <= 32 1 3.0 -2.0 1
DAYS MIN <= 32 24 21.4 2.6 20
DAYS MIN <= 0 0 0.1 -0.1 0
PRECIPITATION (INCHES)
RECORD
MAXIMUM 6.16 1977
MINIMUM 0.47 2012
TOTALS 1.62 2.33 -0.71 2.96
DAILY AVG. 0.05 0.08 -0.03 0.10
DAYS >= .01 12 10.6 1.4 7
DAYS >= .10 7 4.4 2.6 6
DAYS >= .50 0 0.9 -0.9 2
DAYS >= 1.00 0 0.1 -0.1 1
GREATEST
24 HR. TOTAL 0.43 11/26 TO 11/27 1.01 11/06 TO 11/06
STORM TOTAL 0.29 1.01
(MM/DD(HH)) MM
DEGREE DAYS
HEATING TOTAL 881 833 48 753
SINCE 7/1 1395 1596 -201 MM
COOLING TOTAL 0 0 0 0
SINCE 1/1 382 393 -11 MM
................................................................
WIND (MPH)
AVERAGE WIND SPEED 5.8
HIGHEST WIND SPEED/DIRECTION 28/140 DATE 11/03
HIGHEST GUST SPEED/DIRECTION 35/140 DATE 11/03
SKY COVER
POSSIBLE SUNSHINE (PERCENT) MM
AVERAGE SKY COVER 0.64
NUMBER OF DAYS FAIR 5
NUMBER OF DAYS PC 14
NUMBER OF DAYS CLOUDY 11
AVERAGE RH (PERCENT) 70
WEATHER CONDITIONS. NUMBER OF DAYS WITH
THUNDERSTORM 0 MIXED PRECIP 0
HEAVY RAIN 1 RAIN 1
LIGHT RAIN 14 FREEZING RAIN 0
LT FREEZING RAIN 1 HAIL 0
HEAVY SNOW 0 SNOW 0
LIGHT SNOW 9 SLEET 0
FOG 16 FOG W/VIS <= 1/4 MILE 0
HAZE 1
- INDICATES NEGATIVE NUMBERS.
R INDICATES RECORD WAS SET OR TIED.
MM INDICATES DATA IS MISSING.
T INDICATES TRACE AMOUNT.
$$