000
CXUS52 KMFL 011411
CF6PBI
PRELIMINARY LOCAL CLIMATOLOGICAL DATA (WS FORM: F-6)
STATION: WEST PALM BEACH
MONTH: FEBRUARY
YEAR: 2023
LATITUDE: 26 40 N
LONGITUDE: 80 7 W
TEMPERATURE IN F: :PCPN: SNOW: WIND :SUNSHINE: SKY :PK WND
================================================================================
1 2 3 4 5 6A 6B 7 8 9 10 11 12 13 14 15 16 17 18
12Z AVG MX 2MIN
DY MAX MIN AVG DEP HDD CDD WTR SNW DPTH SPD SPD DIR MIN PSBL S-S WX SPD DR
================================================================================
1 81 65 73 6 0 8 0.00 0.0 0 4.6 14 130 M M 3 20 130
2 84 66 75 8 0 10 0.00 0.0 0 6.9 17 130 M M 4 23 130
3 87 65 76 9 0 11 T 0.0 0 9.5 26 360 M M 4 1 35 340
4 76 66 71 4 0 6 0.16 0.0 0 16.5 25 70 M M 9 1 34 70
5 78 64 71 4 0 6 0.85 0.0 0 14.1 29 170 M M 9 1 38 150
6 79 64 72 4 0 7 0.00 0.0 M 7.8 18 30 M M 4 24 30
7 78 65 72 4 0 7 0.00 0.0 M 12.0 18 100 M M 4 23 80
8 81 70 76 8 0 11 0.00 0.0 0 13.1 20 100 M M 7 25 100
9 81 71 76 8 0 11 T 0.0 0 12.4 21 130 M M 5 25 140
10 83 71 77 9 0 12 0.00 0.0 0 10.9 21 140 M M 4 28 140
11 83 67 75 7 0 10 0.00 0.0 0 9.4 23 140 M M 3 29 160
12 76 62 69 1 0 4 0.12 0.0 0 16.3 30 260 M M 6 1 38 260
13 73 53 63 -5 2 0 0.00 0.0 0 9.4 23 320 M M 2 29 320
14 77 51 64 -4 1 0 0.00 0.0 0 6.8 17 130 M M 3 21 110
15 80 68 74 6 0 9 0.00 0.0 0 11.8 24 150 M M 5 29 150
16 82 72 77 8 0 12 0.00 0.0 0 13.6 23 150 M M 4 30 140
17 86 72 79 10 0 14 0.01 0.0 0 10.0 18 150 M M 7 24 150
18 75 68 72 3 0 7 T 0.0 0 12.3 22 10 M M 8 1 27 350
19 85 71 78 9 0 13 0.00 0.0 0 10.1 15 130 M M 7 19 150
20 86 66 76 7 0 11 0.00 0.0 0 7.8 16 150 M M 5 20 150
21 88 68 78 9 0 13 0.00 0.0 0 7.9 16 230 M M 5 24 230
22 86 66 76 7 0 11 0.00 0.0 0 7.7 20 130 M M 3 26 140
23 85 71 78 9 0 13 0.00 0.0 0 9.1 17 140 M M 3 21 140
24 85 66 76 7 0 11 0.00 0.0 0 4.7 12 90 M M 3 17 110
25 86 65 76 6 0 11 0.00 0.0 0 5.0 12 130 M M 2 15 110
26 87 65 76 6 0 11 0.00 0.0 0 6.4 13 100 M M 0 18 80
27 87 62 75 5 0 10 0.00 0.0 0 9.1 20 230 M M 1 25 220
28 90 62 76 6 0 11 0.00 0.0 0 7.8 16 270 M M 1 23 270
================================================================================
SM 2305 1842 3 260 1.14 0.0 273.0 M 121
================================================================================
AV 82.3 65.8 9.8 FASTST M M 4 MAX(MPH)
MISC ----> 30 260 # 38 150
================================================================================
NOTES:
# LAST OF SEVERAL OCCURRENCES
COLUMN 17 PEAK WIND IN M.P.H.
PRELIMINARY LOCAL CLIMATOLOGICAL DATA (WS FORM: F-6) , PAGE 2
STATION: WEST PALM BEACH
MONTH: FEBRUARY
YEAR: 2023
LATITUDE: 26 40 N
LONGITUDE: 80 7 W
[TEMPERATURE DATA] [PRECIPITATION DATA] SYMBOLS USED IN COLUMN 16
AVERAGE MONTHLY: 74.1 TOTAL FOR MONTH: 1.14 1 = FOG OR MIST
DPTR FM NORMAL: 5.7 DPTR FM NORMAL: -1.49 2 = FOG REDUCING VISIBILITY
HIGHEST: 90 ON 28 GRTST 24HR 0.85 ON 5- 5 TO 1/4 MILE OR LESS
LOWEST: 51 ON 14 3 = THUNDER
SNOW, ICE PELLETS, HAIL 4 = ICE PELLETS
TOTAL MONTH: 0.0 INCH 5 = HAIL
GRTST 24HR 0.0 6 = FREEZING RAIN OR DRIZZLE
GRTST DEPTH: 0 7 = DUSTSTORM OR SANDSTORM:
VSBY 1/2 MILE OR LESS
8 = SMOKE OR HAZE
[NO. OF DAYS WITH] [WEATHER - DAYS WITH] 9 = BLOWING SNOW
X = TORNADO
MAX 32 OR BELOW: 0 0.01 INCH OR MORE: 4
MAX 90 OR ABOVE: 1 0.10 INCH OR MORE: 3
MIN 32 OR BELOW: 0 0.50 INCH OR MORE: 1
MIN 0 OR BELOW: 0 1.00 INCH OR MORE: 0
[HDD (BASE 65) ]
TOTAL THIS MO. 3 CLEAR (SCALE 0-3) 9
DPTR FM NORMAL -39 PTCLDY (SCALE 4-7) 17
TOTAL FM JUL 1 94 CLOUDY (SCALE 8-10) 2
DPTR FM NORMAL -86
[CDD (BASE 65) ]
TOTAL THIS MO. 260
DPTR FM NORMAL 122 [PRESSURE DATA]
TOTAL FM JAN 1 456 HIGHEST SLP 30.32 ON 24
DPTR FM NORMAL 202 LOWEST SLP 29.89 ON 12
[REMARKS]
#FINAL-02-23#