000
CXUS52 KMFL 011353
CLMPBI
CLIMATE REPORT
NATIONAL WEATHER SERVICE MIAMI, FL
853 AM EST MON JAN 01 2024
...................................
...THE WEST PALM BEACH CLIMATE SUMMARY FOR THE MONTH OF DECEMBER 2023...
CLIMATE NORMAL PERIOD: 1991 TO 2020
CLIMATE RECORD PERIOD: 1888 TO 2023
WEATHER OBSERVED NORMAL DEPART LAST YEAR`S
VALUE DATE(S) VALUE FROM VALUE
NORMAL
..............................................................
TEMPERATURE (F)
RECORD
HIGH 90 12/09/2009
12/05/1941
LOW 24 12/29/1894
HIGHEST 86 12/03 84
LOWEST 47 12/31 41
AVG. MAXIMUM 75.5 76.5 -1.0 77.7
AVG. MINIMUM 62.8 61.5 1.3 62.6
MEAN 69.2 69.0 0.2 70.2
DAYS MAX >= 90 0 0
DAYS MAX <= 32 0 0
DAYS MIN <= 32 0 0
DAYS MIN <= 0 0 0
PRECIPITATION (INCHES)
RECORD
MAXIMUM 15.22 1940
MINIMUM 0.06 1968
TOTALS 3.98 3.48 0.50 3.51
DAILY AVG. 0.13 0.11 0.02 0.11
DAYS >= .01 11 12
DAYS >= .10 6 5
DAYS >= .50 2 2
DAYS >= 1.00 1 2
GREATEST
24 HR. TOTAL 2.67 12/16 TO 12/17 2.46
DEGREE DAYS
HEATING TOTAL 28 49 -21 52
SINCE 7/1 28 60 -32 MM
COOLING TOTAL 166 173 -7 219
SINCE 1/1 4918 4167 751 MM
..............................................................
WIND (MPH)
AVERAGE WIND SPEED 11.3
HIGHEST WIND SPEED/DIRECTION 43/130 DATE 12/16
HIGHEST GUST SPEED/DIRECTION 61/130 DATE 12/16
SKY COVER
POSSIBLE SUNSHINE (PERCENT) MM
AVERAGE SKY COVER 0.65
NUMBER OF DAYS FAIR 3
NUMBER OF DAYS PC 20
NUMBER OF DAYS CLOUDY 8
AVERAGE RH (PERCENT) 74
WEATHER CONDITIONS. NUMBER OF DAYS WITH
THUNDERSTORM 1 MIXED PRECIP 0
HEAVY RAIN 4 RAIN 6
LIGHT RAIN 15 FREEZING RAIN 0
LT FREEZING RAIN 0 HAIL 0
HEAVY SNOW 0 SNOW 0
LIGHT SNOW 0 SLEET 0
FOG 13 FOG W/VIS <= 1/4 MILE 0
HAZE 3
- INDICATES NEGATIVE NUMBERS.
R INDICATES RECORD WAS SET OR TIED.
MM INDICATES DATA IS MISSING.
T INDICATES TRACE AMOUNT.
$$