000
CXUS52 KFFC 011110
CF6PDK
PRELIMINARY LOCAL CLIMATOLOGICAL DATA (WS FORM: F-6)
STATION: DEKALB PEACHTREE AIRPORT
MONTH: OCTOBER
YEAR: 2020
LATITUDE: 33 52 N
LONGITUDE: 84 18 W
TEMPERATURE IN F: :PCPN: SNOW: WIND :SUNSHINE: SKY :PK WND
================================================================================
1 2 3 4 5 6A 6B 7 8 9 10 11 12 13 14 15 16 17 18
12Z AVG MX 2MIN
DY MAX MIN AVG DEP HDD CDD WTR SNW DPTH SPD SPD DIR MIN PSBL S-S WX SPD DR
================================================================================
1 79 50 65 -2 0 0 0.00 M M 5.8 15 330 M M 0 1 22 320
2 69 46 58 -9 7 0 0.00 M M 6.7 16 350 M M 0 21 360
3 71 44 58 -9 7 0 0.00 M M 2.0 8 40 M M 0 12 60
4 72 47 60 -6 5 0 0.00 M M 1.6 8 20 M M 0 1 12 20
5 77 49 63 -3 2 0 0.00 M M 1.2 8 40 M M 0 1 14 30
6 78 52 65 0 0 0 0.00 M M 2.1 8 140 M M 0 1 11 110
7 81 55 68 3 0 3 0.00 M M 2.8 13 310 M M 1 1 16 280
8 84 52 68 3 0 3 0.00 M M 0.8 7 150 M M 0 18 9 150
9 74 62 68 4 0 3 0.19 M M 3.5 10 30 M M 4 1 17 70
10 75 63 69 5 0 4 3.77 M M 4.3 22 200 M M 10 1 30 210
11 74 68 71 7 0 6 0.30 M M 5.7 15 210 M M 10 18 19 210
12 79 65 72 9 0 7 0.00 M M 4.0 13 330 M M 7 17 310
13 78 56 67 4 0 2 0.00 M M 6.8 16 310 M M 2 1 21 310
14 79 50 65 2 0 0 0.00 M M 2.6 9 150 M M 0 13 160
15 80 59 70 8 0 5 0.00 M M 3.0 16 240 M M 6 1 19 240
16 68 50 59 -3 6 0 0.00 M M 9.0 20 290 M M 2 1 25 290
17 66 38 52 -9 13 0 0.00 M M 3.9 12 340 M M 0 19 110
18 70 48 59 -2 6 0 0.00 M M 4.1 9 160 M M 2 16 110
19 75 53 64 3 1 0 0.00 M M 2.3 8 70 M M 1 12 60
20 78 54 66 6 0 1 0.00 M M 2.3 7 120 M M 0 12 90
21 81 60 71 11 0 6 0.00 M M 2.6 8 90 M M 3 13 140
22 80 63 72 12 0 7 0.00 M M 2.9 9 120 M M 3 1 16 100
23 82 61 72 12 0 7 0.00 M M 1.6 10 150 M M 2 14 150
24 78 61 70 11 0 5 2.82 0.0 M 1.8 14 350 M M 7 123 17 350
25 74 65 70 11 0 5 0.14 0.0 M 2.4 8 340 M M 10 1 10 360
26 68 62 65 6 0 0 0.00 M M 2.0 7 30 M M 10 1 12 60
27 70 63 67 9 0 2 0.00 0.0 M 1.1 6 130 M M 9 1 9 120
28 74 67 71 13 0 6 0.16 M M 3.5 13 140 M M 10 1 20 140
29 81 49 65 7 0 0 0.97 M M 15.9 32 180 M M 7 1 47 160
30 62 45 54 -3 11 0 0.00 M M 10.4 22 310 M M 4 31 310
31 64 42 53 -4 12 0 T M M 4.9 13 80 M M 3 19 50
================================================================================
SM 2321 1699 70 72 8.35 0.0 123.6 M 113
================================================================================
AV 74.9 54.8 4.0 FASTST M M 4 MAX(MPH)
MISC ----> 32 180 47 160
================================================================================
NOTES:
# LAST OF SEVERAL OCCURRENCES
COLUMN 17 PEAK WIND IN M.P.H.
PRELIMINARY LOCAL CLIMATOLOGICAL DATA (WS FORM: F-6) , PAGE 2
STATION: DEKALB PEACHTREE AIRPORT
MONTH: OCTOBER
YEAR: 2020
LATITUDE: 33 52 N
LONGITUDE: 84 18 W
[TEMPERATURE DATA] [PRECIPITATION DATA] SYMBOLS USED IN COLUMN 16
AVERAGE MONTHLY: 64.8 TOTAL FOR MONTH: 8.35 1 = FOG OR MIST
DPTR FM NORMAL: 2.9 DPTR FM NORMAL: 4.90 2 = FOG REDUCING VISIBILITY
HIGHEST: 84 ON 8 GRTST 24HR 3.78 ON 9-10 TO 1/4 MILE OR LESS
LOWEST: 38 ON 17 3 = THUNDER
SNOW, ICE PELLETS, HAIL 4 = ICE PELLETS
TOTAL MONTH: 0.0 INCH 5 = HAIL
GRTST 24HR 0.0 6 = FREEZING RAIN OR DRIZZLE
GRTST DEPTH: M ON M 7 = DUSTSTORM OR SANDSTORM:
VSBY 1/2 MILE OR LESS
8 = SMOKE OR HAZE
[NO. OF DAYS WITH] [WEATHER - DAYS WITH] 9 = BLOWING SNOW
X = TORNADO
MAX 32 OR BELOW: 0 0.01 INCH OR MORE: 7
MAX 90 OR ABOVE: 0 0.10 INCH OR MORE: 7
MIN 32 OR BELOW: 0 0.50 INCH OR MORE: 3
MIN 0 OR BELOW: 0 1.00 INCH OR MORE: 2
[HDD (BASE 65) ]
TOTAL THIS MO. 70 CLEAR (SCALE 0-3) 19
DPTR FM NORMAL -72 PTCLDY (SCALE 4-7) 6
TOTAL FM JUL 1 89 CLOUDY (SCALE 8-10) 6
DPTR FM NORMAL -64
[CDD (BASE 65) ]
TOTAL THIS MO. 72
DPTR FM NORMAL 24 [PRESSURE DATA]
TOTAL FM JAN 1 1743 HIGHEST SLP 30.40 ON 31
DPTR FM NORMAL -9 LOWEST SLP 29.44 ON 29
[REMARKS]
#FINAL-10-20#