000
CXUS56 KPDT 020532
CF6PDT
PRELIMINARY LOCAL CLIMATOLOGICAL DATA (WS FORM: F-6)
STATION: PENDLETON OR
MONTH: MARCH
YEAR: 2020
LATITUDE: 45 40 N
LONGITUDE: 118 51 W
TEMPERATURE IN F: :PCPN: SNOW: WIND :SUNSHINE: SKY :PK WND
================================================================================
1 2 3 4 5 6A 6B 7 8 9 10 11 12 13 14 15 16 17 18
12Z AVG MX 2MIN
DY MAX MIN AVG DEP HDD CDD WTR SNW DPTH SPD SPD DIR MIN PSBL S-S WX SPD DR
================================================================================
1 50 27 39 -2 26 0 0.00 0.0 0 8.7 28 260 M M 2 32 250
2 55 36 46 4 19 0 T 0.0 0 16.5 31 260 M M 6 40 270
3 63 43 53 11 12 0 0.00 0.0 0 15.4 28 260 M M 2 37 260
4 56 37 47 5 18 0 T 0.0 0 12.0 26 260 M M 3 33 260
5 61 31 46 4 19 0 0.00 0.0 0 5.8 13 300 M M 0 8 15 300
6 57 38 48 5 17 0 T 0.0 0 4.4 10 290 M M 3 11 240
7 49 33 41 -2 24 0 0.26 0.0 0 9.3 20 280 M M 7 1 25 280
8 51 33 42 -1 23 0 0.00 0.0 0 5.1 10 330 M M 3 15 330
9 54 29 42 -1 23 0 0.00 0.0 0 5.1 13 310 M M 1 16 320
10 63 30 47 3 18 0 0.00 0.0 0 7.3 16 230 M M 1 20 240
11 59 34 47 3 18 0 0.00 0.0 0 15.4 35 260 M M 2 42 250
12 52 29 41 -3 24 0 0.00 0.0 0 5.4 12 150 M M 3 15 270
13 52 29 41 -3 24 0 0.21 1.1 0 7.1 20 330 M M 6 1 23 330
14 33 25 29 -16 36 0 0.09 1.0 2 9.7 18 10 M M 10 1 22 350
15 30 23 27 -18 38 0 0.05 0.4 2 5.8 12 160 M M 10 1 14 150
16 40 23 32 -13 33 0 0.00 0.0 1 4.8 15 190 M M 4 1 16 190
17 53 25 39 -7 26 0 0.00 0.0 0 5.8 10 160 M M 0 16 40
18 56 35 46 0 19 0 0.00 0.0 0 3.7 10 150 M M 5 12 310
19 61 31 46 0 19 0 0.00 0.0 0 6.2 10 350 M M 0 14 360
20 63 33 48 2 17 0 0.00 0.0 0 6.4 14 150 M M 0 15 150
21 62 34 48 2 17 0 0.00 0.0 0 7.5 14 280 M M 0 20 300
22 64 32 48 1 17 0 0.00 0.0 0 5.2 10 280 M M 0 15 270
23 58 38 48 1 17 0 0.00 0.0 0 12.6 30 270 M M 2 36 280
24 54 33 44 -3 21 0 T T 0 7.2 25 230 M M 3 8 33 220
25 51 31 41 -6 24 0 T 0.0 0 9.5 23 270 M M 7 32 270
26 55 31 43 -5 22 0 0.00 0.0 0 13.4 25 250 M M 6 32 260
27 54 35 45 -3 20 0 T 0.0 0 10.7 23 260 M M 8 27 250
28 58 41 50 2 15 0 0.13 0.0 0 7.2 15 220 M M 10 1 22 190
29 61 43 52 4 13 0 0.04 0.0 0 11.4 26 260 M M 7 1 34 260
30 57 40 49 1 16 0 0.09 0.0 0 12.3 32 290 M M 9 1 44 270
31 52 37 45 -3 20 0 0.02 0.0 0 15.8 32 270 M M 6 40 250
================================================================================
SM 1684 1019 655 0 0.89 2.5 272.7 M 126
================================================================================
AV 54.3 32.9 8.8 FASTST M M 4 MAX(MPH)
MISC ----> # 35 260 # 44 270
================================================================================
NOTES:
# LAST OF SEVERAL OCCURRENCES
COLUMN 17 PEAK WIND IN M.P.H.
PRELIMINARY LOCAL CLIMATOLOGICAL DATA (WS FORM: F-6) , PAGE 2
STATION: PENDLETON OR
MONTH: MARCH
YEAR: 2020
LATITUDE: 45 40 N
LONGITUDE: 118 51 W
[TEMPERATURE DATA] [PRECIPITATION DATA] SYMBOLS USED IN COLUMN 16
AVERAGE MONTHLY: 43.6 TOTAL FOR MONTH: 0.89 1 = FOG OR MIST
DPTR FM NORMAL: -1.5 DPTR FM NORMAL: -0.43 2 = FOG REDUCING VISIBILITY
HIGHEST: 64 ON 22 GRTST 24HR 0.26 ON 7- 7 TO 1/4 MILE OR LESS
LOWEST: 23 ON 16,15 3 = THUNDER
SNOW, ICE PELLETS, HAIL 4 = ICE PELLETS
TOTAL MONTH: 2.5 INCHES 5 = HAIL
GRTST 24HR 1.1 ON 13-13 6 = FREEZING RAIN OR DRIZZLE
GRTST DEPTH: 2 ON 15,14 7 = DUSTSTORM OR SANDSTORM:
VSBY 1/2 MILE OR LESS
8 = SMOKE OR HAZE
[NO. OF DAYS WITH] [WEATHER - DAYS WITH] 9 = BLOWING SNOW
X = TORNADO
MAX 32 OR BELOW: 1 0.01 INCH OR MORE: 8
MAX 90 OR ABOVE: 0 0.10 INCH OR MORE: 3
MIN 32 OR BELOW: 14 0.50 INCH OR MORE: 0
MIN 0 OR BELOW: 0 1.00 INCH OR MORE: 0
[HDD (BASE 65) ]
TOTAL THIS MO. 655 CLEAR (SCALE 0-3) 16
DPTR FM NORMAL 38 PTCLDY (SCALE 4-7) 10
TOTAL FM JUL 1 4339 CLOUDY (SCALE 8-10) 5
DPTR FM NORMAL -177
[CDD (BASE 65) ]
TOTAL THIS MO. 0
DPTR FM NORMAL 0 [PRESSURE DATA]
TOTAL FM JAN 1 0 HIGHEST SLP 30.32 ON 1
DPTR FM NORMAL 0 LOWEST SLP 29.54 ON 13
[REMARKS]
#FINAL-03-20#