000
CXUS54 KMAF 011210
CF6PEQ
PRELIMINARY LOCAL CLIMATOLOGICAL DATA (WS FORM: F-6)
STATION: PECOS MUNICIPAL AIRPORT
MONTH: OCTOBER
YEAR: 2020
LATITUDE: 31 22 N
LONGITUDE: 103 31 W
TEMPERATURE IN F: :PCPN: SNOW: WIND :SUNSHINE: SKY :PK WND
================================================================================
1 2 3 4 5 6A 6B 7 8 9 10 11 12 13 14 15 16 17 18
12Z AVG MX 2MIN
DY MAX MIN AVG DEP HDD CDD WTR SNW DPTH SPD SPD DIR MIN PSBL S-S WX SPD DR
================================================================================
1 89 49 69 M 0 4 M M M 7.2 20 100 M M 0 26 100
2 88 52 70 M 0 5 M M M 6.7 13 60 M M 0 17 110
3 93 51 72 M 0 7 M M M 5.8 10 30 M M 0 9 10
4 83 56 70 M 0 5 M M M 5.4 15 30 M M 0 16 30
5 96 52 74 M 0 9 M M M 4.7 13 220 M M 0 16 220
6 92 53 73 M 0 8 M M M 6.2 15 310 M M 0 8 23 310
7 93 50 72 M 0 7 M M M 6.3 14 90 M M 0 18 110
8 92 55 74 M 0 9 M M M 5.1 12 110 M M 0 M M
9 97 49 73 M 0 8 M M M 3.3 10 100 M M 0 8 M M
10 99 54 77 M 0 12 M M M 7.0 16 240 M M 0 23 240
11 96 54 75 M 0 10 M M M 7.9 18 260 M M 0 23 260
12 81 59 70 M 0 5 M M M 5.9 21 360 M M 0 8 26 360
13 92 48 70 M 0 5 M M M 3.9 9 100 M M 0 M M
14 100 49 75 M 0 10 M M M 6.8 18 250 M M 0 25 280
15 75 58 67 M 0 2 M M M 9.3 17 360 M M 0 8 23 10
16 73 47 60 M 5 0 M M M 7.2 13 90 M M 0 18 100
17 96 43 70 M 0 5 M M M 6.1 17 250 M M 0 22 250
18 95 50 73 M 0 8 M M M 4.2 10 80 M M 0 17 0
19 79 47 63 M 2 0 M M M 5.2 12 60 M M 0 M M
20 94 47 71 M 0 6 M M M 5.0 13 110 M M 0 M M
21 94 51 73 M 0 8 M M M 7.9 21 130 M M 0 8 25 130
22 96 61 79 M 0 14 M M M 7.5 15 130 M M 0 24 250
23 69 47 58 M 7 0 M M M 9.4 25 340 M M 4 29 340
24 78 40 59 M 6 0 M M M 3.8 8 110 M M 0 M M
25 96 51 74 M 0 9 M M M 9.7 21 50 M M 0 30 50
26 51 30 41 M 24 0 M M M 12.7 18 20 M M 10 1 25 20
27 32 28 30 M 35 0 M M M 9.3 13 320 M M 10 1 18 360
28 57 26 42 M 23 0 M M M 10.4 23 260 M M 2 31 260
29 66 34 50 M 15 0 M M M 6.2 15 330 M M 0 21 330
30 75 33 54 M 11 0 M M M 5.0 10 90 M M 0 9 110
31 82 37 60 M 5 0 M M M 2.3 7 250 M M 0 M M
================================================================================
SM 2599 1461 133 156 M M 203.6 M 26
================================================================================
AV 83.8 47.1 6.6 FASTST M M 1 MAX(MPH)
MISC ----> 25 340 31 260
================================================================================
NOTES:
# LAST OF SEVERAL OCCURRENCES
COLUMN 17 PEAK WIND IN M.P.H.
PRELIMINARY LOCAL CLIMATOLOGICAL DATA (WS FORM: F-6) , PAGE 2
STATION: PECOS MUNICIPAL AIRPORT
MONTH: OCTOBER
YEAR: 2020
LATITUDE: 31 22 N
LONGITUDE: 103 31 W
[TEMPERATURE DATA] [PRECIPITATION DATA] SYMBOLS USED IN COLUMN 16
AVERAGE MONTHLY: 65.5 TOTAL FOR MONTH: M 1 = FOG OR MIST
DPTR FM NORMAL: 0.0 DPTR FM NORMAL: M 2 = FOG REDUCING VISIBILITY
HIGHEST: 100 ON 14 GRTST 24HR M ON M TO 1/4 MILE OR LESS
LOWEST: 26 ON 28 3 = THUNDER
SNOW, ICE PELLETS, HAIL 4 = ICE PELLETS
TOTAL MONTH: M 5 = HAIL
GRTST 24HR M ON M 6 = FREEZING RAIN OR DRIZZLE
GRTST DEPTH: M ON M 7 = DUSTSTORM OR SANDSTORM:
VSBY 1/2 MILE OR LESS
8 = SMOKE OR HAZE
[NO. OF DAYS WITH] [WEATHER - DAYS WITH] 9 = BLOWING SNOW
X = TORNADO
MAX 32 OR BELOW: 1 0.01 INCH OR MORE: 0
MAX 90 OR ABOVE: 16 0.10 INCH OR MORE: 0
MIN 32 OR BELOW: 3 0.50 INCH OR MORE: 0
MIN 0 OR BELOW: 0 1.00 INCH OR MORE: 0
[HDD (BASE 65) ]
TOTAL THIS MO. 133 CLEAR (SCALE 0-3) 28
DPTR FM NORMAL M PTCLDY (SCALE 4-7) 1
TOTAL FM JUL 1 163 CLOUDY (SCALE 8-10) 2
DPTR FM NORMAL M
[CDD (BASE 65) ]
TOTAL THIS MO. 156
DPTR FM NORMAL M [PRESSURE DATA]
TOTAL FM JAN 1 3068 HIGHEST SLP M ON M
DPTR FM NORMAL M LOWEST SLP M ON M
[REMARKS]
#FINAL-10-20#